000
CDUS46 KSEW 220121
CLIUIL


CLIMATE REPORT
NATIONAL WEATHER SERVICE SEATTLE WA
620 PM PDT SAT APR 21 2018


...................................

...THE QUILLAYUTE WA AIRPORT CLIMATE SUMMARY FOR APRIL 21 2018...
VALID TODAY AS OF 0500 PM LOCAL TIME.

CLIMATE NORMAL PERIOD 1981 TO 2010
CLIMATE RECORD PERIOD 1966 TO 2018


WEATHER ITEM   OBSERVED TIME   RECORD YEAR NORMAL DEPARTURE LAST
                VALUE   (LST)  VALUE       VALUE  FROM      YEAR
                                                  NORMAL
..................................................................
TEMPERATURE (F)
 TODAY
  MAXIMUM         53    342 PM  75    1982  56     -3       65
  MINIMUM         42    638 AM  28    1985  39      3       39
                                      1975
                                      1971
  AVERAGE         48                        47      1       52

PRECIPITATION (IN)
  TODAY            0.03          1.02 1981   0.26  -0.23     0.00
  MONTH TO DATE   10.27                      5.83   4.44    11.05
  SINCE OCT 1     86.02                     80.62   5.40   114.00
  SINCE JAN 1     47.80                     41.62   6.18    54.07

DEGREE DAYS
 HEATING
  TODAY           17                        18     -1       13
  MONTH TO DATE  392                       396     -4      368
  SINCE MAR 1   1086                      1044     42     1027
  SINCE JUL 1   4731                      4889   -158     4849

 COOLING
  TODAY            0                         0      0        0
  MONTH TO DATE    0                         0      0        0
  SINCE MAR 1      0                         0      0        0
  SINCE JAN 1      0                         0      0        0
..................................................................


WIND (MPH)
  RESULTANT WIND SPEED  10   RESULTANT WIND DIRECTION   W (260)
  HIGHEST WIND SPEED    18   HIGHEST WIND DIRECTION     W (260)
  HIGHEST GUST SPEED    25   HIGHEST GUST DIRECTION     W (250)
  AVERAGE WIND SPEED    10.2


SKY COVER
  AVERAGE SKY COVER 0.8


WEATHER CONDITIONS
 THE FOLLOWING WEATHER WAS RECORDED TODAY.
  LIGHT RAIN
  FOG


RELATIVE HUMIDITY (PERCENT)
 HIGHEST    92           100 AM
 LOWEST     59           200 PM
 AVERAGE    76

..........................................................


THE QUILLAYUTE WA AIRPORT CLIMATE NORMALS FOR TOMORROW
                         NORMAL    RECORD    YEAR
 MAXIMUM TEMPERATURE (F)   56        76      2005
 MINIMUM TEMPERATURE (F)   39        27      1999


SUNRISE AND SUNSET
APRIL 21 2018.........SUNRISE   617 AM PDT   SUNSET   817 PM PDT
APRIL 22 2018.........SUNRISE   616 AM PDT   SUNSET   819 PM PDT


-  INDICATES NEGATIVE NUMBERS.
R  INDICATES RECORD WAS SET OR TIED.
MM INDICATES DATA IS MISSING.
T  INDICATES TRACE AMOUNT.




$$
