000
CDUS43 KUNR 280834
CLIUNR


CLIMATE REPORT
NATIONAL WEATHER SERVICE RAPID CITY SD
233 AM MDT MON MAY 28 2018


...................................

...THE EAST RAPID CITY SD CLIMATE SUMMARY FOR MAY 27 2018...

CLIMATE NORMAL PERIOD 1981 TO 2010
CLIMATE RECORD PERIOD 1888 TO 2018


WEATHER ITEM   OBSERVED RECORD YEAR NORMAL DEPARTURE LAST
                VALUE   VALUE       VALUE  FROM      YEAR
                                           NORMAL
...........................................................
TEMPERATURE (F)
 YESTERDAY
  MAXIMUM         79     99    1969  70      9       70
  MINIMUM         55     33    2008  48      7       49
                               1918
  AVERAGE         67                 59      8       60

PRECIPITATION (IN)
  YESTERDAY        0.77   5.57 1926   0.14   0.63     0.01
  MONTH TO DATE    4.34               3.57   0.77     1.40
  SINCE MAR 1      7.60               6.66   0.94     3.83
  SINCE JAN 1      8.79               7.43   1.36     4.62

SNOWFALL (IN)
  YESTERDAY        0.0    T    2008   0.0    0.0      0.0
  MONTH TO DATE    0.0                2.0   -2.0      0.0
  SINCE MAR 1     34.3               22.6   11.7      6.0
  SINCE JUL 1     66.4               49.3   17.1     39.2
  SNOW DEPTH       0

DEGREE DAYS
 HEATING
  YESTERDAY        0                  7     -7        5
  MONTH TO DATE  183                282    -99      251
  SINCE MAR 1   1890               1794     96     1564
  SINCE JUL 1   6992               6748    244     6160

 COOLING
  YESTERDAY        2                  1      1        0
  MONTH TO DATE   40                 11     29       13
  SINCE MAR 1     40                 12     28       13
  SINCE JAN 1     40                 12     28       13
...........................................................


WIND (MPH)
  HIGHEST GUST SPEED    56   HIGHEST GUST DIRECTION     S (190)



WEATHER CONDITIONS
 THE FOLLOWING WEATHER WAS RECORDED YESTERDAY.
  THUNDERSTORM
  RAIN
  LIGHT RAIN


..........................................................


THE EAST RAPID CITY SD CLIMATE NORMALS FOR TODAY
                         NORMAL    RECORD    YEAR
 MAXIMUM TEMPERATURE (F)   70        96      1934
 MINIMUM TEMPERATURE (F)   49        30      1947


SUNRISE AND SUNSET
MAY 28 2018...........SUNRISE   515 AM MDT   SUNSET   826 PM MDT
MAY 29 2018...........SUNRISE   514 AM MDT   SUNSET   827 PM MDT


-  INDICATES NEGATIVE NUMBERS.
R  INDICATES RECORD WAS SET OR TIED.
MM INDICATES DATA IS MISSING.
T  INDICATES TRACE AMOUNT.




$$
