000
CDUS44 KCRP 242346
CLIVCT

CLIMATE REPORT
NATIONAL WEATHER SERVICE CORPUS CHRISTI TX
645 PM CDT TUE APR 24 2018

...................................

...THE VICTORIA CLIMATE SUMMARY FOR APRIL 24 2018...
VALID TODAY AS OF 645 PM LOCAL TIME.

CLIMATE NORMAL PERIOD 1981 TO 2010
CLIMATE RECORD PERIOD 1893 TO 2018


WEATHER ITEM   OBSERVED TIME   RECORD YEAR NORMAL DEPARTURE LAST
                VALUE   (LST)  VALUE       VALUE  FROM      YEAR
                                                  NORMAL
..................................................................
TEMPERATURE (F)
 TODAY
  MAXIMUM         87    428 PM  92    1955  82      5       81
  MINIMUM         53    532 AM  44    1995  62     -9       50
  AVERAGE         70                        72     -2       66

PRECIPITATION (IN)
  TODAY            0.00          1.25 2004   0.09  -0.09     0.00
  MONTH TO DATE    1.38                      2.15  -0.77     2.78
  SINCE MAR 1      3.33                      4.92  -1.59     7.76
  SINCE JAN 1      5.51                      9.52  -4.01    16.36

SNOWFALL (IN)
  TODAY            0.0
  MONTH TO DATE    0.0
  SINCE MAR 1      0.0
  SINCE JUL 1      2.0
  SNOW DEPTH       0

DEGREE DAYS
 HEATING
  TODAY            0                         0      0        0
  MONTH TO DATE   31                        29      2        2
  SINCE MAR 1     86                       154    -68       36
  SINCE JUL 1   1133                      1247   -114      567

 COOLING
  TODAY            5                         7     -2        1
  MONTH TO DATE  100                       129    -29      181
  SINCE MAR 1    250                       203     47      361
  SINCE JAN 1    340                       241     99      568
..................................................................


WIND (MPH)
  HIGHEST WIND SPEED    12   HIGHEST WIND DIRECTION     S (170)
  HIGHEST GUST SPEED    17   HIGHEST GUST DIRECTION     S (200)


SKY COVER
  POSSIBLE SUNSHINE  MM
  AVERAGE SKY COVER 0.1


WEATHER CONDITIONS
 THE FOLLOWING WEATHER WAS RECORDED TODAY.
  NO SIGNIFICANT WEATHER WAS OBSERVED.


RELATIVE HUMIDITY (PERCENT)
 HIGHEST    93           400 AM
 LOWEST     35           300 PM
 AVERAGE    64

..........................................................


THE VICTORIA CLIMATE NORMALS FOR TOMORROW
                         NORMAL    RECORD    YEAR
 MAXIMUM TEMPERATURE (F)   82        96      1932
 MINIMUM TEMPERATURE (F)   62        45      1910


SUNRISE AND SUNSET
APRIL 24 2018.........SUNRISE   653 AM CDT   SUNSET   759 PM CDT
APRIL 25 2018.........SUNRISE   652 AM CDT   SUNSET   800 PM CDT


-  INDICATES NEGATIVE NUMBERS.
R  INDICATES RECORD WAS SET OR TIED.
MM INDICATES DATA IS MISSING.
T  INDICATES TRACE AMOUNT.




$$
