000
CDUS42 KFFC 210819
CLIVPC


CLIMATE REPORT
NATIONAL WEATHER SERVICE PEACHTREE CITY GA
418 AM EDT MON MAY 21 2018


...................................

...THE CARTERSVILLE CLIMATE SUMMARY FOR MAY 20 2018...

CLIMATE NORMAL PERIOD 1981 TO 2010
CLIMATE RECORD PERIOD 9999 TO 9999


WEATHER ITEM   OBSERVED TIME   RECORD YEAR NORMAL DEPARTURE LAST
                VALUE   (LST)  VALUE       VALUE  FROM      YEAR
                                                  NORMAL
..................................................................
TEMPERATURE (F)
 YESTERDAY
  MAXIMUM         87    446 PM  MM      MM  81      6       90
  MINIMUM         64    607 AM  MM      MM  57      7       63
  AVERAGE         76                        69      7       77

PRECIPITATION (IN)
  YESTERDAY        0.00         MM      MM   0.12  -0.12     2.05
  MONTH TO DATE    0.26                      2.66  -2.40     4.10
  SINCE MAR 1     10.11                     11.29  -1.18    12.11
  SINCE JAN 1     20.13                     20.79  -0.66    20.65

DEGREE DAYS
 COOLING
  YESTERDAY       11                         5      6       12
  MONTH TO DATE  129                        61     68       83
  SINCE MAR 1    135                        86     49      182
  SINCE JAN 1    155                        86     69      182
..................................................................


WIND (MPH)
  RESULTANT WIND SPEED   2   RESULTANT WIND DIRECTION   E (80)
  HIGHEST WIND SPEED    12   HIGHEST WIND DIRECTION     N (20)
  HIGHEST GUST SPEED    16   HIGHEST GUST DIRECTION     E (80)
  AVERAGE WIND SPEED     3.0


SKY COVER
  AVERAGE SKY COVER 0.0


WEATHER CONDITIONS
 THE FOLLOWING WEATHER WAS RECORDED YESTERDAY.
  THUNDERSTORM
  FOG


RELATIVE HUMIDITY (PERCENT)
 HIGHEST   100          1200 AM
 LOWEST     51           200 PM
 AVERAGE    76

..........................................................


THE CARTERSVILLE CLIMATE NORMALS FOR TODAY
                         NORMAL    RECORD    YEAR
 MAXIMUM TEMPERATURE (F)   81        MM        MM
 MINIMUM TEMPERATURE (F)   57        MM        MM


SUNRISE AND SUNSET
MAY 21 2018...........SUNRISE   634 AM EDT   SUNSET   839 PM EDT
MAY 22 2018...........SUNRISE   633 AM EDT   SUNSET   839 PM EDT


-  INDICATES NEGATIVE NUMBERS.
R  INDICATES RECORD WAS SET OR TIED.
MM INDICATES DATA IS MISSING.
T  INDICATES TRACE AMOUNT.




$$
