231
CDUS42 KMLB 240645
CLIVRB


CLIMATE REPORT
NATIONAL WEATHER SERVICE MELBOURNE FL
245 AM EDT TUE APR 24 2018


...................................

...THE VERO BEACH CLIMATE SUMMARY FOR APRIL 23 2018...

CLIMATE NORMAL PERIOD 1981 TO 2010
CLIMATE RECORD PERIOD 1942 TO 2018


WEATHER ITEM   OBSERVED TIME   RECORD YEAR NORMAL DEPARTURE LAST
                VALUE   (LST)  VALUE       VALUE  FROM      YEAR
                                                  NORMAL
..................................................................
TEMPERATURE (F)
 YESTERDAY
  MAXIMUM         84    157 PM  92    1988  81      3       78
  MINIMUM         70   1159 PM  46    1993  62      8       67
  AVERAGE         77                        72      5       73

PRECIPITATION (IN)
  YESTERDAY        0.12          0.90 1997   0.09   0.03     0.08
  MONTH TO DATE    4.55                      2.13   2.42     2.74
  SINCE MAR 1      4.87                      6.25  -1.38     4.36
  SINCE JAN 1      8.08                     11.42  -3.34     6.32

SNOWFALL (IN)
  YESTERDAY        0.0
  MONTH TO DATE    0.0
  SINCE JUL 1      0.0

DEGREE DAYS
 HEATING
  YESTERDAY        0                         0      0        0
  MONTH TO DATE    2                        13    -11        3
  SINCE MAR 1     98                        68     30       42
  SINCE JUL 1    365                       453    -88      185

 COOLING
  YESTERDAY       12                         7      5        8
  MONTH TO DATE  193                       136     57      213
  SINCE MAR 1    285                       265     20      370
  SINCE JAN 1    574                       404    170      571
..................................................................


WIND (MPH)
  HIGHEST WIND SPEED    33   HIGHEST WIND DIRECTION    SE (150)
  HIGHEST GUST SPEED    41   HIGHEST GUST DIRECTION    SE (150)
  AVERAGE WIND SPEED     9.6


SKY COVER
  AVERAGE SKY COVER 0.4


WEATHER CONDITIONS
 THE FOLLOWING WEATHER WAS RECORDED YESTERDAY.
  THUNDERSTORM
  RAIN
  LIGHT RAIN
  FOG


RELATIVE HUMIDITY (PERCENT)
 HIGHEST    93           600 AM
 LOWEST     65          1000 AM
 AVERAGE    79

..........................................................


THE VERO BEACH CLIMATE NORMALS FOR TODAY
                         NORMAL    RECORD    YEAR
 MAXIMUM TEMPERATURE (F)   82        94      1968
 MINIMUM TEMPERATURE (F)   63        50      2012
                                             1998


SUNRISE AND SUNSET
APRIL 24 2018.........SUNRISE   648 AM EDT   SUNSET   752 PM EDT
APRIL 25 2018.........SUNRISE   647 AM EDT   SUNSET   752 PM EDT


-  INDICATES NEGATIVE NUMBERS.
R  INDICATES RECORD WAS SET OR TIED.
MM INDICATES DATA IS MISSING.
T  INDICATES TRACE AMOUNT.




$$
