000
CDUS43 KLBF 232235
CLIVTN


CLIMATE REPORT
NATIONAL WEATHER SERVICE NORTH PLATTE
534 PM CDT MON APR 23 2018


...................................

...THE VALENTINE NE CLIMATE SUMMARY FOR APRIL 23 2018...
VALID TODAY AS OF 0500 PM LOCAL TIME.

CLIMATE NORMAL PERIOD 1981 TO 2010
CLIMATE RECORD PERIOD 1885 TO 2018


WEATHER ITEM   OBSERVED TIME   RECORD YEAR NORMAL DEPARTURE LAST
                VALUE   (LST)  VALUE       VALUE  FROM      YEAR
                                                  NORMAL
..................................................................
TEMPERATURE (F)
 TODAY
  MAXIMUM         71    422 PM  91    1906  63      8       75
  MINIMUM         35    630 AM  12    2013  36     -1       37
  AVERAGE         53                        50      3       56

PRECIPITATION (IN)
  TODAY            0.00          1.02 2010   0.09  -0.09     0.00
  MONTH TO DATE    1.75                      1.59   0.16     1.23
  SINCE MAR 1      3.29                      2.66   0.63     1.99
  SINCE JAN 1      4.56                      3.40   1.16     4.06

SNOWFALL (IN)
  TODAY            0.0           2.5  1937   0.2   -0.2      0.0
  MONTH TO DATE   15.7                       4.0   11.7      0.7
  SINCE MAR 1     25.8                      10.5   15.3      2.7
  SINCE JUL 1     45.5                      32.6   12.9     44.5
  SNOW DEPTH       0

DEGREE DAYS
 HEATING
  TODAY           12                        16     -4        9
  MONTH TO DATE  646                       455    191      306
  SINCE MAR 1   1525                      1348    177     1067
  SINCE JUL 1   6618                      6584     34     5826

 COOLING
  TODAY            0                         0      0        0
  MONTH TO DATE    0                         0      0        2
  SINCE MAR 1      0                         0      0        2
  SINCE JAN 1      0                         0      0        2
..................................................................


WIND (MPH)
  HIGHEST WIND SPEED    21   HIGHEST WIND DIRECTION     S (170)
  HIGHEST GUST SPEED    33   HIGHEST GUST DIRECTION     S (180)
  AVERAGE WIND SPEED     9.2


SKY COVER
  POSSIBLE SUNSHINE  MM
  AVERAGE SKY COVER 0.1


WEATHER CONDITIONS
 THE FOLLOWING WEATHER WAS RECORDED TODAY.
  FOG
  FOG W/VISIBILITY <= 1/4 MILE


RELATIVE HUMIDITY (PERCENT)
 HIGHEST    92           500 AM
 LOWEST     31           200 PM
 AVERAGE    62

..........................................................


THE VALENTINE NE CLIMATE NORMALS FOR TOMORROW
                         NORMAL    RECORD    YEAR
 MAXIMUM TEMPERATURE (F)   64        91      1962
 MINIMUM TEMPERATURE (F)   36        22      2013
                                             1972


SUNRISE AND SUNSET
APRIL 23 2018.........SUNRISE   648 AM CDT   SUNSET   834 PM CDT
APRIL 24 2018.........SUNRISE   646 AM CDT   SUNSET   835 PM CDT


-  INDICATES NEGATIVE NUMBERS.
R  INDICATES RECORD WAS SET OR TIED.
MM INDICATES DATA IS MISSING.
T  INDICATES TRACE AMOUNT.




$$
