000
CDUS46 KLOX 210910
CLIWJF


CLIMATE REPORT
NATIONAL WEATHER SERVICE LOS ANGELES/OXNARD CA
209 AM PDT SAT APR 21 2018


...................................

...THE LANCASTER FOX FIELD CA CLIMATE SUMMARY FOR APRIL 20 2018...

CLIMATE NORMAL PERIOD 1981 TO 2010
CLIMATE RECORD PERIOD 1948 TO 2018


WEATHER ITEM   OBSERVED TIME   RECORD YEAR NORMAL DEPARTURE
                VALUE   (LST)  VALUE       VALUE  FROM
                                                  NORMAL
...............................................................
TEMPERATURE (F)
 YESTERDAY
  MAXIMUM         78    258 PM  97    1950  74      4
  MINIMUM         46    520 AM  31    1966  46      0
  AVERAGE         62                        60      2

PRECIPITATION (IN)
  YESTERDAY        0.00          0.21 2001   0.01  -0.01
  MONTH TO DATE    0.09                      0.27  -0.18
  SINCE OCT 1      2.76                      6.82  -4.06
  SINCE JAN 1      2.74                      4.69  -1.95

SNOWFALL (IN)
  YESTERDAY        0.0           0.0    MM
  MONTH TO DATE    0.0
  SINCE MAR 1      0.0
  SINCE JUL 1      0.0
  SNOW DEPTH       0

DEGREE DAYS
 HEATING
  YESTERDAY        3                               -3
  MONTH TO DATE  102                              -58
  SINCE MAR 1    488                              -40
  SINCE JUL 1   2473                             -348

 COOLING
  YESTERDAY        0                               -1
  MONTH TO DATE   20                                9
  SINCE MAR 1     20                                7
  SINCE JAN 1     20                                7
...............................................................


WIND (MPH)
  HIGHEST WIND SPEED    31   HIGHEST WIND DIRECTION     W (270)
  HIGHEST GUST SPEED    35   HIGHEST GUST DIRECTION     W (260)
  AVERAGE WIND SPEED    11.3




RELATIVE HUMIDITY (PERCENT)
 HIGHEST    58
 LOWEST     13
 AVERAGE    36

..........................................................


THE LANCASTER FOX FIELD CA CLIMATE NORMALS FOR TODAY
                         NORMAL    RECORD    YEAR
 MAXIMUM TEMPERATURE (F)   75        95      2012
 MINIMUM TEMPERATURE (F)   46        32      2002


SUNRISE AND SUNSET
APRIL 21 2018.........SUNRISE   614 AM PDT   SUNSET   730 PM PDT
APRIL 22 2018.........SUNRISE   612 AM PDT   SUNSET   731 PM PDT


-  INDICATES NEGATIVE NUMBERS.
R  INDICATES RECORD WAS SET OR TIED.
MM INDICATES DATA IS MISSING.
T  INDICATES TRACE AMOUNT.




$$
