000
CDUS45 KLKN 230927
CLIWMC


CLIMATE REPORT
NATIONAL WEATHER SERVICE ELKO NV
226 AM PDT MON APR 23 2018


...................................

...THE WINNEMUCCA AIRPORT NV CLIMATE SUMMARY FOR APRIL 22 2018...

CLIMATE NORMAL PERIOD 1981 TO 2010
CLIMATE RECORD PERIOD 1877 TO 2018


WEATHER ITEM   OBSERVED TIME   RECORD YEAR NORMAL DEPARTURE LAST
                VALUE   (LST)  VALUE       VALUE  FROM      YEAR
                                                  NORMAL
..................................................................
TEMPERATURE (F)
 YESTERDAY
  MAXIMUM         73    319 PM  90    2012  64      9       72
  MINIMUM         35    539 AM   8    1968  32      3       38
  AVERAGE         54                        48      6       55

PRECIPITATION (IN)
  YESTERDAY        0.00          1.03 2010   0.03  -0.03     0.00
  MONTH TO DATE    1.62                      0.63   0.99     0.66
  SINCE OCT 1      5.93                      5.47   0.46     9.07
  SINCE JAN 1      4.59                      2.99   1.60     4.53

SNOWFALL (IN)
  YESTERDAY        0.0           4.8  1964   0.0    0.0      0.0
  MONTH TO DATE    1.7                       1.3    0.4       T
  SINCE MAR 1     16.9                       4.5   12.4      2.2
  SINCE JUL 1     28.1                      20.5    7.6     18.3
  SNOW DEPTH       0

DEGREE DAYS
 HEATING
  YESTERDAY       11                        17     -6       10
  MONTH TO DATE  368                       426    -58      416
  SINCE MAR 1   1146                      1165    -19     1042
  SINCE JUL 1   5385                      5754   -369     5481

 COOLING
  YESTERDAY        0                         0      0        0
  MONTH TO DATE    0                         0      0        0
  SINCE MAR 1      0                         0      0        0
  SINCE JAN 1      0                         0      0        0
..................................................................


WIND (MPH)
  HIGHEST WIND SPEED    18   HIGHEST WIND DIRECTION    NW (300)
  HIGHEST GUST SPEED    25   HIGHEST GUST DIRECTION     W (290)
  AVERAGE WIND SPEED     7.3



WEATHER CONDITIONS
 THE FOLLOWING WEATHER WAS RECORDED YESTERDAY.
  NO SIGNIFICANT WEATHER WAS OBSERVED.


RELATIVE HUMIDITY (PERCENT)
 HIGHEST    92           400 AM
 LOWEST     17           500 PM
 AVERAGE    55

..........................................................


THE WINNEMUCCA AIRPORT NV CLIMATE NORMALS FOR TODAY
                         NORMAL    RECORD    YEAR
 MAXIMUM TEMPERATURE (F)   65        90      2012
 MINIMUM TEMPERATURE (F)   32        14      1970


SUNRISE AND SUNSET
APRIL 23 2018.........SUNRISE   600 AM PDT   SUNSET   739 PM PDT
APRIL 24 2018.........SUNRISE   559 AM PDT   SUNSET   740 PM PDT


-  INDICATES NEGATIVE NUMBERS.
R  INDICATES RECORD WAS SET OR TIED.
MM INDICATES DATA IS MISSING.
T  INDICATES TRACE AMOUNT.




$$
