000
CDUS41 KCLE 220527
CLIYNG


CLIMATE REPORT
NATIONAL WEATHER SERVICE CLEVELAND OH
126 AM EDT SUN APR 22 2018


...................................

...THE YOUNGSTOWN OH CLIMATE SUMMARY FOR APRIL 21 2018...

CLIMATE NORMAL PERIOD 1981 TO 2010
CLIMATE RECORD PERIOD 1897 TO 2018


WEATHER ITEM   OBSERVED TIME   RECORD YEAR NORMAL DEPARTURE LAST
                VALUE   (LST)  VALUE       VALUE  FROM      YEAR
                                                  NORMAL
..................................................................
TEMPERATURE (F)
 YESTERDAY
  MAXIMUM         56    446 PM  85    1985  61     -5       63
  MINIMUM         27    551 AM  23    2013  40    -13       46
  AVERAGE         42                        51     -9       55

PRECIPITATION (IN)
  YESTERDAY        0.00                      0.11  -0.11     0.01
  MONTH TO DATE    4.00                      2.40   1.60     2.15
  SINCE MAR 1      8.45                      5.34   3.11     7.19
  SINCE JAN 1     16.66                     10.04   6.62    15.07

SNOWFALL (IN)
  YESTERDAY        0.0                       0.0    0.0      0.0
  MONTH TO DATE    7.6                       2.8    4.8      2.0
  SINCE MAR 1     23.2                      13.7    9.5     22.1
  SINCE JUL 1     81.3                      62.5   18.8     69.5
  SNOW DEPTH       0

DEGREE DAYS
 HEATING
  YESTERDAY       23                        15      8       10
  MONTH TO DATE  498                       384    114      242
  SINCE MAR 1   1474                      1260    214     1112
  SINCE JUL 1   5789                      5908   -119     4896

 COOLING
  YESTERDAY        0                         0      0        0
  MONTH TO DATE    2                         0      2       14
  SINCE MAR 1      2                         1      1       14
  SINCE JAN 1      4                         1      3       14
..................................................................


WIND (MPH)
  HIGHEST WIND SPEED    15   HIGHEST WIND DIRECTION    NW (330)
  HIGHEST GUST SPEED    17   HIGHEST GUST DIRECTION    NW (330)
  AVERAGE WIND SPEED     4.1


SKY COVER
  POSSIBLE SUNSHINE  MM
  AVERAGE SKY COVER 0.6


WEATHER CONDITIONS
 THE FOLLOWING WEATHER WAS RECORDED YESTERDAY.
  NO SIGNIFICANT WEATHER WAS OBSERVED.


RELATIVE HUMIDITY (PERCENT)
 HIGHEST    75           500 AM
 LOWEST     26           500 PM
 AVERAGE    51

..........................................................


THE YOUNGSTOWN OH CLIMATE NORMALS FOR TODAY
                         NORMAL    RECORD    YEAR
 MAXIMUM TEMPERATURE (F)   62        83      1985
 MINIMUM TEMPERATURE (F)   40        20      1975


SUNRISE AND SUNSET
APRIL 22 2018.........SUNRISE   633 AM EDT   SUNSET   810 PM EDT
APRIL 23 2018.........SUNRISE   631 AM EDT   SUNSET   811 PM EDT


-  INDICATES NEGATIVE NUMBERS.
R  INDICATES RECORD WAS SET OR TIED.
MM INDICATES DATA IS MISSING.
T  INDICATES TRACE AMOUNT.




$$
