000
CDUS41 KPBZ 242112
CLIZZV


CLIMATE REPORT
NATIONAL WEATHER SERVICE PITTSBURGH PA
512 PM EDT TUE APR 24 2018


...................................

...THE ZANESVILLE OH CLIMATE SUMMARY FOR APRIL 24 2018...
VALID TODAY AS OF 0500 PM LOCAL TIME.

CLIMATE NORMAL PERIOD 1981 TO 2010
CLIMATE RECORD PERIOD 1895 TO 2018


WEATHER ITEM   OBSERVED TIME   RECORD YEAR NORMAL DEPARTURE LAST
                VALUE   (LST)  VALUE       VALUE  FROM      YEAR
                                                  NORMAL
..................................................................
TEMPERATURE (F)
 TODAY
  MAXIMUM         57   1230 AM  90    1925  66     -9       66
  MINIMUM         50    815 AM  24    2015  42      8       45
  AVERAGE         54                        54      0       56

PRECIPITATION (IN)
  TODAY            1.55          2.86 1970   0.12   1.43     0.00
  MONTH TO DATE    5.78                      2.77   3.01     1.83
  SINCE JUN 1     39.23                     33.00   6.23    30.95
  SINCE JAN 1     16.37                     10.60   5.77    12.33

DEGREE DAYS
 HEATING
  TODAY           11                        11      0        9
  MONTH TO DATE  450                       352     98      222
  SINCE MAR 1   1303                      1105    198      923
  SINCE JUL 1   5252                      5296    -44     4275

 COOLING
  TODAY            0                         0      0        0
  MONTH TO DATE   10                         0     10       16
  SINCE MAR 1     10                         1      9       18
  SINCE JAN 1     15                         1     14       19
..................................................................


WIND (MPH)
  HIGHEST WIND SPEED    13   HIGHEST WIND DIRECTION     E (90)
  HIGHEST GUST SPEED    17   HIGHEST GUST DIRECTION     E (90)
  AVERAGE WIND SPEED     8.8


SKY COVER
  POSSIBLE SUNSHINE  MM
  AVERAGE SKY COVER 0.9


WEATHER CONDITIONS
 THE FOLLOWING WEATHER WAS RECORDED TODAY.
  HEAVY RAIN
  RAIN
  LIGHT RAIN
  FOG


RELATIVE HUMIDITY (PERCENT)
 HIGHEST    93           400 PM
 LOWEST     72           100 AM
 AVERAGE    83

..........................................................


THE ZANESVILLE OH CLIMATE NORMALS FOR TOMORROW
                         NORMAL    RECORD    YEAR
 MAXIMUM TEMPERATURE (F)   67        90      1915
 MINIMUM TEMPERATURE (F)   43        25      1919


SUNRISE AND SUNSET
APRIL 24 2018.........SUNRISE   637 AM EDT   SUNSET   815 PM EDT
APRIL 25 2018.........SUNRISE   636 AM EDT   SUNSET   816 PM EDT


-  INDICATES NEGATIVE NUMBERS.
R  INDICATES RECORD WAS SET OR TIED.
MM INDICATES DATA IS MISSING.
T  INDICATES TRACE AMOUNT.




$$
