000
CXUS52 KMFL 011328
CLMAPF
CLIMATE REPORT
NATIONAL WEATHER SERVICE MIAMI, FL
828 AM EST FRI MAR 01 2024
...................................
...THE NAPLES CLIMATE SUMMARY FOR THE MONTH OF FEBRUARY 2024...
CLIMATE NORMAL PERIOD: 1991 TO 2020
CLIMATE RECORD PERIOD: 1942 TO 2024
WEATHER OBSERVED NORMAL DEPART LAST YEAR`S
VALUE DATE(S) VALUE FROM VALUE DATE(S)
NORMAL
................................................................
TEMPERATURE (F)
RECORD
HIGH 90 02/18/2020
02/19/2019
08/04/1944
LOW 28 02/04/1981
HIGHEST 83 02/29 87 02/22
02/23
02/24
LOWEST 48 02/22 50 02/14
AVG. MAXIMUM 74.7 77.2 -2.5 82.8
AVG. MINIMUM 56.7 57.9 -1.2 64.4
MEAN 65.7 67.5 -1.8 73.6
DAYS MAX >= 90 0 0
DAYS MAX <= 32 0 0
DAYS MIN <= 32 0 0
DAYS MIN <= 0 0 0
PRECIPITATION (INCHES)
RECORD
MAXIMUM 7.99 1983
MINIMUM 0.00 2023
TOTALS 3.32 1.40 1.92 0.00
DAILY AVG. 0.11 NAN NAN 0.00
DAYS >= .01 5 0
DAYS >= .10 4 0
DAYS >= .50 3 0
DAYS >= 1.00 1 0
GREATEST
24 HR. TOTAL 2.18 02/18 TO 02/18 0.00
DEGREE DAYS
HEATING TOTAL 42 47 -5 1
SINCE 7/1 133 200 -67 MM
COOLING TOTAL 71 119 -48 247
SINCE 1/1 176 215 -39 MM
................................................................
WIND (MPH)
AVERAGE WIND SPEED 7.6
HIGHEST WIND SPEED/DIRECTION 25/240 DATE 02/04
HIGHEST GUST SPEED/DIRECTION 39/240 DATE 02/04
SKY COVER
POSSIBLE SUNSHINE (PERCENT) MM
AVERAGE SKY COVER 0.23
NUMBER OF DAYS FAIR 21
NUMBER OF DAYS PC 5
NUMBER OF DAYS CLOUDY 2
AVERAGE RH (PERCENT) 72
WEATHER CONDITIONS. NUMBER OF DAYS WITH
THUNDERSTORM 0 MIXED PRECIP 0
HEAVY RAIN 1 RAIN 3
LIGHT RAIN 3 FREEZING RAIN 0
LT FREEZING RAIN 0 HAIL 0
HEAVY SNOW 0 SNOW 0
LIGHT SNOW 0 SLEET 0
FOG 6 FOG W/VIS <= 1/4 MILE 0
HAZE 3
- INDICATES NEGATIVE NUMBERS.
R INDICATES RECORD WAS SET OR TIED.
MM INDICATES DATA IS MISSING.
T INDICATES TRACE AMOUNT.
$$