000
CXUS51 KOKX 011528 RRA
CLMBDR

CLIMATE REPORT
NATIONAL WEATHER SERVICE NEW YORK NY
1124 AM EDT TUE MAY 1 2018

...................................

...THE BRIDGEPORT CT CLIMATE SUMMARY FOR THE MONTH OF APRIL 2018...

CLIMATE NORMAL PERIOD 1981 TO 2010
CLIMATE RECORD PERIOD 1948 TO 2018

WEATHER         OBSERVED          NORMAL  DEPART  LAST YEAR`S
                 VALUE   DATE(S)  VALUE   FROM    VALUE  DATE(S)
                                          NORMAL
................................................................
TEMPERATURE (F)
RECORD
 HIGH              91   04/28/1990
 LOW               18   04/07/1982
HIGHEST            72   04/13        MM      MM       86  04/29
LOWEST             26   04/11        MM      MM       35  04/09
AVG. MAXIMUM     54.0              57.7    -3.7     62.2
AVG. MINIMUM     37.7              41.0    -3.3     45.8
MEAN             45.8              49.3    -3.5     54.0
DAYS MAX >= 90      0               0.0     0.0        0
DAYS MAX <= 32      0               0.0     0.0        0
DAYS MIN <= 32      7               2.1     4.9        0
DAYS MIN <= 0       0               0.0     0.0        0

PRECIPITATION (INCHES)
RECORD
 MAXIMUM        10.72   1983
 MINIMUM         0.69   1985
TOTALS           4.82              4.13    0.69     4.82
DAILY AVG.       0.16              0.14    0.02     0.16
DAYS >= .01        13              11.0     2.0       13
DAYS >= .10         7               6.9     0.1        7
DAYS >= .50         2               2.2    -0.2        3
DAYS >= 1.00        1               1.0     0.0        2
GREATEST
 24 HR. TOTAL    2.19   04/16 TO 04/16           04/03 TO 04/04
                                                          04/30 TO 04/30EATHER         OBSERVED          NORMAL  DEPART  LAST YEAR`S
                                                          04/30 TO 04/30EATHER         OBSERVED          NORMAL  DEPART  LAST YEAR`S
 STORM TOTAL       MM                                 MM
 (MM/DD(HH))            MM                    04/04(00) TO 04/04(00)
                                                 04/30(00) TO 04/30(00)0EATHER         OBSERVED          NORMAL  DEPART  LAST YEAR`S
                                                 04/30(00) TO 04/30(00)0EATHER         OBSERVED          NORMAL  DEPART  LAST YEAR`S

SNOWFALL (INCHES)
TOTALS            6.0               0.9     5.1      0.0
 LIQUID EQUIV    0.60              0.10    0.50     0.00
SINCE 7/1        45.9              27.6    18.3     40.9
 LIQUID 7/1      4.59              2.80    1.79     4.09
SNOWDEPTH AVG.      0                MM      MM        0
DAYS >= TRACE       2               0.3     1.7        0
DAYS >= 1.0         1               0.3     0.7        0
GREATEST
 SNOW DEPTH         4   04/02                          0  MM
 24 HR TOTAL      6.0R  04/02 TO 04/02           04/30 TO 04/30
                                                          04/30 TO 04/30EATHER         OBSERVED          NORMAL  DEPART  LAST YEAR`S
                                                          04/30 TO 04/30EATHER         OBSERVED          NORMAL  DEPART  LAST YEAR`S
 STORM TOTAL       MM                                 MM
 (MM/DD(HH))            MM                    04/30(00) TO 04/30(00)
                                                 04/30(00) TO 04/30(00)0EATHER         OBSERVED          NORMAL  DEPART  LAST YEAR`S
                                                 04/30(00) TO 04/30(00)0EATHER         OBSERVED          NORMAL  DEPART  LAST YEAR`S

DEGREE_DAYS
HEATING TOTAL     567               471      96      331
 SINCE 7/1       4953              5155    -202     4346
COOLING TOTAL       0                 2      -2        8
 SINCE 1/1          0                 2      -2        8
.................................................................

WIND (MPH)
AVERAGE WIND SPEED              9.7
HIGHEST WIND SPEED/DIRECTION    31/060    DATE  04/16
HIGHEST GUST SPEED/DIRECTION    43/270    DATE  04/04


WEATHER CONDITIONS. NUMBER OF DAYS WITH
THUNDERSTORM              1     MIXED PRECIP               0
HEAVY RAIN                3     RAIN                       7
LIGHT RAIN               15     FREEZING RAIN              0
LT FREEZING RAIN          0     HAIL                       0
HEAVY SNOW                1     SNOW                       1
LIGHT SNOW                2     SLEET                      0
FOG                      15     FOG W/VIS <= 1/4 MILE      6
HAZE                      5

-  INDICATES NEGATIVE NUMBERS.
R  INDICATES RECORD WAS SET OR TIED.
MM INDICATES DATA IS MISSING.
T  INDICATES TRACE AMOUNT.

$$
