000
CXUS56 KSEW 011031
CLMBLI


CLIMATE REPORT
NATIONAL WEATHER SERVICE SEATTLE WA
331 AM PDT SUN APR 1 2018

...................................

...THE BELLINGHAM WA AIRPORT CLIMATE SUMMARY FOR THE MONTH OF MARCH 2018...

CLIMATE NORMAL PERIOD 1981 TO 2010
CLIMATE RECORD PERIOD 1949 TO 2018

WEATHER         OBSERVED          NORMAL  DEPART  LAST YEAR`S
                 VALUE   DATE(S)  VALUE   FROM    VALUE  DATE(S)
                                          NORMAL
................................................................
TEMPERATURE (F)
RECORD
 HIGH              76   03/29/2004
 LOW               10   03/10/1951
HIGHEST            70   03/12        MM      MM       57  03/21
                                                          03/14
LOWEST             28   03/25        MM      MM       33  03/05
                        03/10
AVG. MAXIMUM     52.1              52.2    -0.1     50.5
AVG. MINIMUM     34.6              36.3    -1.7     40.0
MEAN             43.4              44.2    -0.8     45.2
DAYS MAX >= 90      0               0.0     0.0        0
DAYS MAX <= 32      0               0.2    -0.2        0
DAYS MIN <= 32     14               7.4     6.6        0
DAYS MIN <= 0       0               0.0     0.0        0

PRECIPITATION (INCHES)
RECORD
 MAXIMUM         7.02   1950
 MINIMUM         0.76   1965
TOTALS           3.26              3.22    0.04     5.86
DAILY AVG.       0.11              0.10    0.01     0.19
DAYS >= .01        12              17.0    -5.0       30
DAYS >= .10         8               9.6    -1.6       18
DAYS >= .50         3               1.1     1.9        2
DAYS >= 1.00        0               0.1    -0.1        0
GREATEST
 24 HR. TOTAL    0.72   03/22 TO 03/22

DEGREE_DAYS
HEATING TOTAL     663               643      20      606
COOLING TOTAL       0                 0       0        0
 SINCE 1/1          0                 0       0        0
.................................................................

WIND (MPH)
AVERAGE WIND SPEED              6.1
HIGHEST WIND SPEED/DIRECTION    29/150    DATE  03/01
HIGHEST GUST SPEED/DIRECTION    39/140    DATE  03/01

SKY COVER
POSSIBLE SUNSHINE (PERCENT)   MM
AVERAGE SKY COVER           0.50
NUMBER OF DAYS FAIR            9
NUMBER OF DAYS PC             12
NUMBER OF DAYS CLOUDY         10

AVERAGE RH (PERCENT)     76

WEATHER CONDITIONS. NUMBER OF DAYS WITH
THUNDERSTORM              0     MIXED PRECIP               0
HEAVY RAIN                0     RAIN                       4
LIGHT RAIN               18     FREEZING RAIN              0
LT FREEZING RAIN          0     HAIL                       0
HEAVY SNOW                0     SNOW                       0
LIGHT SNOW                1     SLEET                      0
FOG                      13     FOG W/VIS <= 1/4 MILE      1
HAZE                      0

-  INDICATES NEGATIVE NUMBERS.
R  INDICATES RECORD WAS SET OR TIED.
MM INDICATES DATA IS MISSING.
T  INDICATES TRACE AMOUNT.

$$
