000
CXUS56 KBOI 011830
CLMBNO


CLIMATE REPORT
NATIONAL WEATHER SERVICE BOISE ID
1225 PM MDT SUN APR 1 2018

...................................

...THE BURNS OR CLIMATE SUMMARY FOR THE MONTH OF MARCH 2018...

CLIMATE NORMAL PERIOD 1981 TO 2010
CLIMATE RECORD PERIOD 1938 TO 2018

WEATHER         OBSERVED          NORMAL  DEPART
                 VALUE   DATE(S)  VALUE   FROM
                                          NORMAL
................................................
TEMPERATURE (F)
HIGHEST            64   03/30        MM      MM
LOWEST             13   03/24        MM      MM
                        03/05
AVG. MAXIMUM     49.1              49.3    -0.2
AVG. MINIMUM     23.8              25.4    -1.6
MEAN             36.5              37.3    -0.8
DAYS MAX >= 90      0
DAYS MAX <= 32      0
DAYS MIN <= 32     30
DAYS MIN <= 0       0

PRECIPITATION (INCHES)
RECORD
 MAXIMUM         3.66   1983
TOTALS           0.89              1.09   -0.20
DAYS >= .01        13
DAYS >= .10         1
DAYS >= .50         0
DAYS >= 1.00        0
GREATEST
 24 HR. TOTAL    0.47   03/13 TO 03/13

DEGREE_DAYS
HEATING TOTAL     878               857      21
 SINCE 7/1       6151              6385    -234
COOLING TOTAL       0                 0       0
 SINCE 1/1          0                 0       0
.................................................

WIND (MPH)
AVERAGE WIND SPEED              7.2
RESULTANT WIND SPEED/DIRECTION   1/203
HIGHEST WIND SPEED/DIRECTION    47/200    DATE  03/13
HIGHEST GUST SPEED/DIRECTION    55/200    DATE  03/13

AVERAGE RH (PERCENT)     68


-  INDICATES NEGATIVE NUMBERS.
R  INDICATES RECORD WAS SET OR TIED.
MM INDICATES DATA IS MISSING.
T  INDICATES TRACE AMOUNT.

$$
