000
CXUS51 KLWX 020221
CLMBWI

CLIMATE REPORT
NATIONAL WEATHER SERVICE BALTIMORE MD/WASHINGTON DC
1021 PM EDT SUN APR 1 2018

...................................

...THE BALTIMORE MD CLIMATE SUMMARY FOR THE MONTH OF MARCH 2018...

CLIMATE NORMAL PERIOD 1981 TO 2010
CLIMATE RECORD PERIOD 1871 TO 2018

WEATHER         OBSERVED          NORMAL  DEPART  LAST YEAR`S
                 VALUE   DATE(S)  VALUE   FROM    VALUE
                                          NORMAL
.............................................................
TEMPERATURE (F)
RECORD
 HIGH              90   03/29/1945
 LOW                4   03/04/2014
HIGHEST            75   03/30        76      -1
LOWEST             23   03/11        19       4
                        03/10
AVG. MAXIMUM     49.2              53.6    -4.4     53.8
AVG. MINIMUM     31.3              33.5    -2.2     34.1
MEAN             40.2              43.6    -3.4
DAYS MAX >= 90      0               0.0     0.0
DAYS MAX <= 32      0               0.6    -0.6
DAYS MIN <= 32     24              14.2     9.8
DAYS MIN <= 0       0               0.0     0.0

PRECIPITATION (INCHES)
RECORD
 MAXIMUM         8.64   1994
 MINIMUM         0.18   2006
TOTALS           2.25              3.90   -1.65     3.82
DAILY AVG.       0.07              0.13   -0.06
DAYS >= .01        10              10.4    -0.4
DAYS >= .10         5               7.0    -2.0
DAYS >= .50         2               2.5    -0.5
DAYS >= 1.00        0               1.0    -1.0
GREATEST
 24 HR. TOTAL    0.60   03/20 TO 03/20

SNOWFALL (INCHES)
RECORDS
 TOTAL           25.6   1892
TOTALS            6.7               1.9     4.8
SINCE 7/1        15.4              20.1    -4.7
SNOWDEPTH AVG.      0
DAYS >= TRACE      12               1.1    10.9
DAYS >= 1.0         2               0.5     1.5
GREATEST
 SNOW DEPTH         4   03/22
 24 HR TOTAL      4.7

DEGREE_DAYS
HEATING TOTAL     760               666      94      647
 SINCE 7/1       4072              4261    -189     3538
COOLING TOTAL       0                 1      -1        0
 SINCE 1/1          1                 1       0        0
..............................................................

WIND (MPH)
AVERAGE WIND SPEED              9.6
HIGHEST WIND SPEED/DIRECTION    43/300    DATE  03/02
HIGHEST GUST SPEED/DIRECTION    61/300    DATE  03/02

SKY COVER
POSSIBLE SUNSHINE (PERCENT)   MM
AVERAGE SKY COVER           0.60
NUMBER OF DAYS FAIR            8
NUMBER OF DAYS PC             14
NUMBER OF DAYS CLOUDY          9

AVERAGE RH (PERCENT)     62

WEATHER CONDITIONS. NUMBER OF DAYS WITH
THUNDERSTORM              0     MIXED PRECIP               0
HEAVY RAIN                1     RAIN                       3
LIGHT RAIN                9     FREEZING RAIN              1
LT FREEZING RAIN          2     HAIL                       0
HEAVY SNOW                1     SNOW                       4
LIGHT SNOW               12     SLEET                      2
FOG                      12     FOG W/VIS <= 1/4 MILE      1
HAZE                      4

-  INDICATES NEGATIVE NUMBERS.
R  INDICATES RECORD WAS SET OR TIED.
MM INDICATES DATA IS MISSING.
T  INDICATES TRACE AMOUNT.

&&

BALTIMORE MD...BALTIMORE-WASHINGTON INTERNATIONAL THURGOOD
MARSHALL AIRPORT...

THE MONTHLY AVERAGE TEMPERATURE WAS BELOW NORMAL. IT WAS THE COLDEST
MARCH SINCE 2015, WHEN THE AVERAGE TEMPERATURE WAS 39.7 DEGREES.

MONTHLY PRECIPITATION WAS ONLY 58 PERCENT OF NORMAL. IT WAS THE
DRIEST MARCH SINCE 2016, WHEN ONLY 2.10 INCHES OF PRECIPITATION FELL.

MONTHLY SNOWFALL WAS 353 PERCENT OF NORMAL. IT WAS THE SNOWIEST
MARCH SINCE 2015, WHEN 7.7 INCHES OF SNOW FELL.

NO DAILY RECORDS WERE SET DURING MARCH.

CLIMATE RECORDS FOR THE BALTIMORE MD AREA HAVE BEEN KEPT AT
BALTIMORE-WASHINGTON INTERNATIONAL THURGOOD MARSHALL AIRPORT SINCE
1950. ADDITIONAL TEMPERATURE RECORDS OBSERVED DOWNTOWN EXTEND BACK
TO JULY OF 1872. PRECIPITATION RECORDS EXTEND BACK TO JANUARY OF
1871. SNOWFALL RECORDS BEGAN IN MARCH OF 1892.

ALL CLIMATE DATA ARE CONSIDERED PRELIMINARY UNTIL REVIEWED BY THE
NATIONAL CENTERS FOR ENVIRONMENTAL INFORMATION (NCEI).

$$

RCM
