162
CXUS55 KABQ 021528 CCA
CLMCAO

ABQCLMCAO 000
TTAA00 KABQ 011657


CLIMATE REPORT...CORRECTION
NATIONAL WEATHER SERVICE ALBUQUERQUE NM
852 AM MDT WED MAY 2 2018

...................................

...THE CLAYTON  NM CLIMATE SUMMARY FOR THE MONTH OF APRIL 2018...

CLIMATE NORMAL PERIOD 1981 TO 2010
CLIMATE RECORD PERIOD 1896 TO 2018

WEATHER         OBSERVED          NORMAL  DEPART  LAST YEAR`S
                 VALUE   DATE(S)  VALUE   FROM    VALUE  DATE(S)
                                          NORMAL
................................................................
TEMPERATURE (F)
RECORD
 HIGH              92   04/24/2012
 LOW                7   04/04/1920
HIGHEST            85   04/12        MM      MM       85  04/19
                        04/11
LOWEST             17   04/07        MM      MM       25  04/02
AVG. MAXIMUM     65.8              67.0    -1.2     67.0
AVG. MINIMUM     34.2              37.7    -3.5     39.5
MEAN             50.0              52.4    -2.4     53.2
DAYS MAX >= 90      0               0.0     0.0        0
DAYS MAX <= 32      0               0.2    -0.2        0
DAYS MIN <= 32     12               7.1     4.9        8
DAYS MIN <= 0       0               0.0     0.0        0

PRECIPITATION (INCHES)
RECORD
 MAXIMUM           MM   MM
 MINIMUM           MM   MM
TOTALS           1.01              0.94    0.07     3.33
DAILY AVG.       0.03              0.03    0.00     0.11
DAYS >= .01         5               4.7     0.3       10
DAYS >= .10         2               2.3    -0.3        7
DAYS >= .50         1               0.5     0.5        2
DAYS >= 1.00        0               0.2    -0.2        1
GREATEST
 24 HR. TOTAL    0.88   04/20 TO 04/20              1.10

SNOWFALL (INCHES)
RECORDS
 TOTAL             MM   MM
TOTALS              T               1.5    -1.5     13.8
SINCE 7/1         0.8              27.3   -26.5     25.3
SNOWDEPTH AVG.      0                MM      MM        0
DAYS >= 1.0         0               0.4    -0.4        2
GREATEST
 SNOW DEPTH         0   MM                             5  04/29
 24 HR TOTAL        T   04/13 TO 04/13               7.5

DEGREE_DAYS
HEATING TOTAL     449               385      64      357
 SINCE 7/1       4396              4706    -310     3799
COOLING TOTAL       8                 5       3       12
 SINCE 1/1          8                 6       2       20
.................................................................

WIND (MPH)
AVERAGE WIND SPEED              15.3
HIGHEST WIND SPEED/DIRECTION    46/360    DATE  04/26
HIGHEST GUST SPEED/DIRECTION    60/210    DATE  04/12

SKY COVER
AVERAGE SKY COVER           0.20

AVERAGE RH (PERCENT)     48

WEATHER CONDITIONS. NUMBER OF DAYS WITH
THUNDERSTORM              1     MIXED PRECIP            0
HEAVY RAIN                1     RAIN                    0
LIGHT RAIN                4     FREEZING RAIN           0
LT FREEZING RAIN          0     HAIL                    0
HEAVY SNOW                0     SNOW                    0
LIGHT SNOW                1     SLEET                   0
FOG                       5     FOG W/VIS <= 1/4 MILE   2
HAZE                      5

-  INDICATES NEGATIVE NUMBERS.
R  INDICATES RECORD WAS SET OR TIED.
MM INDICATES DATA IS MISSING.
T  INDICATES TRACE AMOUNT.

$$
