000
CXUS51 KALY 010922
CLMDDH


CLIMATE REPORT
NATIONAL WEATHER SERVICE ALBANY NY
520 AM EDT SUN APR 1 2018

...................................

...THE BENNINGTON VT CLIMATE SUMMARY FOR THE MONTH OF MARCH 2018...

CLIMATE NORMAL PERIOD 1981 TO 2010
CLIMATE RECORD PERIOD 9999 TO 9999

WEATHER         OBSERVED          NORMAL  DEPART  LAST YEAR`S
                 VALUE   DATE(S)  VALUE   FROM    VALUE  DATE(S)
                                          NORMAL
................................................................
TEMPERATURE (F)
HIGHEST            54   03/30                         68  03/01
LOWEST              3   03/18                          1  03/12
                                                          03/05
AVG. MAXIMUM     39.7              43.8    -4.1     38.4
AVG. MINIMUM     24.3              22.7     1.6     19.8
MEAN             32.0              33.3    -1.3     29.1
DAYS MAX >= 90      0               0.0     0.0        0
DAYS MAX <= 32      3               4.0    -1.0        9
DAYS MIN <= 32     28              25.8     2.2       25
DAYS MIN <= 0       0               0.6    -0.6        0

PRECIPITATION (INCHES)
TOTALS           1.89              3.15   -1.26     3.11
DAILY AVG.       0.06              0.10   -0.04     0.10
DAYS >= .01        11                                 11
DAYS >= .10         7                                  6
DAYS >= .50         1                                  2
DAYS >= 1.00        0                                  1
GREATEST
 24 HR. TOTAL    0.70   03/02 TO 03/02

DEGREE_DAYS
HEATING TOTAL    1015               984      31     1106
 SINCE 7/1       5842              6235    -393     5641
COOLING TOTAL       0                 0       0        0
 SINCE 1/1          0                 0       0        0

FREEZE DATES
EARLIEST                        10/01
LATEST                          05/10
.................................................................

WIND (MPH)
AVERAGE WIND SPEED              6.5
HIGHEST WIND SPEED/DIRECTION    28/190    DATE  03/31
HIGHEST GUST SPEED/DIRECTION    39/190    DATE  03/31

SKY COVER
AVERAGE SKY COVER           0.60

AVERAGE RH (PERCENT)     64

WEATHER CONDITIONS. NUMBER OF DAYS WITH
THUNDERSTORM              0     MIXED PRECIP               0
HEAVY RAIN                0     RAIN                       0
LIGHT RAIN                6     FREEZING RAIN              0
LT FREEZING RAIN          0     HAIL                       0
HEAVY SNOW                1     SNOW                       4
LIGHT SNOW               13     SLEET                      0
FOG                      11     FOG W/VIS <= 1/4 MILE      3
HAZE                      6

-  INDICATES NEGATIVE NUMBERS.
R  INDICATES RECORD WAS SET OR TIED.
MM INDICATES DATA IS MISSING.
T  INDICATES TRACE AMOUNT.

$$
