000
CXUS54 KHGX 011447
CLMHOU

CLIMATE REPORT
NATIONAL WEATHER SERVICE HOUSTON/GALVESTON TX
940 AM CDT FRI JUN 1 2018

...................................

...THE HOUSTON/HOBBY AIRPORT CLIMATE SUMMARY FOR THE MONTH OF MAY 2018...

CLIMATE NORMAL PERIOD 1981 TO 2010
CLIMATE RECORD PERIOD 1930 TO 2018

WEATHER         OBSERVED          NORMAL  DEPART  LAST YEAR`S
                 VALUE   DATE(S)  VALUE   FROM    VALUE  DATE(S)
                                          NORMAL
................................................................
TEMPERATURE (F)
RECORD
 HIGH             100   05/31/1998
 LOW               44   05/04/1978
HIGHEST            94   05/17        MM      MM       90  05/28
                                                          05/27
LOWEST             64   05/06        MM      MM       53  05/01
AVG. MAXIMUM     88.6              85.4     3.2     85.4
AVG. MINIMUM     70.0              68.7     1.3     67.4
MEAN             79.3              77.0     2.3     76.4
DAYS MAX >= 90     15               4.6    10.4        2
DAYS MAX <= 32      0               0.0     0.0        0
DAYS MIN <= 32      0               0.0     0.0        0
DAYS MIN <= 0       0               0.0     0.0        0

PRECIPITATION (INCHES)
RECORD
 MAXIMUM        14.40   2015
 MINIMUM         0.19   2011
TOTALS           3.60              4.75   -1.15     2.68
DAILY AVG.       0.12              0.15   -0.03     0.09
DAYS >= .01         4               7.3    -3.3        7
DAYS >= .10         4               4.7    -0.7        7
DAYS >= .50         3               2.7     0.3        2
DAYS >= 1.00        1               1.5    -0.5        0

DEGREE_DAYS
HEATING TOTAL       0                 1      -1        0
 SINCE 7/1       1134              1220     -86      541
COOLING TOTAL     448               374      74      358
 SINCE 1/1        793               654     139      934
.................................................................

WIND (MPH)
AVERAGE WIND SPEED              7.4
RESULTANT WIND SPEED/DIRECTION   5/161
HIGHEST WIND SPEED/DIRECTION    33/040    DATE  05/26
HIGHEST GUST SPEED/DIRECTION    45/060    DATE  05/26

SKY COVER
AVERAGE SKY COVER           0.50

AVERAGE RH (PERCENT)     76

WEATHER CONDITIONS. NUMBER OF DAYS WITH
THUNDERSTORM             13     MIXED PRECIP               0
HEAVY RAIN                3     RAIN                       1
LIGHT RAIN                9     FREEZING RAIN              0
LT FREEZING RAIN          0     HAIL                       0
HEAVY SNOW                0     SNOW                       0
LIGHT SNOW                0     SLEET                      0
FOG                      13     FOG W/VIS <= 1/4 MILE      0
HAZE                      1


-  INDICATES NEGATIVE NUMBERS.
R  INDICATES RECORD WAS SET OR TIED.
MM INDICATES DATA IS MISSING.
T  INDICATES TRACE AMOUNT.

$$
