000
CXUS53 KGID 020203
CLMHSI
CLIMATE REPORT
NATIONAL WEATHER SERVICE HASTINGS NE
903 PM CDT MON APR 01 2024
...................................
...THE HASTINGS NE CLIMATE SUMMARY FOR THE MONTH OF MARCH 2024...
CLIMATE NORMAL PERIOD 1991 TO 2020
CLIMATE RECORD PERIOD 1894 TO 2024
WEATHER OBSERVED NORMAL DEPART LAST YEAR`S
VALUE DATE(S) VALUE FROM VALUE DATE(S)
NORMAL
................................................................
TEMPERATURE (F)
RECORD
HIGH 90 03/23/1910
LOW -13 03/11/1948
HIGHEST 73 03/11 78 -5 74 03/30
LOWEST 16 03/18 8 8 10 03/28
AVG. MAXIMUM 54.3 52.8 1.5 48.2
AVG. MINIMUM 29.2 29.0 0.2 25.0
MEAN 41.7 40.9 0.8 36.6
DAYS MAX >= 90 0 0.0 0.0 0
DAYS MAX <= 32 1 2.6 -1.6 2
DAYS MIN <= 32 19 20.7 -1.7 28
DAYS MIN <= 0 0 0.4 -0.4 0
PRECIPITATION (INCHES)
RECORD
MAXIMUM 8.16 2021
MINIMUM T 1936
TOTALS 1.62 1.33 0.29 0.99
DAILY AVG. 0.05 0.04 0.01 0.03
DAYS >= .01 6 7.4 -1.4 6
DAYS >= .10 4 3.2 0.8 4
DAYS >= .50 1 0.8 0.2 1
DAYS >= 1.00 0 0.2 -0.2 0
GREATEST
24 HR. TOTAL 0.74 03/24 TO 03/25
SNOWFALL (INCHES)
RECORDS
TOTAL 28.5 1906
TOTALS 5.3 3.8 1.5 3.6
SINCE 7/1 28.4 26.9 1.5 MM
DAYS >= 1.0 2 1.0 1.0 2
GREATEST
SNOW DEPTH 3 03/09 2 03/26
24 HR TOTAL 3.4 03/08 TO 03/08
DEGREE DAYS
HEATING TOTAL 713 748 -35 876
SINCE 7/1 4790 5259 -469 MM
COOLING TOTAL 0 1 -1 0
SINCE 1/1 0 1 -1 MM
................................................................
WIND (MPH)
AVERAGE WIND SPEED 12.2
HIGHEST WIND SPEED/DIRECTION 40/350 DATE 03/25
HIGHEST GUST SPEED/DIRECTION 60/350 DATE 03/25
SKY COVER
POSSIBLE SUNSHINE (PERCENT) MM
AVERAGE SKY COVER 0.27
NUMBER OF DAYS FAIR 23
NUMBER OF DAYS PC 3
NUMBER OF DAYS CLOUDY 5
AVERAGE RH (PERCENT) 59
WEATHER CONDITIONS. NUMBER OF DAYS WITH
THUNDERSTORM 1 MIXED PRECIP 0
HEAVY RAIN 1 RAIN 2
LIGHT RAIN 6 FREEZING RAIN 1
LT FREEZING RAIN 1 HAIL 0
HEAVY SNOW 1 SNOW 1
LIGHT SNOW 4 SLEET 0
FOG 6 FOG W/VIS <= 1/4 MILE 2
HAZE 3
- INDICATES NEGATIVE NUMBERS.
R INDICATES RECORD WAS SET OR TIED.
MM INDICATES DATA IS MISSING.
T INDICATES TRACE AMOUNT.
$$