000
CXUS53 KARX 021535
CLMLSE
CLIMATE REPORT
NATIONAL WEATHER SERVICE LA CROSSE WI
208 AM CDT MON APR 01 2024
...................................
...THE LA CROSSE WI CLIMATE SUMMARY FOR THE MONTH OF MARCH 2024...
CLIMATE NORMAL PERIOD 1991 TO 2020
CLIMATE RECORD PERIOD 1872 TO 2024
WEATHER OBSERVED NORMAL DEPART LAST YEAR`S
VALUE DATE(S) VALUE FROM VALUE DATE(S)
NORMAL
................................................................
TEMPERATURE (F)
RECORD
HIGH 84 03/29/1986
LOW -28 03/01/1962
HIGHEST 74 03/03 53 03/21
03/24
LOWEST 16 03/23 2 03/14
AVG. MAXIMUM 50.4 45.6 4.8 42.7
AVG. MINIMUM 29.5 26.0 3.5 24.6
MEAN 39.9 35.8 4.1 33.7
DAYS MAX >= 90 0 0.0 0.0 0
DAYS MAX <= 32 0 4.8 -4.8 3
DAYS MIN <= 32 19 23.5 -4.5 28
DAYS MIN <= 0 0 1.0 -1.0 0
PRECIPITATION (INCHES)
RECORD
MAXIMUM 4.23 1876
TOTALS 1.86 2.04 -0.18 3.48
DAYS >= .01 7 9.9 -2.9 12
DAYS >= .10 5 5.0 0.0 6
DAYS >= .50 2 1.2 0.8 1
DAYS >= 1.00 0 0.3 -0.3 1
GREATEST
24 HR. TOTAL 0.64 03/24 TO 03/25 1.67 03/31 TO 03/31
SNOWFALL (INCHES)
RECORDS
TOTAL 33.5 1959
SNOW DEPTH 31 03/07/1959
TOTALS 6.4 7.3 -0.9 12.2
SINCE 7/1 24.9 43.4 -18.5 54.1
SNOWDEPTH AVG. 0.2 1
DAYS >= TRACE 8 4.5 3.5 14
DAYS >= 1.0 2 1.9 0.1 5
GREATEST
SNOW DEPTH 3 03/25 6 03/10
03/12
DEGREE DAYS
HEATING TOTAL 772 906 -134 962
SINCE 7/1 4994 6096 -1102 5977
COOLING TOTAL 0 1 -1 0
SINCE 1/1 0 1 -1 0
................................................................
WIND (MPH)
AVERAGE WIND SPEED 9.4
HIGHEST WIND SPEED/DIRECTION 30/320 DATE 03/16
HIGHEST GUST SPEED/DIRECTION 44/210 DATE 03/03
AVERAGE RH (PERCENT) 55
WEATHER CONDITIONS. NUMBER OF DAYS WITH
THUNDERSTORM 1 MIXED PRECIP 0
HEAVY RAIN 1 RAIN 2
LIGHT RAIN 7 FREEZING RAIN 0
LT FREEZING RAIN 0 HAIL 0
HEAVY SNOW 1 SNOW 1
LIGHT SNOW 8 SLEET 0
FOG 7 FOG W/VIS <= 1/4 MILE 2
HAZE 2
- INDICATES NEGATIVE NUMBERS.
R INDICATES RECORD WAS SET OR TIED.
MM INDICATES DATA IS MISSING.
T INDICATES TRACE AMOUNT.
$$
BOYNE