000
CXUS54 KMOB 012146
CLMMOB


CLIMATE REPORT
NATIONAL WEATHER SERVICE MOBILE AL
430 PM CDT SUN APR 1 2018

...................................

...THE MOBILE CLIMATE SUMMARY FOR THE MONTH OF MARCH 2018...

CLIMATE NORMAL PERIOD 1981 TO 2010
CLIMATE RECORD PERIOD 1842 TO 2018

WEATHER         OBSERVED          NORMAL  DEPART  LAST YEAR`S
                 VALUE   DATE(S)  VALUE   FROM    VALUE  DATE(S)
                                          NORMAL
................................................................
TEMPERATURE (F)
RECORD
 HIGH              91   03/27/1910
 LOW               21   03/14/1993
HIGHEST            82   03/25                         88  03/22
                        03/19
                        03/01
LOWEST             33   03/15                         34  03/16
                        03/14                             03/15
                        03/08
AVG. MAXIMUM     72.5              71.2     1.3     74.9
AVG. MINIMUM     50.2              49.1     1.1     53.2
MEAN             61.4              60.2     1.2     64.0
DAYS MAX >= 90      0               0.0     0.0        0
DAYS MAX <= 32      0               0.0     0.0        0
DAYS MIN <= 32      0               1.1    -1.1        0
DAYS MIN <= 0       0               0.0     0.0        0

PRECIPITATION (INCHES)
RECORD
 MAXIMUM        20.23   1929
 MINIMUM         0.24   2006
TOTALS           3.71              6.14   -2.43     3.14
DAILY AVG.       0.12              0.20   -0.08     0.10
DAYS >= .01         8               8.6    -0.6        7
DAYS >= .10         5               6.0    -1.0        5
DAYS >= .50         4               3.2     0.8        3
DAYS >= 1.00        1               2.1    -1.1        1
GREATEST
 24 HR. TOTAL    1.32   03/29 TO 03/29

SNOWFALL (INCHES)
RECORDS
 TOTAL              T   2009
TOTALS            0.0               0.1    -0.1      0.0
SINCE 7/1         1.1               0.2     0.9      0.0
SNOWDEPTH AVG.      0                                  0
DAYS >= 1.0         0               0.0     0.0        0
GREATEST
 SNOW DEPTH         0                                  0
 24 HR TOTAL      0.0   03/31 TO 03/31

DEGREE_DAYS
HEATING TOTAL     158               189     -31      119
 SINCE 7/1       1415              1631    -216      890
COOLING TOTAL      55                39      16       95
 SINCE 1/1        162                55     107      170
.................................................................

WIND (MPH)
AVERAGE WIND SPEED              8.3
HIGHEST WIND SPEED/DIRECTION    28/180    DATE  03/29
HIGHEST GUST SPEED/DIRECTION    36/180    DATE  03/29

SKY COVER
POSSIBLE SUNSHINE (PERCENT)
AVERAGE SKY COVER           0.50
NUMBER OF DAYS FAIR           13
NUMBER OF DAYS PC             11
NUMBER OF DAYS CLOUDY          7

AVERAGE RH (PERCENT)     67

WEATHER CONDITIONS. NUMBER OF DAYS WITH
THUNDERSTORM              2     MIXED PRECIP               0
HEAVY RAIN                0     RAIN                      12
LIGHT RAIN               12     FREEZING RAIN              0
LT FREEZING RAIN          0     HAIL                       0
HEAVY SNOW                0     SNOW                       0
LIGHT SNOW                0     SLEET                      0
FOG                      16     FOG W/VIS <= 1/4 MILE      2
HAZE                     14



-  INDICATES NEGATIVE NUMBERS.
R  INDICATES RECORD WAS SET OR TIED.
MM INDICATES DATA IS MISSING.
T  INDICATES TRACE AMOUNT.

$$
