000
CXUS51 KOKX 011525
CLMNYC

NYCCLMNYC 000
TTAA00 KOKX 011524


CLIMATE REPORT
NATIONAL WEATHER SERVICE NEW YORK NY
1124 AM EDT TUE MAY 1 2018

...................................

...THE CENTRAL PARK NY CLIMATE SUMMARY FOR THE MONTH OF APRIL 2018...

CLIMATE NORMAL PERIOD 1981 TO 2010
CLIMATE RECORD PERIOD 1869 TO 2018

WEATHER         OBSERVED          NORMAL  DEPART  LAST YEAR`S
                 VALUE   DATE(S)  VALUE   FROM    VALUE  DATE(S)
                                          NORMAL
................................................................
TEMPERATURE (F)
RECORD
 HIGH              96   04/17/2002
                        04/18/1976
 LOW               20   04/05/1874
HIGHEST            82   04/13        MM      MM       87  04/16
LOWEST             32   04/09        MM      MM       37  04/01
                        04/08
AVG. MAXIMUM     57.1              61.2    -4.1     64.9
AVG. MINIMUM     41.8              44.8    -3.0     49.4
MEAN             49.4              53.0    -3.6     57.2
DAYS MAX >= 90      0               0.1    -0.1        0
DAYS MAX <= 32      0               0.0     0.0        0
DAYS MIN <= 32      2               0.9     1.1        0
DAYS MIN <= 0       0               0.0     0.0        0

PRECIPITATION (INCHES)
RECORD
 MAXIMUM        14.01   1983
 MINIMUM         0.95   1881
TOTALS           5.78              4.50    1.28     3.84
DAILY AVG.       0.19              0.15    0.04     0.13
DAYS >= .01        14              11.5     2.5       10
DAYS >= .10         9               6.9     2.1        7
DAYS >= .50         3               2.6     0.4        3
DAYS >= 1.00        1               1.2    -0.2        1
GREATEST
 24 HR. TOTAL    2.82   04/16 TO 04/16           04/25 TO 04/26
                                                          04/01 TO 04/02EATHER         OBSERVED          NORMAL  DEPART  LAST YEAR`S
                                                          04/02 TO 04/03EATHER         OBSERVED          NORMAL  DEPART  LAST YEAR`S
 STORM TOTAL       MM                                 MM
 (MM/DD(HH))            MM                    04/26(00) TO 04/26(00)
                                                 04/02(00) TO 04/02(00)3EATHER         OBSERVED          NORMAL  DEPART  LAST YEAR`S
                                                 04/03(00) TO 04/03(00)3EATHER         OBSERVED          NORMAL  DEPART  LAST YEAR`S

SNOWFALL (INCHES)
TOTALS            5.5               0.6     4.9      0.0
 LIQUID EQUIV    0.55              0.10    0.45     0.00
SINCE 7/1        40.9              25.8    15.1     30.2
 LIQUID 7/1      4.09              2.60    1.49     3.02
SNOWDEPTH AVG.      0                MM      MM        0
DAYS >= TRACE       1               0.3     0.7        0
DAYS >= 1.0         1               0.1     0.9        0
GREATEST
 SNOW DEPTH         5   04/02                          0  MM
 24 HR TOTAL      5.5   04/02 TO 04/02           04/30 TO 04/30
                                                          04/02 TO 04/02EATHER         OBSERVED          NORMAL  DEPART  LAST YEAR`S
                                                          04/03 TO 04/03EATHER         OBSERVED          NORMAL  DEPART  LAST YEAR`S
 STORM TOTAL       MM                                 MM
 (MM/DD(HH))            MM                    04/30(00) TO 04/30(00)
                                                 04/02(00) TO 04/02(00)3EATHER         OBSERVED          NORMAL  DEPART  LAST YEAR`S
                                                 04/03(00) TO 04/03(00)3EATHER         OBSERVED          NORMAL  DEPART  LAST YEAR`S

DEGREE_DAYS
HEATING TOTAL     466               371      95      261
 SINCE 7/1       4477              4593    -116     4037
COOLING TOTAL       6                11      -5       34
 SINCE 1/1          8                12      -4       34
.................................................................

WIND (MPH)
AVERAGE WIND SPEED              6.2
HIGHEST WIND SPEED/DIRECTION    28/060    DATE  04/16
HIGHEST GUST SPEED/DIRECTION    43/050    DATE  04/16

AVERAGE RH (PERCENT)     56

WEATHER CONDITIONS. NUMBER OF DAYS WITH
THUNDERSTORM              1     MIXED PRECIP               0
HEAVY RAIN                5     RAIN                       6
LIGHT RAIN               16     FREEZING RAIN              0
LT FREEZING RAIN          0     HAIL                       0
HEAVY SNOW                1     SNOW                       1
LIGHT SNOW                1     SLEET                      0
FOG                      15     FOG W/VIS <= 1/4 MILE      1
HAZE                      8

-  INDICATES NEGATIVE NUMBERS.
R  INDICATES RECORD WAS SET OR TIED.
MM INDICATES DATA IS MISSING.
T  INDICATES TRACE AMOUNT.

$$
