000
CXUS56 KOTX 011316
CLMOMK
CLIMATE REPORT
NATIONAL WEATHER SERVICE SPOKANE WA
516 AM PST FRI MAR 01 2024
...................................
...THE OMAK WA AIRPORT CLIMATE SUMMARY FOR THE MONTH OF FEBRUARY 2024...
CLIMATE NORMAL PERIOD 1991 TO 2020
CLIMATE RECORD PERIOD 1909 TO 2024
WEATHER OBSERVED NORMAL DEPART LAST YEAR`S
VALUE DATE(S) VALUE FROM VALUE DATE(S)
NORMAL
................................................................
TEMPERATURE (F)
RECORD
HIGH 63 02/27/1932
02/18/1930
LOW -26 02/01/1950
HIGHEST 62 02/25 MM MM 47 02/20
LOWEST 17 02/17 MM MM 12 02/24
AVG. MAXIMUM 46.0 39.8 6.2 35.5
AVG. MINIMUM 32.1 25.2 6.9 21.1
MEAN 39.1 32.5 6.6 28.3
DAYS MAX >= 90 0 0.0 0.0 0
DAYS MAX <= 32 0 4.4 -4.4 8
DAYS MIN <= 32 13 24.2 -11.2 27
DAYS MIN <= 0 0 0.1 -0.1 0
PRECIPITATION (INCHES)
RECORD
MAXIMUM 3.39 1940
MINIMUM 0.03 2005
TOTALS 0.55 0.91 -0.36 0.32
DAILY AVG. 0.02 NAN NAN 0.01
DAYS >= .01 7 8.0 -1.0 5
DAYS >= .10 3 2.9 0.1 1
DAYS >= .50 0 0.1 -0.1 0
DAYS >= 1.00 0 0.0 0.0 0
GREATEST
24 HR. TOTAL 0.16 02/05 TO 02/06 0.25
DEGREE DAYS
HEATING TOTAL 744 910 -166 1021
SINCE 7/1 4153 4766 -613 MM
COOLING TOTAL 0 0 0 0
SINCE 1/1 0 0 0 MM
................................................................
WIND (MPH)
AVERAGE WIND SPEED 7.6
HIGHEST WIND SPEED/DIRECTION 30/300 DATE 02/26
30/160 02/28
HIGHEST GUST SPEED/DIRECTION 42/290 DATE 02/26
42/150 02/28
SKY COVER
POSSIBLE SUNSHINE (PERCENT) MM
AVERAGE SKY COVER 0.67
NUMBER OF DAYS FAIR 6
NUMBER OF DAYS PC 8
NUMBER OF DAYS CLOUDY 15
AVERAGE RH (PERCENT) 67
WEATHER CONDITIONS. NUMBER OF DAYS WITH
THUNDERSTORM 0 MIXED PRECIP 0
HEAVY RAIN 0 RAIN 0
LIGHT RAIN 7 FREEZING RAIN 0
LT FREEZING RAIN 0 HAIL 0
HEAVY SNOW 0 SNOW 1
LIGHT SNOW 3 SLEET 0
FOG 12 FOG W/VIS <= 1/4 MILE 6
HAZE 1
- INDICATES NEGATIVE NUMBERS.
R INDICATES RECORD WAS SET OR TIED.
MM INDICATES DATA IS MISSING.
T INDICATES TRACE AMOUNT.
$$