000
CXUS55 KPIH 020058
CLMPIH

CLIMATE REPORT
NATIONAL WEATHER SERVICE POCATELLO ID
646 PM MDT TUE MAY 1 2018

...................................

...THE POCATELLO CLIMATE SUMMARY FOR THE MONTH OF APRIL 2018...

CLIMATE NORMAL PERIOD 1981 TO 2010
CLIMATE RECORD PERIOD 1939 TO 2018

WEATHER         OBSERVED          NORMAL  DEPART  LAST YEAR`S
                 VALUE   DATE(S)  VALUE   FROM    VALUE  DATE(S)
                                          NORMAL
................................................................
TEMPERATURE (F)
RECORD
 HIGH              86   04/23/2012
                        04/21/1994
                        04/29/1992
 LOW               12   04/03/1945
HIGHEST            82   04/27        86      -4       69  04/12
                                                          04/06
LOWEST             18   04/03        13       5       23  04/04
AVG. MAXIMUM     60.8              58.3     2.5     56.3
AVG. MINIMUM     35.0              32.9     2.1     33.3
MEAN             47.9              45.6     2.3     44.8
DAYS MAX >= 90      0               0.0     0.0        0
DAYS MAX <= 32      0               0.0     0.0        0
DAYS MIN <= 32     10              12.9    -2.9       14
DAYS MIN <= 0       0               0.0     0.0        0

PRECIPITATION (INCHES)
RECORD
 MAXIMUM         3.30   1963
 MINIMUM         0.06   1977
TOTALS           1.04              1.15   -0.11     2.46
DAILY AVG.       0.03              0.04   -0.01     0.08
DAYS >= .01        10               9.0     1.0       12
DAYS >= .10         4               4.1    -0.1        7
DAYS >= .50         0               0.2    -0.2        1
DAYS >= 1.00        0               0.0     0.0        0
GREATEST
 24 HR. TOTAL    0.32   04/12 TO 04/12              0.64

SNOWFALL (INCHES)
RECORDS
 TOTAL           15.5   1976
TOTALS              T               3.2    -3.2      0.8
SINCE 7/1        30.5              42.6   -12.1     87.6
SNOWDEPTH AVG.      0                MM      MM        0
DAYS >= 1.0         0               1.0    -1.0        0
GREATEST
 SNOW DEPTH         0   MM                            -1  04/28
 24 HR TOTAL        T   04/16 TO 04/16               0.6

DEGREE_DAYS
HEATING TOTAL     506               582     -76      597
 SINCE 7/1       6025              6694    -669     6514
COOLING TOTAL       0                 0       0        0
 SINCE 1/1          0                 0       0        0
.................................................................

WIND (MPH)
AVERAGE WIND SPEED              13.7
HIGHEST WIND SPEED/DIRECTION    51/250    DATE  04/02
HIGHEST GUST SPEED/DIRECTION    59/250    DATE  04/12

SKY COVER
POSSIBLE SUNSHINE (PERCENT)   MM
AVERAGE SKY COVER           0.40
NUMBER OF DAYS FAIR           14
NUMBER OF DAYS PC             11
NUMBER OF DAYS CLOUDY          5

AVERAGE RH (PERCENT)     55

WEATHER CONDITIONS. NUMBER OF DAYS WITH
THUNDERSTORM              1     MIXED PRECIP               0
HEAVY RAIN                2     RAIN                       2
LIGHT RAIN               11     FREEZING RAIN              0
LT FREEZING RAIN          0     HAIL                       0
HEAVY SNOW                0     SNOW                       0
LIGHT SNOW                2     SLEET                      0
FOG                       7     FOG W/VIS <= 1/4 MILE      0
HAZE                      2

-  INDICATES NEGATIVE NUMBERS.
R  INDICATES RECORD WAS SET OR TIED.
MM INDICATES DATA IS MISSING.
T  INDICATES TRACE AMOUNT.
&&

$$
