000
CXUS56 KMTR 011843
CLMSNS


CLIMATE REPORT
NATIONAL WEATHER SERVICE SAN FRANCISCO BAY AREA
1142 AM PDT SUN APR 1 2018

...................................

...THE SALINAS AIRPORT CLIMATE SUMMARY FOR THE MONTH OF MARCH 2018...

CLIMATE NORMAL PERIOD 1981 TO 2010
CLIMATE RECORD PERIOD 1930 TO 2018

WEATHER         OBSERVED          NORMAL  DEPART  LAST YEAR`S
                 VALUE   DATE(S)  VALUE   FROM    VALUE  DATE(S)
                                          NORMAL
................................................................
TEMPERATURE (F)
RECORD
 HIGH              92   03/14/2015
 LOW               27   03/02/1953
                        03/03/1946
                        03/15/1944
HIGHEST            87   03/30                         85  03/13
LOWEST             35   03/05                         36  03/06
                                                          03/01
AVG. MAXIMUM     65.6              64.7     0.9     67.9
AVG. MINIMUM     43.9              44.7    -0.8     46.2
MEAN             54.7              54.7     0.0     57.0
DAYS MAX >= 90      0                                  0
DAYS MAX <= 32      0                                  0
DAYS MIN <= 32      0                                  0
DAYS MIN <= 0       0                                  0

PRECIPITATION (INCHES)
RECORD
 MAXIMUM           MM   MM
 MINIMUM           MM   MM
TOTALS           2.65              2.26    0.39     1.23
DAILY AVG.       0.09                               0.04
DAYS >= .01        15                                  7
DAYS >= .10         6                                  3
DAYS >= .50         2                                  1
DAYS >= 1.00        0                                  0
GREATEST
 24 HR. TOTAL    0.65   03/01 TO 03/01           03/05 TO 03/05
                                                          03/31 TO 03/31EATHER         OBSERVED          NORMAL  DEPART  LAST YEAR`S
                                                          03/31 TO 03/31EATHER         OBSERVED          NORMAL  DEPART  LAST YEAR`S

DEGREE_DAYS
HEATING TOTAL     316               320      -4      239
 SINCE 7/1       1704              2134    -430     2001
COOLING TOTAL       6                 1       5        1
 SINCE 1/1          6                 1       5        1
.................................................................

WIND (MPH)
AVERAGE WIND SPEED              8.2
RESULTANT WIND SPEED/DIRECTION   2/142
HIGHEST WIND SPEED/DIRECTION   9999MM/    DATE  03/20
HIGHEST GUST SPEED/DIRECTION   9999MM     DATE  03/20

SKY COVER
POSSIBLE SUNSHINE (PERCENT)   MM
AVERAGE SKY COVER           0.40
NUMBER OF DAYS FAIR           14
NUMBER OF DAYS PC              8
NUMBER OF DAYS CLOUDY          9

AVERAGE RH (PERCENT)     71

WEATHER CONDITIONS. NUMBER OF DAYS WITH
  0
  8
  0
  0
  0
  0
  3
HAZE                      0

-  INDICATES NEGATIVE NUMBERS.
R  INDICATES RECORD WAS SET OR TIED.
MM INDICATES DATA IS MISSING.
T  INDICATES TRACE AMOUNT.

$$
