000
CXUS51 KPBZ 011432
CLSMGW


CLIMATE REPORT
NATIONAL WEATHER SERVICE PITTSBURGH PA
931 AM EST THU MAR 1 2018

...................................

...THE MORGANTOWN WV CLIMATE SUMMARY FOR THE SEASON, FROM
12/1/2017 TO 2/28/2018...

CLIMATE NORMAL PERIOD 1981 TO 2010
CLIMATE RECORD PERIOD 1872 TO 2018

WEATHER         OBSERVED          NORMAL  DEPART  LAST YEAR`S
                 VALUE   DATE(S)  VALUE   FROM    VALUE  DATE(S)
                                          NORMAL
................................................................
TEMPERATURE (F)
RECORD
 HIGH              80   MM
 LOW               -9   01/29/2014
                        01/28/2014
                        01/28/2014
HIGHEST            78   02/20        MM      MM       MM  MM
LOWEST             -6   01/07        MM      MM       MM  MM
AVG. MAXIMUM     43.5              41.4     2.1       MM
AVG. MINIMUM     26.0              25.5     0.5       MM
MEAN             34.7              33.4     1.3       MM
DAYS MAX >= 90      0               0.0     0.0       MM
DAYS MAX <= 32     23              21.5     1.5       MM
DAYS MIN <= 32     62              65.6    -3.6       MM
DAYS MIN <= 0       4               1.4     2.6       MM

PRECIPITATION (INCHES)
RECORD
 MAXIMUM           MM   MM
 MINIMUM           MM   MM
TOTALS          10.70              8.32    2.38       MM
DAILY AVG.       0.12              0.09    0.03       MM
DAYS >= .01        42              41.2     0.8       MM
DAYS >= .10        21              20.4     0.6       MM
DAYS >= .50         8               5.0     3.0       MM
DAYS >= 1.00        3               0.7     2.3       MM
GREATEST
 24 HR. TOTAL    1.43

DEGREE_DAYS
HEATING TOTAL    2727              2842    -115       MM
 SINCE 7/1       3622              3889    -267       MM
COOLING TOTAL       5                 0       5       MM
 SINCE 1/1          5                 0       5       MM
.................................................................

WIND (MPH)
AVERAGE WIND SPEED              5.3
HIGHEST WIND SPEED/DIRECTION    23/170    DATE  01/11
HIGHEST GUST SPEED/DIRECTION    36/260    DATE  12/14

AVERAGE RH (PERCENT)     67

WEATHER CONDITIONS. NUMBER OF DAYS WITH
THUNDERSTORM              0     MIXED PRECIP               0
HEAVY RAIN                6     RAIN                      13
LIGHT RAIN               30     FREEZING RAIN              0
LT FREEZING RAIN          0     HAIL                       0
HEAVY SNOW                0     SNOW                       7
LIGHT SNOW               35     SLEET                      0
FOG                      47     FOG W/VIS <= 1/4 MILE      3
HAZE                     36

-  INDICATES NEGATIVE NUMBERS.
R  INDICATES RECORD WAS SET OR TIED.
MM INDICATES DATA IS MISSING.
T  INDICATES TRACE AMOUNT.

$$
