000
CXUS53 KGLD 010800
CF6GLD
PRELIMINARY LOCAL CLIMATOLOGICAL DATA (WS FORM: F-6)
STATION: GOODLAND KS
MONTH: APRIL
YEAR: 2023
LATITUDE: 39 22 N
LONGITUDE: 101 42 W
TEMPERATURE IN F: :PCPN: SNOW: WIND :SUNSHINE: SKY :PK WND
================================================================================
1 2 3 4 5 6A 6B 7 8 9 10 11 12 13 14 15 16 17 18
12Z AVG MX 2MIN
DY MAX MIN AVG DEP HDD CDD WTR SNW DPTH SPD SPD DIR MIN PSBL S-S WX SPD DR
================================================================================
1 68 25 47 1 18 0 0.00 0.0 0 16.0 30 180 M M 0 42 180
2 74 33 54 8 11 0 0.00 0.0 0 12.9 25 160 M M 0 34 40
3 67 33 50 3 15 0 0.00 0.0 0 18.1 38 90 M M 1 50 80
4 41 21 31 -16 34 0 0.00 0.0 0 18.0 32 340 M M 6 43 340
5 47 19 33 -14 32 0 0.00 0.0 0 14.9 29 330 M M 1 41 320
6 58 23 41 -6 24 0 0.00 0.0 0 9.3 23 190 M M 3 32 220
7 68 30 49 2 16 0 0.00 0.0 0 21.9 37 180 M M 0 49 180
8 79 38 59 11 6 0 0.00 0.0 0 12.2 23 170 M M 0 39 170
9 74 39 57 9 8 0 0.00 0.0 0 11.8 24 330 M M 0 33 330
10 77 34 56 8 9 0 0.00 0.0 0 6.6 14 180 M M 0 18 190
11 87 50 69 21 0 4 0.00 0.0 0 17.8 30 180 M M 0 41 170
12 93 51 72 24 0 7 0.00 0.0 0 17.9 33 180 M M 0 45 180
13 89 57 73 24 0 8 T 0.0 0 18.5 40 180 M M 1 38 60 180
14 61 33 47 -2 18 0 0.24 T 0 20.9 30 10 M M 6 1 40 350
15 48 31 40 -9 25 0 0.01 T 0 16.8 28 330 M M 6 1 35 340
16 62 26 44 -5 21 0 0.00 0.0 0 9.2 18 310 M M 0 26 300
17 77 32 55 6 10 0 0.00 0.0 0 7.9 15 180 M M 0 19 180
18 85 36 61 11 4 0 0.00 0.0 0 12.3 29 210 M M 0 41 180
19 72 36 54 4 11 0 0.00 0.0 0 18.4 48 330 M M 1 38 64 340
20 56 29 43 -7 22 0 0.00 0.0 0 17.7 32 310 M M 3 54 290
21 56 26 41 -9 24 0 0.00 0.0 0 13.8 29 300 M M 1 39 320
22 51 23 37 -14 28 0 0.00 0.0 0 9.7 22 330 M M 1 32 330
23 61 17 39 -12 26 0 0.00 0.0 0 6.9 15 200 M M 2 22 180
24 62 36 49 -2 16 0 0.00 0.0 0 15.6 29 160 M M 2 36 170
25 51 39 45 -7 20 0 0.13 0.0 0 14.1 21 120 M M 10 1 29 120
26 57 40 49 -3 16 0 0.16 0.0 0 9.1 20 100 M M 9 1 25 90
27 73 35 54 2 11 0 0.02 0.0 0 15.6 47 330 M M 4 1238 59 330
28 55 32 44 -8 21 0 T 0.0 0 19.6 36 350 M M 5 46 360
29 76 31 54 1 11 0 0.00 0.0 M 15.1 35 340 M M 1 47 340
30 66 34 50 -3 15 0 0.00 0.0 M 9.5 21 360 M M 2 28 10
================================================================================
SM 1991 989 472 19 0.56 T 428.1 M 65
================================================================================
AV 66.4 33.0 14.3 FASTST M M 2 MAX(MPH)
MISC ----> 48 330 64 340
================================================================================
NOTES:
# LAST OF SEVERAL OCCURRENCES
COLUMN 17 PEAK WIND IN M.P.H.
PRELIMINARY LOCAL CLIMATOLOGICAL DATA (WS FORM: F-6) , PAGE 2
STATION: GOODLAND KS
MONTH: APRIL
YEAR: 2023
LATITUDE: 39 22 N
LONGITUDE: 101 42 W
[TEMPERATURE DATA] [PRECIPITATION DATA] SYMBOLS USED IN COLUMN 16
AVERAGE MONTHLY: 49.7 TOTAL FOR MONTH: 0.56 1 = FOG OR MIST
DPTR FM NORMAL: 0.4 DPTR FM NORMAL: -1.13 2 = FOG REDUCING VISIBILITY
HIGHEST: 93 ON 12 GRTST 24HR 0.29 ON 25-26 TO 1/4 MILE OR LESS
LOWEST: 17 ON 23 3 = THUNDER
SNOW, ICE PELLETS, HAIL 4 = ICE PELLETS
TOTAL MONTH: T 5 = HAIL
GRTST 24HR T ON 14-14 6 = FREEZING RAIN OR DRIZZLE
GRTST DEPTH: 0 7 = DUSTSTORM OR SANDSTORM:
VSBY 1/2 MILE OR LESS
8 = SMOKE OR HAZE
[NO. OF DAYS WITH] [WEATHER - DAYS WITH] 9 = BLOWING SNOW
X = TORNADO
MAX 32 OR BELOW: 0 0.01 INCH OR MORE: 5
MAX 90 OR ABOVE: 1 0.10 INCH OR MORE: 3
MIN 32 OR BELOW: 14 0.50 INCH OR MORE: 0
MIN 0 OR BELOW: 0 1.00 INCH OR MORE: 0
[HDD (BASE 65) ]
TOTAL THIS MO. 472 CLEAR (SCALE 0-3) 23
DPTR FM NORMAL -2 PTCLDY (SCALE 4-7) 5
TOTAL FM JUL 1 5884 CLOUDY (SCALE 8-10) 2
DPTR FM NORMAL 334
[CDD (BASE 65) ]
TOTAL THIS MO. 19
DPTR FM NORMAL 16 [PRESSURE DATA]
TOTAL FM JAN 1 19 HIGHEST SLP M ON M
DPTR FM NORMAL 16 LOWEST SLP 29.29 ON 13
[REMARKS]
#FINAL-04-23#