000
CXUS53 KGLD 011726
CF6GLD
PRELIMINARY LOCAL CLIMATOLOGICAL DATA (WS FORM: F-6)
STATION: GOODLAND KS
MONTH: JANUARY
YEAR: 2023
LATITUDE: 39 22 N
LONGITUDE: 101 42 W
TEMPERATURE IN F: :PCPN: SNOW: WIND :SUNSHINE: SKY :PK WND
================================================================================
1 2 3 4 5 6A 6B 7 8 9 10 11 12 13 14 15 16 17 18
12Z AVG MX 2MIN
DY MAX MIN AVG DEP HDD CDD WTR SNW DPTH SPD SPD DIR MIN PSBL S-S WX SPD DR
================================================================================
1 36 26 31 1 34 0 0.00 0.0 0 M M M M M 0 M M
2 31 25 28 -2 37 0 0.15 1.6 0 M M M M M 0 M M
3 27 13 20 -10 45 0 0.03 0.5 2 M M M M M 0 M M
4 33 13 23 -7 42 0 0.00 0.0 2 M M M M M 0 M M
5 38 15 27 -3 38 0 0.00 0.0 1 M M M M M 0 M M
6 28 13 21 -9 44 0 0.00 0.0 1 M M M M M 0 M M
7 40 20 30 0 35 0 0.00 0.0 1 M M M M M 0 M M
8 47 22 35 5 30 0 0.00 0.0 T M M M M M 0 M M
9 51 22 37 7 28 0 0.00 0.0 T M M M M M 0 M M
10 50 27 39 9 26 0 0.00 0.0 T M M M M M 0 M M
11 38 26 32 2 33 0 0.03 0.5 0 M M M M M 0 M M
12 41 23 32 2 33 0 0.00 0.0 1 11.0 20 320 M M 0 26 310
13 54 22 38 8 27 0 0.00 0.0 0 7.1 17 210 M M 0 23 210
14 47 26 37 7 28 0 0.00 0.0 0 7.1 16 220 M M 0 21 210
15 42 24 33 3 32 0 0.02 0.2 0 6.9 15 310 M M 0 18 20 320
16 50 24 37 7 28 0 0.00 0.0 T 9.4 22 330 M M 0 12 28 330
17 36 19 28 -2 37 0 0.10 1.9 0 10.7 28 110 M M 0 12 36 110
18 30 21 26 -4 39 0 0.10 2.9 2 19.6 32 340 M M 0 12 43 340
19 31 13 22 -8 43 0 0.00 0.0 5 12.3 23 330 M M 0 1 33 310
20 30 12 21 -9 44 0 0.04 0.8 4 6.9 15 330 M M 3 18 18 320
21 29 16 23 -7 42 0 0.38 5.9 8 15.1 24 340 M M 8 18 30 340
22 30 8 19 -11 46 0 T 0.1 9 8.9 18 310 M M 1 23 320
23 31 9 20 -10 45 0 0.00 0.0 8 7.7 15 160 M M 2 12 19 250
24 30 9 20 -10 45 0 0.00 0.0 7 13.0 21 350 M M 5 12 M M
25 30 17 24 -6 41 0 0.02 0.5 7 14.7 22 320 M M 8 18 27 320
26 34 23 29 -1 36 0 0.00 0.0 7 15.7 24 250 M M 7 8 32 250
27 41 19 30 0 35 0 0.00 0.0 6 13.2 23 290 M M 2 28 290
28 27 6 17 -13 48 0 T 1.0 6 16.0 24 350 M M 7 12 29 30
29 6 0 3 -27 62 0 T 0.5 6 11.5 18 20 M M 10 1 22 20
30 4 -4 0 -30 65 0 T T 7 5.1 12 250 M M 9 8 14 240
31 19 -6 7 -23 58 0 0.00 0.0 6 9.3 13 280 M M 0 15 270
================================================================================
SM 1061 503 1226 0 0.87 16.4 221.2 M 62
================================================================================
AV 34.2 16.2 11.1 FASTST M M 2 MAX(MPH)
MISC ----> 32 340 43 340
================================================================================
NOTES:
# LAST OF SEVERAL OCCURRENCES
COLUMN 17 PEAK WIND IN M.P.H.
PRELIMINARY LOCAL CLIMATOLOGICAL DATA (WS FORM: F-6) , PAGE 2
STATION: GOODLAND KS
MONTH: JANUARY
YEAR: 2023
LATITUDE: 39 22 N
LONGITUDE: 101 42 W
[TEMPERATURE DATA] [PRECIPITATION DATA] SYMBOLS USED IN COLUMN 16
AVERAGE MONTHLY: 25.2 TOTAL FOR MONTH: 0.87 1 = FOG OR MIST
DPTR FM NORMAL: -5.0 DPTR FM NORMAL: 0.55 2 = FOG REDUCING VISIBILITY
HIGHEST: 54 ON 13 GRTST 24HR 0.38 ON 21-21 TO 1/4 MILE OR LESS
LOWEST: -6 ON 31 3 = THUNDER
SNOW, ICE PELLETS, HAIL 4 = ICE PELLETS
TOTAL MONTH: 16.4 INCHES 5 = HAIL
GRTST 24HR 5.9 ON 21-21 6 = FREEZING RAIN OR DRIZZLE
GRTST DEPTH: 9 ON 22 7 = DUSTSTORM OR SANDSTORM:
VSBY 1/2 MILE OR LESS
8 = SMOKE OR HAZE
[NO. OF DAYS WITH] [WEATHER - DAYS WITH] 9 = BLOWING SNOW
X = TORNADO
MAX 32 OR BELOW: 15 0.01 INCH OR MORE: 9
MAX 90 OR ABOVE: 0 0.10 INCH OR MORE: 4
MIN 32 OR BELOW: 31 0.50 INCH OR MORE: 0
MIN 0 OR BELOW: 3 1.00 INCH OR MORE: 0
[HDD (BASE 65) ]
TOTAL THIS MO. 1226 CLEAR (SCALE 0-3) 24
DPTR FM NORMAL 146 PTCLDY (SCALE 4-7) 4
TOTAL FM JUL 1 3591 CLOUDY (SCALE 8-10) 3
DPTR FM NORMAL 156
[CDD (BASE 65) ]
TOTAL THIS MO. 0
DPTR FM NORMAL 0 [PRESSURE DATA]
TOTAL FM JAN 1 0 HIGHEST SLP 30.53 ON 29
DPTR FM NORMAL 0 LOWEST SLP 29.39 ON 15
[REMARKS]
#FINAL-01-23#