000
CXUS53 KGLD 011726
CF6GLD
PRELIMINARY LOCAL CLIMATOLOGICAL DATA (WS FORM: F-6)
STATION: GOODLAND KS
MONTH: DECEMBER
YEAR: 2022
LATITUDE: 39 22 N
LONGITUDE: 101 42 W
TEMPERATURE IN F: :PCPN: SNOW: WIND :SUNSHINE: SKY :PK WND
================================================================================
1 2 3 4 5 6A 6B 7 8 9 10 11 12 13 14 15 16 17 18
12Z AVG MX 2MIN
DY MAX MIN AVG DEP HDD CDD WTR SNW DPTH SPD SPD DIR MIN PSBL S-S WX SPD DR
================================================================================
1 64 19 42 8 23 0 0.00 0.0 0 M M M M M 0 M M
2 69 13 41 7 24 0 0.00 0.0 0 M M M M M 0 M M
3 40 12 26 -7 39 0 0.00 0.0 0 M M M M M 0 M M
4 50 27 39 6 26 0 0.00 0.0 0 M M M M M 0 M M
5 47 18 33 0 32 0 0.00 0.0 0 M M M M M 0 M M
6 52 11 32 0 33 0 0.00 0.0 0 M M M M M 0 M M
7 51 17 34 2 31 0 0.00 0.0 0 M M M M M 0 M M
8 46 15 31 -1 34 0 T 0.0 0 M M M M M 0 16 M M
9 48 16 32 0 33 0 0.00 0.0 0 M M M M M 0 M M
10 48 18 33 2 32 0 0.00 0.0 0 M M M M M 0 M M
11 55 26 41 10 24 0 0.00 0.0 0 M M M M M 0 M M
12 54 25 40 9 25 0 0.00 0.0 0 M M M M M 0 M M
13 45 16 31 0 34 0 0.17 2.7 3 M M M M M 0 M M
14 26 15 21 -10 44 0 0.00 0.0 2 M M M M M 0 M M
15 27 13 20 -10 45 0 0.00 0.0 3 M M M M M 0 M M
16 27 10 19 -11 46 0 0.00 0.0 1 M M M M M 0 M M
17 35 9 22 -8 43 0 0.00 0.0 1 M M M M M 0 M M
18 40 17 29 -1 36 0 0.00 0.0 T M M M M M 0 M M
19 40 2 21 -9 44 0 0.00 0.0 T M M M M M 0 M M
20 26 -2 12 -18 53 0 0.00 0.0 T M M M M M 0 M M
21 40 -11 15 -15 50 0 0.02 0.5 1 M M M M M 0 M M
22 -5 -17 -11 -41 76 0 0.10 2.5 3 M M M M M 0 M M
23 9 -14 -2 -32 67 0 0.00 0.0 2 M M M M M 0 M M
24 33 0 17 -13 48 0 0.00 0.0 2 M M M M M 0 M M
25 54 18 36 6 29 0 0.00 0.0 1 M M M M M 0 M M
26 40 20 30 0 35 0 0.00 0.0 T M M M M M 0 M M
27 69 31 50 20 15 0 0.00 0.0 0 M M M M M 0 M M
28 53 33 43 13 22 0 T 0.0 0 M M M M M 0 M M
29 36 19 28 -2 37 0 0.36 2.7 2 M M M M M 0 M M
30 42 16 29 -1 36 0 0.00 0.0 2 M M M M M 0 M M
31 48 21 35 5 30 0 0.00 0.0 T M M M M M 0 M M
================================================================================
SM 1309 413 1146 0 0.65 8.4 M M 0
================================================================================
AV 42.2 13.3 M FASTST M M 0 MAX(MPH)
MISC ----> M M M M
================================================================================
NOTES:
# LAST OF SEVERAL OCCURRENCES
COLUMN 17 PEAK WIND IN M.P.H.
PRELIMINARY LOCAL CLIMATOLOGICAL DATA (WS FORM: F-6) , PAGE 2
STATION: GOODLAND KS
MONTH: DECEMBER
YEAR: 2022
LATITUDE: 39 22 N
LONGITUDE: 101 42 W
[TEMPERATURE DATA] [PRECIPITATION DATA] SYMBOLS USED IN COLUMN 16
AVERAGE MONTHLY: 27.8 TOTAL FOR MONTH: 0.65 1 = FOG OR MIST
DPTR FM NORMAL: -3.0 DPTR FM NORMAL: 0.18 2 = FOG REDUCING VISIBILITY
HIGHEST: 69 ON 27, 2 GRTST 24HR 0.36 ON 29-29 TO 1/4 MILE OR LESS
LOWEST: -17 ON 22 3 = THUNDER
SNOW, ICE PELLETS, HAIL 4 = ICE PELLETS
TOTAL MONTH: 8.4 INCHES 5 = HAIL
GRTST 24HR 2.7 ON 13-13 6 = FREEZING RAIN OR DRIZZLE
GRTST DEPTH: 3 ON 22,15 7 = DUSTSTORM OR SANDSTORM:
VSBY 1/2 MILE OR LESS
8 = SMOKE OR HAZE
[NO. OF DAYS WITH] [WEATHER - DAYS WITH] 9 = BLOWING SNOW
X = TORNADO
MAX 32 OR BELOW: 6 0.01 INCH OR MORE: 4
MAX 90 OR ABOVE: 0 0.10 INCH OR MORE: 3
MIN 32 OR BELOW: 30 0.50 INCH OR MORE: 0
MIN 0 OR BELOW: 5 1.00 INCH OR MORE: 0
[HDD (BASE 65) ]
TOTAL THIS MO. 1146 CLEAR (SCALE 0-3) 31
DPTR FM NORMAL 86 PTCLDY (SCALE 4-7) 0
TOTAL FM JUL 1 2365 CLOUDY (SCALE 8-10) 0
DPTR FM NORMAL 17
[CDD (BASE 65) ]
TOTAL THIS MO. 0
DPTR FM NORMAL 0 [PRESSURE DATA]
TOTAL FM JAN 1 1352 HIGHEST SLP 9999.00 ON 1
DPTR FM NORMAL 363 LOWEST SLP 9999.00 ON 1
[REMARKS]
#FINAL-12-22#