000
CXUS53 KGLD 010800
CF6GLD
PRELIMINARY LOCAL CLIMATOLOGICAL DATA (WS FORM: F-6)
STATION: GOODLAND KS
MONTH: FEBRUARY
YEAR: 2024
LATITUDE: 39 22 N
LONGITUDE: 101 42 W
TEMPERATURE IN F: :PCPN: SNOW: WIND :SUNSHINE: SKY :PK WND
================================================================================
1 2 3 4 5 6A 6B 7 8 9 10 11 12 13 14 15 16 17 18
12Z AVG MX 2MIN
DY MAX MIN AVG DEP HDD CDD WTR SNW DPTH SPD SPD DIR MIN PSBL S-S WX SPD DR
================================================================================
1 61 28 45 15 20 0 0.00 0.0 M 8.6 17 330 M M 0 25 350
2 54 23 39 9 26 0 0.08 M M 10.4 33 120 M M 4 12 47 120
3 51 39 45 14 20 0 0.87 M M 11.0 23 130 M M 9 12 30 130
4 43 38 41 10 24 0 0.35 M M 12.3 20 20 M M 7 1 25 20
5 53 30 42 11 23 0 0.00 0.0 M 11.3 17 180 M M 0 1 23 170
6 52 33 43 12 22 0 0.00 0.0 M 13.2 25 190 M M 0 1 39 190
7 63 35 49 18 16 0 0.00 0.0 0 21.3 38 190 M M 0 57 200
8 55 30 43 12 22 0 0.00 0.0 0 10.0 24 330 M M 4 34 340
9 49 24 37 6 28 0 0.00 0.0 0 7.6 20 30 M M 4 25 30
10 32 21 27 -4 38 0 T T 0 8.3 16 130 M M 8 12 20 120
11 42 22 32 1 33 0 T T 0 8.3 20 320 M M 6 1 26 310
12 49 20 35 3 30 0 0.00 0.0 0 8.6 15 240 M M 0 20 240
13 55 22 39 7 26 0 0.00 0.0 0 10.0 20 350 M M 0 26 340
14 58 26 42 10 23 0 0.00 0.0 0 13.4 23 10 M M 1 33 10
15 42 23 33 1 32 0 0.03 0.6 1 11.0 26 160 M M 7 1 36 180
16 27 19 23 -9 42 0 0.02 0.4 1 9.5 18 50 M M 10 1 24 40
17 33 9 21 -11 44 0 0.06 0.5 1 11.5 20 290 M M 2 1 26 290
18 55 17 36 3 29 0 0.00 0.0 T 9.7 18 170 M M 0 25 180
19 59 26 43 10 22 0 0.00 0.0 0 10.8 24 340 M M 2 35 320
20 72 29 51 18 14 0 0.00 0.0 0 9.3 17 220 M M 0 22 230
21 67 30 49 15 16 0 0.00 0.0 0 10.0 20 10 M M 0 35 360
22 55 32 44 10 21 0 0.00 0.0 0 13.2 23 360 M M 2 32 350
23 56 28 42 8 23 0 0.00 0.0 0 14.2 24 320 M M 0 33 320
24 68 23 46 12 19 0 0.00 0.0 0 11.5 25 310 M M 0 34 320
25 71 26 49 14 16 0 0.00 0.0 0 7.1 14 290 M M 0 22 270
26 76 38 57 22 8 0 0.00 0.0 0 12.2 31 290 M M 0 42 280
27 49 11 30 -5 35 0 T T 0 15.9 35 360 M M 4 48 10
28 49 10 30 -6 35 0 0.00 0.0 0 13.1 22 230 M M 0 30 240
29 63 26 45 9 20 0 0.00 0.0 0 16.8 24 170 M M 0 34 180
================================================================================
SM 1559 738 727 0 1.41 1.5 330.1 M 70
================================================================================
AV 53.8 25.4 11.4 FASTST M M 2 MAX(MPH)
MISC ----> 38 190 57 200
================================================================================
NOTES:
# LAST OF SEVERAL OCCURRENCES
COLUMN 17 PEAK WIND IN M.P.H.
PRELIMINARY LOCAL CLIMATOLOGICAL DATA (WS FORM: F-6) , PAGE 2
STATION: GOODLAND KS
MONTH: FEBRUARY
YEAR: 2024
LATITUDE: 39 22 N
LONGITUDE: 101 42 W
[TEMPERATURE DATA] [PRECIPITATION DATA] SYMBOLS USED IN COLUMN 16
AVERAGE MONTHLY: 39.6 TOTAL FOR MONTH: 1.41 1 = FOG OR MIST
DPTR FM NORMAL: 7.3 DPTR FM NORMAL: 0.94 2 = FOG REDUCING VISIBILITY
HIGHEST: 76 ON 26 GRTST 24HR 1.06 ON 3- 4 TO 1/4 MILE OR LESS
LOWEST: 9 ON 17 3 = THUNDER
SNOW, ICE PELLETS, HAIL 4 = ICE PELLETS
TOTAL MONTH: 1.5 INCHES 5 = HAIL
GRTST 24HR 0.6 ON 15-15 6 = FREEZING RAIN OR DRIZZLE
GRTST DEPTH: 1 ON 17,16 7 = DUSTSTORM OR SANDSTORM:
VSBY 1/2 MILE OR LESS
8 = SMOKE OR HAZE
[NO. OF DAYS WITH] [WEATHER - DAYS WITH] 9 = BLOWING SNOW
X = TORNADO
MAX 32 OR BELOW: 2 0.01 INCH OR MORE: 6
MAX 90 OR ABOVE: 0 0.10 INCH OR MORE: 2
MIN 32 OR BELOW: 24 0.50 INCH OR MORE: 1
MIN 0 OR BELOW: 0 1.00 INCH OR MORE: 0
[HDD (BASE 65) ]
TOTAL THIS MO. 727 CLEAR (SCALE 0-3) 19
DPTR FM NORMAL -187 PTCLDY (SCALE 4-7) 8
TOTAL FM JUL 1 3982 CLOUDY (SCALE 8-10) 2
DPTR FM NORMAL -420
[CDD (BASE 65) ]
TOTAL THIS MO. 0
DPTR FM NORMAL 0 [PRESSURE DATA]
TOTAL FM JAN 1 0 HIGHEST SLP M ON M
DPTR FM NORMAL 0 LOWEST SLP 29.30 ON 27
[REMARKS]
#FINAL-02-24#