000
CXUS53 KGLD 011355
CF6GLD
PRELIMINARY LOCAL CLIMATOLOGICAL DATA (WS FORM: F-6)
STATION: GOODLAND KS
MONTH: AUGUST
YEAR: 2022
LATITUDE: 39 22 N
LONGITUDE: 101 42 W
TEMPERATURE IN F: :PCPN: SNOW: WIND :SUNSHINE: SKY :PK WND
================================================================================
1 2 3 4 5 6A 6B 7 8 9 10 11 12 13 14 15 16 17 18
12Z AVG MX 2MIN
DY MAX MIN AVG DEP HDD CDD WTR SNW DPTH SPD SPD DIR MIN PSBL S-S WX SPD DR
================================================================================
1 96 71 84 8 0 19 0.00 0.0 0 9.2 16 170 M M 0 8 19 150
2 99 62 81 5 0 16 0.00 0.0 0 7.7 21 330 M M 0 29 290
3 96 64 80 4 0 15 0.00 0.0 0 10.8 22 50 M M 0 32 30
4 95 63 79 3 0 14 0.00 0.0 0 10.6 21 150 M M 0 1 29 160
5 101 66 84 8 0 19 0.00 0.0 0 14.5 25 160 M M 0 37 150
6 94 64 79 4 0 14 0.00 0.0 0 10.0 22 270 M M 0 34 260
7 87 65 76 1 0 11 0.02 0.0 0 9.1 21 10 M M 4 12 27 360
8 81 61 71 -4 0 6 0.04 0.0 0 8.0 20 10 M M 2 27 360
9 93 58 76 1 0 11 0.25 0.0 0 10.5 18 170 M M 1 13 24 170
10 94 60 77 2 0 12 0.00 0.0 0 8.6 17 150 M M 0 25 150
11 95 63 79 4 0 14 0.00 0.0 0 13.3 21 160 M M 0 28 170
12 97 59 78 4 0 13 0.00 0.0 0 12.7 20 190 M M 0 29 160
13 99 67 83 9 0 18 0.00 0.0 0 10.3 18 210 M M 0 28 210
14 101 61 81 7 0 16 0.00 0.0 0 8.4 26 240 M M 1 41 250
15 94 63 79 5 0 14 T 0.0 0 9.2 21 30 M M 1 3 28 30
16 77 62 70 -4 0 5 0.04 0.0 0 8.6 18 230 M M 7 13 24 240
17 82 58 70 -4 0 5 0.00 0.0 0 5.5 15 120 M M 6 12 24 110
18 93 61 77 3 0 12 0.00 0.0 0 7.4 16 190 M M 1 20 200
19 91 60 76 3 0 11 0.00 0.0 0 9.8 20 40 M M 2 27 30
20 84 55 70 -3 0 5 T 0.0 0 6.2 14 130 M M 3 21 70
21 87 56 72 -1 0 7 0.00 0.0 0 9.4 20 160 M M 4 26 170
22 89 57 73 0 0 8 0.00 0.0 0 7.0 16 120 M M 1 23 110
23 91 50 71 -1 0 6 0.00 0.0 0 8.4 17 90 M M 0 25 80
24 93 49 71 -1 0 6 0.00 0.0 0 6.5 16 110 M M 0 8 20 120
25 93 61 77 5 0 12 0.00 0.0 0 11.4 21 150 M M 0 29 170
26 93 61 77 5 0 12 0.01 0.0 0 15.1 30 270 M M 2 3 47 200
27 93 62 78 6 0 13 0.00 0.0 0 10.6 26 170 M M 1 34 170
28 99 62 81 10 0 16 0.00 0.0 0 9.1 31 150 M M 0 50 170
29 89 59 74 3 0 9 0.00 0.0 0 12.4 24 40 M M 0 33 60
30 91 52 72 1 0 7 0.00 0.0 0 6.8 17 120 M M 0 24 110
31 94 63 79 8 0 14 0.22 0.0 0 12.9 45 330 M M 2 38 59 340
================================================================================
SM 2861 1875 0 360 0.58 0.0 300.0 M 38
================================================================================
AV 92.3 60.5 9.7 FASTST M M 1 MAX(MPH)
MISC ----> 45 330 59 340
================================================================================
NOTES:
# LAST OF SEVERAL OCCURRENCES
COLUMN 17 PEAK WIND IN M.P.H.
PRELIMINARY LOCAL CLIMATOLOGICAL DATA (WS FORM: F-6) , PAGE 2
STATION: GOODLAND KS
MONTH: AUGUST
YEAR: 2022
LATITUDE: 39 22 N
LONGITUDE: 101 42 W
[TEMPERATURE DATA] [PRECIPITATION DATA] SYMBOLS USED IN COLUMN 16
AVERAGE MONTHLY: 76.4 TOTAL FOR MONTH: 0.58 1 = FOG OR MIST
DPTR FM NORMAL: 2.8 DPTR FM NORMAL: -2.48 2 = FOG REDUCING VISIBILITY
HIGHEST: 101 ON 14, 5 GRTST 24HR 0.25 ON 9- 9 TO 1/4 MILE OR LESS
LOWEST: 49 ON 24 3 = THUNDER
SNOW, ICE PELLETS, HAIL 4 = ICE PELLETS
TOTAL MONTH: 0.0 INCH 5 = HAIL
GRTST 24HR 0.0 6 = FREEZING RAIN OR DRIZZLE
GRTST DEPTH: 0 7 = DUSTSTORM OR SANDSTORM:
VSBY 1/2 MILE OR LESS
8 = SMOKE OR HAZE
[NO. OF DAYS WITH] [WEATHER - DAYS WITH] 9 = BLOWING SNOW
X = TORNADO
MAX 32 OR BELOW: 0 0.01 INCH OR MORE: 6
MAX 90 OR ABOVE: 23 0.10 INCH OR MORE: 2
MIN 32 OR BELOW: 0 0.50 INCH OR MORE: 0
MIN 0 OR BELOW: 0 1.00 INCH OR MORE: 0
[HDD (BASE 65) ]
TOTAL THIS MO. 0 CLEAR (SCALE 0-3) 27
DPTR FM NORMAL -8 PTCLDY (SCALE 4-7) 4
TOTAL FM JUL 1 0 CLOUDY (SCALE 8-10) 0
DPTR FM NORMAL -7
[CDD (BASE 65) ]
TOTAL THIS MO. 360
DPTR FM NORMAL 84 [PRESSURE DATA]
TOTAL FM JAN 1 1150 HIGHEST SLP 30.19 ON 30
DPTR FM NORMAL 281 LOWEST SLP 29.59 ON 28
[REMARKS]
#FINAL-08-22#