000
CXUS53 KGLD 010800
CF6GLD
PRELIMINARY LOCAL CLIMATOLOGICAL DATA (WS FORM: F-6)
STATION: GOODLAND KS
MONTH: JULY
YEAR: 2022
LATITUDE: 39 22 N
LONGITUDE: 101 42 W
TEMPERATURE IN F: :PCPN: SNOW: WIND :SUNSHINE: SKY :PK WND
================================================================================
1 2 3 4 5 6A 6B 7 8 9 10 11 12 13 14 15 16 17 18
12Z AVG MX 2MIN
DY MAX MIN AVG DEP HDD CDD WTR SNW DPTH SPD SPD DIR MIN PSBL S-S WX SPD DR
================================================================================
1 87 62 75 0 0 10 T 0.0 0 8.8 24 160 M M 4 33 150
2 92 60 76 1 0 11 0.00 0.0 0 9.2 20 120 M M 1 26 110
3 98 61 80 5 0 15 0.10 0.0 0 15.2 30 230 M M 1 13 43 220
4 101 70 86 11 0 21 0.00 0.0 0 12.3 22 180 M M 1 32 120
5 104 66 85 10 0 20 T 0.0 0 11.9 35 300 M M 1 3 44 340
6 88 63 76 0 0 11 0.83 T 0 12.4 28 320 M M 6 135 36 310
7 91 63 77 1 0 12 0.10 0.0 0 8.2 28 350 M M 2 1 39 340
8 93 65 79 3 0 14 0.00 0.0 0 4.4 12 100 M M 1 17 80
9 99 65 82 6 0 17 0.00 0.0 0 12.9 21 180 M M 0 31 180
10 104 70 87 11 0 22 0.00 0.0 0 14.8 25 10 M M 0 34 10
11 88 63 76 0 0 11 0.00 0.0 0 10.7 23 20 M M 0 32 40
12 92 59 76 0 0 11 0.00 0.0 0 12.9 22 170 M M 0 29 170
13 100 63 82 6 0 17 0.00 0.0 0 14.3 26 180 M M 0 38 170
14 104 70 87 11 0 22 0.00 0.0 0 9.1 25 10 M M 0 38 35 10
15 101 74 88 12 0 23 T 0.0 0 12.2 22 90 M M 0 3 31 110
16 97 69 83 7 0 18 T 0.0 0 8.3 29 280 M M 1 3 37 290
17 98 63 81 5 0 16 0.00 0.0 0 8.8 16 40 M M 0 22 60
18 102 66 84 8 0 19 0.00 0.0 0 15.5 24 170 M M 0 37 170
19 102 69 86 10 0 21 0.00 0.0 0 11.6 29 350 M M 0 8 41 340
20 98 61 80 4 0 15 0.00 0.0 0 9.3 23 230 M M 0 33 220
21 99 60 80 4 0 15 0.07 0.0 0 13.1 37 170 M M 1 3 54 180
22 105 66 86 10 0 21 0.00 0.0 0 11.4 22 150 M M 1 27 160
23 107 69 88 12 0 23 0.10 0.0 0 17.1 38 340 M M 1 38 50 330
24 88 59 74 -2 0 9 0.85 0.0 0 11.7 22 110 M M 3 13 36 90
25 84 60 72 -4 0 7 0.06 0.0 0 10.0 17 170 M M 6 1 22 170
26 87 67 77 1 0 12 0.00 0.0 0 10.8 20 160 M M 3 1 25 160
27 88 62 75 -1 0 10 0.39 0.0 0 8.0 36 30 M M 4 123 48 40
28 79 63 71 -5 0 6 0.29 0.0 0 9.6 23 30 M M 6 13 29 20
29 69 62 66 -10 0 1 0.09 0.0 0 11.5 21 170 M M 8 1 25 170
30 75 59 67 -9 0 2 T 0.0 0 11.3 18 170 M M 7 1 25 170
31 92 64 78 2 0 13 0.00 0.0 0 6.3 13 160 M M 3 1 16 190
================================================================================
SM 2912 1993 0 445 2.88 T 343.6 M 61
================================================================================
AV 93.9 64.3 11.1 FASTST M M 2 MAX(MPH)
MISC ----> 38 340 54 180
================================================================================
NOTES:
# LAST OF SEVERAL OCCURRENCES
COLUMN 17 PEAK WIND IN M.P.H.
PRELIMINARY LOCAL CLIMATOLOGICAL DATA (WS FORM: F-6) , PAGE 2
STATION: GOODLAND KS
MONTH: JULY
YEAR: 2022
LATITUDE: 39 22 N
LONGITUDE: 101 42 W
[TEMPERATURE DATA] [PRECIPITATION DATA] SYMBOLS USED IN COLUMN 16
AVERAGE MONTHLY: 79.1 TOTAL FOR MONTH: 2.88 1 = FOG OR MIST
DPTR FM NORMAL: 3.0 DPTR FM NORMAL: -0.20 2 = FOG REDUCING VISIBILITY
HIGHEST: 107 ON 23 GRTST 24HR 0.93 ON 6- 7 TO 1/4 MILE OR LESS
LOWEST: 59 ON 30,24 3 = THUNDER
SNOW, ICE PELLETS, HAIL 4 = ICE PELLETS
TOTAL MONTH: T 5 = HAIL
GRTST 24HR T ON 6- 6 6 = FREEZING RAIN OR DRIZZLE
GRTST DEPTH: 0 7 = DUSTSTORM OR SANDSTORM:
VSBY 1/2 MILE OR LESS
8 = SMOKE OR HAZE
[NO. OF DAYS WITH] [WEATHER - DAYS WITH] 9 = BLOWING SNOW
X = TORNADO
MAX 32 OR BELOW: 0 0.01 INCH OR MORE: 10
MAX 90 OR ABOVE: 21 0.10 INCH OR MORE: 7
MIN 32 OR BELOW: 0 0.50 INCH OR MORE: 2
MIN 0 OR BELOW: 0 1.00 INCH OR MORE: 0
[HDD (BASE 65) ]
TOTAL THIS MO. 0 CLEAR (SCALE 0-3) 23
DPTR FM NORMAL -3 PTCLDY (SCALE 4-7) 8
TOTAL FM JUL 1 0 CLOUDY (SCALE 8-10) 0
DPTR FM NORMAL 0
[CDD (BASE 65) ]
TOTAL THIS MO. 445
DPTR FM NORMAL 99 [PRESSURE DATA]
TOTAL FM JAN 1 790 HIGHEST SLP M ON M
DPTR FM NORMAL 197 LOWEST SLP 29.62 ON 5
[REMARKS]
#FINAL-07-22#