000
CXUS53 KGLD 020044
CF6GLD
PRELIMINARY LOCAL CLIMATOLOGICAL DATA (WS FORM: F-6)
STATION: GOODLAND KS
MONTH: MAY
YEAR: 2022
LATITUDE: 39 22 N
LONGITUDE: 101 42 W
TEMPERATURE IN F: :PCPN: SNOW: WIND :SUNSHINE: SKY :PK WND
================================================================================
1 2 3 4 5 6A 6B 7 8 9 10 11 12 13 14 15 16 17 18
12Z AVG MX 2MIN
DY MAX MIN AVG DEP HDD CDD WTR SNW DPTH SPD SPD DIR MIN PSBL S-S WX SPD DR
================================================================================
1 70 30 50 -4 15 0 0.02 0.0 0 14.3 30 120 M M 2 3 40 120
2 46 33 40 -14 25 0 1.12 T 0 20.1 37 80 M M 10 13 50 70
3 54 36 45 -9 20 0 0.00 0.0 0 12.5 25 120 M M 8 35 130
4 46 42 44 -11 21 0 0.16 0.0 0 10.6 25 120 M M 10 1 32 120
5 62 41 52 -3 13 0 0.11 0.0 0 9.0 23 320 M M 7 1 31 320
6 85 44 65 10 0 0 0.00 0.0 0 11.1 22 190 M M 0 29 190
7 86 50 68 12 0 3 0.00 0.0 0 20.4 36 20 M M 0 50 20
8 81 48 65 9 0 0 0.00 0.0 0 12.4 31 20 M M 1 41 10
9 83 49 66 9 0 1 0.00 0.0 0 16.1 29 300 M M 1 36 280
10 82 43 63 6 2 0 0.00 0.0 0 12.8 24 360 M M 0 31 350
11 97 62 80 23 0 15 0.00 0.0 0 21.3 37 160 M M 0 48 170
12 92 47 70 12 0 5 0.00 0.0 0 19.4 38 240 M M 0 51 240
13 77 38 58 0 7 0 0.00 0.0 0 7.9 22 170 M M 0 29 170
14 83 44 64 5 1 0 0.00 0.0 0 6.9 16 80 M M 2 22 90
15 79 47 63 4 2 0 0.00 0.0 0 11.3 28 350 M M 0 35 10
16 89 49 69 9 0 4 0.00 0.0 0 20.7 35 190 M M 0 48 200
17 93 56 75 15 0 10 0.59 T 0 13.9 32 310 M M 0 35 57 310
18 85 51 68 8 0 3 0.00 0.0 0 M M M M M 0 M M
19 89 45 67 6 0 2 0.00 0.0 0 16.9 39 20 M M 0 8 54 10
20 58 39 49 -12 16 0 0.05 0.0 0 18.4 28 340 M M 7 1 37 340
21 53 34 44 -18 21 0 0.27 T 0 7.1 16 350 M M 6 1 20 340
22 59 43 51 -11 14 0 T 0.0 0 10.4 25 170 M M 7 35 170
23 57 42 50 -12 15 0 0.03 0.0 0 14.6 30 160 M M 7 42 150
24 47 41 44 -19 21 0 0.51 0.0 0 10.6 18 20 M M 10 1 25 30
25 67 43 55 -8 10 0 T 0.0 0 17.2 29 10 M M 5 1 40 360
26 83 39 61 -3 4 0 0.00 0.0 0 7.6 18 360 M M 0 25 360
27 91 51 71 7 0 6 0.00 0.0 0 13.1 23 310 M M 0 33 200
28 96 50 73 9 0 8 0.00 0.0 0 10.1 24 230 M M 0 35 190
29 84 57 71 6 0 6 0.00 0.0 0 13.5 37 340 M M 0 3 49 340
30 75 52 64 -1 1 0 0.07 0.0 0 13.7 37 290 M M 2 13 69 270
31 74 46 60 -6 5 0 T 0.0 0 13.1 23 340 M M 3 30 340
================================================================================
SM 2323 1392 213 63 2.93 T 407.0 M 88
================================================================================
AV 74.9 44.9 13.6 FASTST M M 3 MAX(MPH)
MISC ----> 39 20 69 270
================================================================================
NOTES:
# LAST OF SEVERAL OCCURRENCES
COLUMN 17 PEAK WIND IN M.P.H.
PRELIMINARY LOCAL CLIMATOLOGICAL DATA (WS FORM: F-6) , PAGE 2
STATION: GOODLAND KS
MONTH: MAY
YEAR: 2022
LATITUDE: 39 22 N
LONGITUDE: 101 42 W
[TEMPERATURE DATA] [PRECIPITATION DATA] SYMBOLS USED IN COLUMN 16
AVERAGE MONTHLY: 59.9 TOTAL FOR MONTH: 2.93 1 = FOG OR MIST
DPTR FM NORMAL: 0.3 DPTR FM NORMAL: 0.12 2 = FOG REDUCING VISIBILITY
HIGHEST: 97 ON 11 GRTST 24HR 1.12 ON 1- 2 TO 1/4 MILE OR LESS
LOWEST: 30 ON 1 3 = THUNDER
SNOW, ICE PELLETS, HAIL 4 = ICE PELLETS
TOTAL MONTH: T 5 = HAIL
GRTST 24HR T ON 2- 2 6 = FREEZING RAIN OR DRIZZLE
GRTST DEPTH: 0 7 = DUSTSTORM OR SANDSTORM:
VSBY 1/2 MILE OR LESS
8 = SMOKE OR HAZE
[NO. OF DAYS WITH] [WEATHER - DAYS WITH] 9 = BLOWING SNOW
X = TORNADO
MAX 32 OR BELOW: 0 0.01 INCH OR MORE: 10
MAX 90 OR ABOVE: 5 0.10 INCH OR MORE: 6
MIN 32 OR BELOW: 1 0.50 INCH OR MORE: 3
MIN 0 OR BELOW: 0 1.00 INCH OR MORE: 1
[HDD (BASE 65) ]
TOTAL THIS MO. 213 CLEAR (SCALE 0-3) 21
DPTR FM NORMAL 0 PTCLDY (SCALE 4-7) 7
TOTAL FM JUL 1 5407 CLOUDY (SCALE 8-10) 3
DPTR FM NORMAL -357
[CDD (BASE 65) ]
TOTAL THIS MO. 63
DPTR FM NORMAL 19 [PRESSURE DATA]
TOTAL FM JAN 1 68 HIGHEST SLP 30.37 ON 22
DPTR FM NORMAL 21 LOWEST SLP 29.14 ON 9
[REMARKS]
#FINAL-05-22#