000
CXUS53 KGLD 041428
CF6GLD
PRELIMINARY LOCAL CLIMATOLOGICAL DATA (WS FORM: F-6)
STATION: GOODLAND KS
MONTH: MARCH
YEAR: 2022
LATITUDE: 39 22 N
LONGITUDE: 101 42 W
TEMPERATURE IN F: :PCPN: SNOW: WIND :SUNSHINE: SKY :PK WND
================================================================================
1 2 3 4 5 6A 6B 7 8 9 10 11 12 13 14 15 16 17 18
12Z AVG MX 2MIN
DY MAX MIN AVG DEP HDD CDD WTR SNW DPTH SPD SPD DIR MIN PSBL S-S WX SPD DR
================================================================================
1 73 29 51 15 14 0 0.00 0.0 0 9.4 22 320 M M 0 29 310
2 76 33 55 19 10 0 0.00 0.0 0 8.4 17 340 M M 0 24 330
3 53 21 37 0 28 0 0.00 0.0 0 7.1 17 110 M M 2 128 22 120
4 72 19 46 9 19 0 0.00 0.0 0 8.1 18 250 M M 1 1 25 250
5 44 15 30 -8 35 0 T T 0 17.1 29 340 M M 6 1 38 350
6 25 12 19 -19 46 0 0.10 2.2 0 11.3 21 360 M M 8 18 27 360
7 32 8 20 -18 45 0 0.00 0.0 2 8.7 14 300 M M 2 20 290
8 44 16 30 -9 35 0 0.00 0.0 0 10.5 23 340 M M 4 31 10
9 23 11 17 -22 48 0 0.30 6.0 0 15.1 23 50 M M 10 1 29 40
10 19 8 14 -26 51 0 0.05 1.5 6 6.0 17 300 M M 6 18 22 300
11 31 3 17 -23 48 0 0.00 0.0 3 11.4 18 290 M M 0 24 300
12 59 15 37 -3 28 0 0.00 0.0 2 11.2 18 280 M M 0 26 280
13 67 25 46 5 19 0 0.00 0.0 0 10.3 29 350 M M 0 40 340
14 55 22 39 -2 26 0 0.00 0.0 0 20.4 38 350 M M 3 50 360
15 69 21 45 4 20 0 0.00 0.0 0 13.7 26 180 M M 0 34 170
16 64 25 45 3 20 0 0.00 0.0 0 12.5 30 350 M M 1 37 360
17 45 32 39 -3 26 0 0.13 1.0 0 15.6 32 20 M M 9 1 42 20
18 53 26 40 -2 25 0 0.00 0.0 1 11.3 18 300 M M 1 28 300
19 64 32 48 5 17 0 0.00 0.0 0 11.9 20 280 M M 0 27 240
20 65 37 51 8 14 0 0.00 0.0 0 12.3 22 200 M M 1 28 200
21 52 32 42 -1 23 0 0.20 2.3 0 22.3 35 350 M M 9 1 47 10
22 51 29 40 -4 25 0 0.00 0.0 2 24.8 40 340 M M 3 8 53 10
23 51 23 37 -7 28 0 0.00 0.0 0 19.9 37 350 M M 3 48 10
24 71 22 47 3 18 0 0.00 0.0 0 12.5 31 360 M M 1 42 360
25 57 33 45 1 20 0 0.00 0.0 0 10.3 21 350 M M 1 28 20
26 71 28 50 5 15 0 0.00 0.0 0 12.5 26 110 M M 0 33 110
27 59 24 42 -3 23 0 0.00 0.0 0 14.1 22 160 M M 0 34 160
28 72 28 50 5 15 0 0.00 0.0 0 14.8 23 150 M M 0 31 160
29 62 32 47 1 18 0 0.02 T 0 21.2 40 350 M M 6 1 52 340
30 48 27 38 -8 27 0 0.02 0.6 0 27.6 44 330 M M 6 1 54 330
31 61 20 41 -5 24 0 0.00 0.0 1 10.0 18 320 M M 1 24 320
================================================================================
SM 1688 708 810 0 0.82 13.6 422.3 M 84
================================================================================
AV 54.5 22.8 13.6 FASTST M M 3 MAX(MPH)
MISC ----> 44 330 54 330
================================================================================
NOTES:
# LAST OF SEVERAL OCCURRENCES
COLUMN 17 PEAK WIND IN M.P.H.
PRELIMINARY LOCAL CLIMATOLOGICAL DATA (WS FORM: F-6) , PAGE 2
STATION: GOODLAND KS
MONTH: MARCH
YEAR: 2022
LATITUDE: 39 22 N
LONGITUDE: 101 42 W
[TEMPERATURE DATA] [PRECIPITATION DATA] SYMBOLS USED IN COLUMN 16
AVERAGE MONTHLY: 38.6 TOTAL FOR MONTH: 0.82 1 = FOG OR MIST
DPTR FM NORMAL: -2.8 DPTR FM NORMAL: -0.06 2 = FOG REDUCING VISIBILITY
HIGHEST: 76 ON 2 GRTST 24HR 0.30 ON 9- 9 TO 1/4 MILE OR LESS
LOWEST: 3 ON 11 3 = THUNDER
SNOW, ICE PELLETS, HAIL 4 = ICE PELLETS
TOTAL MONTH: 13.6 INCHES 5 = HAIL
GRTST 24HR 6.0 ON 9- 9 6 = FREEZING RAIN OR DRIZZLE
GRTST DEPTH: 6 ON 10 7 = DUSTSTORM OR SANDSTORM:
VSBY 1/2 MILE OR LESS
8 = SMOKE OR HAZE
[NO. OF DAYS WITH] [WEATHER - DAYS WITH] 9 = BLOWING SNOW
X = TORNADO
MAX 32 OR BELOW: 5 0.01 INCH OR MORE: 7
MAX 90 OR ABOVE: 0 0.10 INCH OR MORE: 4
MIN 32 OR BELOW: 28 0.50 INCH OR MORE: 0
MIN 0 OR BELOW: 0 1.00 INCH OR MORE: 0
[HDD (BASE 65) ]
TOTAL THIS MO. 810 CLEAR (SCALE 0-3) 20
DPTR FM NORMAL 78 PTCLDY (SCALE 4-7) 7
TOTAL FM JUL 1 4720 CLOUDY (SCALE 8-10) 4
DPTR FM NORMAL -357
[CDD (BASE 65) ]
TOTAL THIS MO. 0
DPTR FM NORMAL 0 [PRESSURE DATA]
TOTAL FM JAN 1 0 HIGHEST SLP 30.45 ON 7
DPTR FM NORMAL 0 LOWEST SLP 29.29 ON 29
[REMARKS]
#FINAL-03-22#