000
CXUS53 KGLD 011736
CF6GLD
PRELIMINARY LOCAL CLIMATOLOGICAL DATA (WS FORM: F-6)
STATION: GOODLAND KS
MONTH: DECEMBER
YEAR: 2021
LATITUDE: 39 22 N
LONGITUDE: 101 42 W
TEMPERATURE IN F: :PCPN: SNOW: WIND :SUNSHINE: SKY :PK WND
================================================================================
1 2 3 4 5 6A 6B 7 8 9 10 11 12 13 14 15 16 17 18
12Z AVG MX 2MIN
DY MAX MIN AVG DEP HDD CDD WTR SNW DPTH SPD SPD DIR MIN PSBL S-S WX SPD DR
================================================================================
1 72 30 51 17 14 0 0.00 0.0 0 11.7 18 240 M M 0 24 240
2 76 35 56 22 9 0 0.00 0.0 0 8.5 16 210 M M 0 20 220
3 60 29 45 12 20 0 0.00 0.0 0 10.3 21 30 M M 0 27 30
4 55 24 40 7 25 0 0.00 0.0 0 14.0 23 180 M M 0 30 200
5 64 20 42 9 23 0 0.00 0.0 0 15.0 36 20 M M 1 8 47 30
6 35 10 23 -9 42 0 0.00 0.0 0 12.4 24 190 M M 1 31 180
7 47 21 34 2 31 0 0.00 0.0 0 9.2 16 230 M M 0 21 230
8 59 20 40 8 25 0 0.00 0.0 0 9.7 22 160 M M 0 27 150
9 56 30 43 11 22 0 0.00 0.0 0 10.9 21 110 M M 0 27 110
10 36 21 29 -2 36 0 0.02 T 0 14.6 24 340 M M 5 1 33 340
11 46 13 30 -1 35 0 0.00 0.0 0 13.1 23 230 M M 0 33 220
12 69 19 44 13 21 0 0.00 0.0 0 8.7 21 210 M M 0 29 200
13 62 21 42 11 23 0 0.00 0.0 0 6.6 15 110 M M 0 22 120
14 66 26 46 15 19 0 0.00 0.0 0 10.1 23 240 M M 0 33 230
15 59 20 40 10 25 0 0.03 0.0 0 19.8 58 320 M M 3 18 81 310
16 45 15 30 0 35 0 0.00 0.0 0 15.0 26 180 M M 0 35 170
17 50 17 34 4 31 0 0.00 0.0 0 13.5 26 360 M M 2 35 340
18 37 8 23 -7 42 0 0.00 0.0 0 11.3 18 200 M M 0 27 210
19 61 16 39 9 26 0 0.00 0.0 0 12.4 22 220 M M 0 29 230
20 39 16 28 -2 37 0 0.00 0.0 0 10.6 21 200 M M 0 32 200
21 56 22 39 9 26 0 0.00 0.0 0 12.3 24 210 M M 0 33 210
22 67 20 44 14 21 0 0.00 0.0 0 10.1 20 190 M M 0 26 190
23 62 27 45 15 20 0 0.00 0.0 0 11.7 23 170 M M 0 29 200
24 64 28 46 16 19 0 0.00 0.0 0 10.2 18 320 M M 1 25 240
25 55 21 38 8 27 0 0.00 0.0 0 10.1 18 180 M M 0 24 180
26 65 21 43 13 22 0 0.00 0.0 0 17.8 37 230 M M 0 8 54 230
27 42 15 29 -1 36 0 0.00 0.0 0 13.5 32 160 M M 0 41 150
28 39 9 24 -6 41 0 0.00 0.0 0 11.7 28 360 M M 1 38 350
29 32 5 19 -11 46 0 0.00 0.0 0 6.0 14 160 M M 0 18 150
30 57 10 34 4 31 0 0.00 0.0 0 13.4 24 240 M M 0 33 260
31 37 7 22 -8 43 0 T 0.3 0 15.5 23 30 M M 2 1 33 330
================================================================================
SM 1670 596 873 0 0.05 0.3 369.7 M 16
================================================================================
AV 53.9 19.2 11.9 FASTST M M 1 MAX(MPH)
MISC ----> 58 320 81 310
================================================================================
NOTES:
# LAST OF SEVERAL OCCURRENCES
COLUMN 17 PEAK WIND IN M.P.H.
PRELIMINARY LOCAL CLIMATOLOGICAL DATA (WS FORM: F-6) , PAGE 2
STATION: GOODLAND KS
MONTH: DECEMBER
YEAR: 2021
LATITUDE: 39 22 N
LONGITUDE: 101 42 W
[TEMPERATURE DATA] [PRECIPITATION DATA] SYMBOLS USED IN COLUMN 16
AVERAGE MONTHLY: 36.5 TOTAL FOR MONTH: 0.05 1 = FOG OR MIST
DPTR FM NORMAL: 5.7 DPTR FM NORMAL: -0.42 2 = FOG REDUCING VISIBILITY
HIGHEST: 76 ON 2 GRTST 24HR 0.03 ON 15-15 TO 1/4 MILE OR LESS
LOWEST: 5 ON 29 3 = THUNDER
SNOW, ICE PELLETS, HAIL 4 = ICE PELLETS
TOTAL MONTH: 0.3 INCH 5 = HAIL
GRTST 24HR 0.3 ON 31-31 6 = FREEZING RAIN OR DRIZZLE
GRTST DEPTH: 0 7 = DUSTSTORM OR SANDSTORM:
VSBY 1/2 MILE OR LESS
8 = SMOKE OR HAZE
[NO. OF DAYS WITH] [WEATHER - DAYS WITH] 9 = BLOWING SNOW
X = TORNADO
MAX 32 OR BELOW: 1 0.01 INCH OR MORE: 2
MAX 90 OR ABOVE: 0 0.10 INCH OR MORE: 0
MIN 32 OR BELOW: 30 0.50 INCH OR MORE: 0
MIN 0 OR BELOW: 0 1.00 INCH OR MORE: 0
[HDD (BASE 65) ]
TOTAL THIS MO. 873 CLEAR (SCALE 0-3) 30
DPTR FM NORMAL -187 PTCLDY (SCALE 4-7) 1
TOTAL FM JUL 1 1816 CLOUDY (SCALE 8-10) 0
DPTR FM NORMAL -532
[CDD (BASE 65) ]
TOTAL THIS MO. 0
DPTR FM NORMAL 0 [PRESSURE DATA]
TOTAL FM JAN 1 1215 HIGHEST SLP 30.46 ON 18
DPTR FM NORMAL 226 LOWEST SLP 29.08 ON 15
[REMARKS]
#FINAL-12-21#