000
CXUS53 KGLD 020900
CF6GLD
PRELIMINARY LOCAL CLIMATOLOGICAL DATA (WS FORM: F-6)
STATION: GOODLAND KS
MONTH: NOVEMBER
YEAR: 2021
LATITUDE: 39 22 N
LONGITUDE: 101 42 W
TEMPERATURE IN F: :PCPN: SNOW: WIND :SUNSHINE: SKY :PK WND
================================================================================
1 2 3 4 5 6A 6B 7 8 9 10 11 12 13 14 15 16 17 18
12Z AVG MX 2MIN
DY MAX MIN AVG DEP HDD CDD WTR SNW DPTH SPD SPD DIR MIN PSBL S-S WX SPD DR
================================================================================
1 43 26 35 -10 30 0 T T 0 8.9 18 160 M M 9 4 29 120
2 37 33 35 -10 30 0 0.02 T 0 11.0 18 170 M M 10 1 24 190
3 61 30 46 2 19 0 0.00 0.0 0 6.5 13 230 M M 4 12 16 310
4 69 33 51 7 14 0 0.00 0.0 0 11.5 18 230 M M 1 26 220
5 79 32 56 12 9 0 0.00 0.0 0 9.6 16 230 M M 0 21 10
6 81 34 58 15 7 0 T 0.0 0 10.6 15 180 M M 0 20 230
7 81 39 60 17 5 0 0.00 0.0 0 9.7 15 50 M M 0 20 30
8 59 31 45 3 20 0 0.00 0.0 0 11.3 22 10 M M 1 31 10
9 58 23 41 -1 24 0 0.00 0.0 0 8.1 21 160 M M 0 26 160
10 60 29 45 3 20 0 0.00 0.0 0 13.5 35 330 M M 2 1 46 360
11 53 26 40 -1 25 0 T T 0 14.5 35 350 M M 4 47 360
12 48 26 37 -4 28 0 0.00 0.0 0 18.0 41 350 M M 1 55 340
13 73 33 53 12 12 0 0.00 0.0 0 12.6 32 320 M M 0 42 340
14 61 28 45 5 20 0 0.00 0.0 0 13.8 26 220 M M 0 34 220
15 79 45 62 22 3 0 0.00 0.0 0 11.1 25 330 M M 0 32 330
16 67 41 54 15 11 0 0.00 0.0 0 9.6 25 30 M M 0 34 30
17 42 17 30 -9 35 0 T T 0 12.8 28 350 M M 3 40 10
18 51 15 33 -6 32 0 0.00 0.0 0 14.0 24 170 M M 0 31 180
19 62 28 45 7 20 0 0.00 0.0 0 7.8 16 180 M M 0 20 180
20 63 24 44 6 21 0 0.00 0.0 0 11.6 24 10 M M 1 32 360
21 53 27 40 3 25 0 0.00 0.0 0 10.4 18 340 M M 1 26 210
22 66 27 47 10 18 0 0.00 0.0 0 11.1 21 220 M M 0 28 210
23 74 41 58 21 7 0 0.00 0.0 0 11.4 21 220 M M 0 28 210
24 53 19 36 0 29 0 0.00 0.0 0 17.3 31 340 M M 4 44 360
25 55 13 34 -2 31 0 0.00 0.0 0 11.6 18 240 M M 0 25 240
26 74 33 54 18 11 0 0.00 0.0 0 10.0 15 280 M M 0 22 350
27 60 28 44 9 21 0 0.00 0.0 0 10.6 22 360 M M 1 30 10
28 67 23 45 10 20 0 0.00 0.0 0 10.2 23 220 M M 0 30 220
29 74 30 52 18 13 0 0.00 0.0 0 9.5 24 320 M M 0 32 330
30 59 31 45 11 20 0 0.00 0.0 0 10.2 20 330 M M 2 28 230
================================================================================
SM 1862 865 580 0 0.02 T 338.8 M 44
================================================================================
AV 62.1 28.8 11.3 FASTST M M 1 MAX(MPH)
MISC ----> 41 350 55 340
================================================================================
NOTES:
# LAST OF SEVERAL OCCURRENCES
COLUMN 17 PEAK WIND IN M.P.H.
PRELIMINARY LOCAL CLIMATOLOGICAL DATA (WS FORM: F-6) , PAGE 2
STATION: GOODLAND KS
MONTH: NOVEMBER
YEAR: 2021
LATITUDE: 39 22 N
LONGITUDE: 101 42 W
[TEMPERATURE DATA] [PRECIPITATION DATA] SYMBOLS USED IN COLUMN 16
AVERAGE MONTHLY: 45.5 TOTAL FOR MONTH: 0.02 1 = FOG OR MIST
DPTR FM NORMAL: 5.9 DPTR FM NORMAL: -0.52 2 = FOG REDUCING VISIBILITY
HIGHEST: 81 ON 7, 6 GRTST 24HR 0.02 ON 2- 2 TO 1/4 MILE OR LESS
LOWEST: 13 ON 25 3 = THUNDER
SNOW, ICE PELLETS, HAIL 4 = ICE PELLETS
TOTAL MONTH: T 5 = HAIL
GRTST 24HR T ON 1- 1 6 = FREEZING RAIN OR DRIZZLE
GRTST DEPTH: 0 7 = DUSTSTORM OR SANDSTORM:
VSBY 1/2 MILE OR LESS
8 = SMOKE OR HAZE
[NO. OF DAYS WITH] [WEATHER - DAYS WITH] 9 = BLOWING SNOW
X = TORNADO
MAX 32 OR BELOW: 0 0.01 INCH OR MORE: 1
MAX 90 OR ABOVE: 0 0.10 INCH OR MORE: 0
MIN 32 OR BELOW: 21 0.50 INCH OR MORE: 0
MIN 0 OR BELOW: 0 1.00 INCH OR MORE: 0
[HDD (BASE 65) ]
TOTAL THIS MO. 580 CLEAR (SCALE 0-3) 25
DPTR FM NORMAL -182 PTCLDY (SCALE 4-7) 3
TOTAL FM JUL 1 943 CLOUDY (SCALE 8-10) 2
DPTR FM NORMAL -348
[CDD (BASE 65) ]
TOTAL THIS MO. 0
DPTR FM NORMAL 0 [PRESSURE DATA]
TOTAL FM JAN 1 1215 HIGHEST SLP 30.57 ON 18
DPTR FM NORMAL 226 LOWEST SLP 29.53 ON 24
[REMARKS]
#FINAL-11-21#