000
CXUS53 KGLD 021352
CF6GLD
PRELIMINARY LOCAL CLIMATOLOGICAL DATA (WS FORM: F-6)

                                          STATION:   GOODLAND KS
                                          MONTH:     MARCH
                                          YEAR:      2018
                                          LATITUDE:   39 22 N
                                          LONGITUDE: 101 42 W

  TEMPERATURE IN F:       :PCPN:    SNOW:  WIND      :SUNSHINE: SKY     :PK WND
================================================================================
1   2   3   4   5  6A  6B    7    8   9   10  11  12  13   14  15   16   17  18
                                     12Z  AVG MX 2MIN
DY MAX MIN AVG DEP HDD CDD  WTR  SNW DPTH SPD SPD DIR MIN PSBL S-S WX    SPD DR
================================================================================

 1  53  18  36   0  29   0 0.00  0.0    0 14.2 28 170   M    M   0        36 170
 2  70  23  47  11  18   0 0.00  0.0    0 13.7 29 170   M    M   0        39 170
 3  77  30  54  17  11   0 0.00  0.0    0 11.4 24 180   M    M   0        32 190
 4  75  32  54  17  11   0 0.00  0.0    0 17.8 37 340   M    M   0        53 310
 5  50  27  39   2  26   0    T    T    0 26.6 46 320   M    M   2        60 320
 6  46  14  30  -8  35   0 0.00  0.0    0 24.3 52 340   M    M   1 8      69 330
 7  51  13  32  -6  33   0 0.00  0.0    0  8.8 22 330   M    M   0        32 340
 8  65  16  41   3  24   0 0.00  0.0    0 11.9 21 210   M    M   0        27 200
 9  67  29  48   9  17   0 0.00  0.0    0 13.7 30 330   M    M   2        39 340
10  61  24  43   4  22   0    T  0.0    0 16.6 33 330   M    M   3        45 340
11  51  19  35  -4  30   0 0.00  0.0    0 12.3 25 340   M    M   0        32 340
12  56  20  38  -2  27   0 0.00  0.0    0  9.3 18 120   M    M   2        28 120
13  55  19  37  -3  28   0 0.00  0.0    0  7.1 18 180   M    M   2        23 180
14  69  29  49   9  16   0 0.00  0.0    0 11.9 20 190   M    M   0        27 200
15  78  30  54  14  11   0 0.00  0.0    0 12.4 40 190   M    M   1 8      57 190
16  50  25  38  -3  27   0 0.00  0.0    0 21.6 36 340   M    M   4        47 320
17  64  20  42   1  23   0 0.00  0.0    0 11.2 26 170   M    M   0        40 150
18  63  30  47   6  18   0 0.05  0.0    0 19.6 36 350   M    M   2 13     47 360
19  38  23  31 -11  34   0 0.09  0.9    1 20.0 32 340   M    M   9 1      44 350
20  54  19  37  -5  28   0 0.00  0.0    0 10.6 29 310   M    M   3        42  10
21  65  25  45   3  20   0 0.00  0.0    0 13.8 24 210   M    M   0        33 210
22  74  26  50   8  15   0 0.00  0.0    0  9.1 17 160   M    M   0        23 160
23  87  38  63  21   2   0 0.00  0.0    0 14.8 44 340   M    M   0 8      60 340
24  65  35  50   7  15   0 0.00  0.0    0 13.7 26 130   M    M   0        35 130
25  38  32  35  -8  30   0 0.00  0.0    0 11.7 23 140   M    M  10 12     34 140
26  46  33  40  -3  25   0 0.02  0.0    0  8.4 16  50   M    M  10 1      24  40
27  55  29  42  -2  23   0 0.00  0.0    0  8.5 18 180   M    M   3 1      23 180
28  58  30  44   0  21   0 0.00  0.0    0 14.0 29 350   M    M   4        38 350
29  53  23  38  -6  27   0 0.25    T    0  4.1 29  40   M    M   4 135    40  30
30  66  25  46   2  19   0 0.00  0.0    0 14.9 30 210   M    M   0        43 190
31  46  24  35  -9  30   0 0.00  0.0    0 12.7 21  20   M    M   3        29  20
================================================================================
SM 1846  780       695   0  0.41     0.9 420.7          M       65
================================================================================
AV 59.6 25.2                              13.6 FASTST   M    M   2    MAX(MPH)
                                 MISC ---->  # 52 340               # 69  330
================================================================================
NOTES:
# LAST OF SEVERAL OCCURRENCES

COLUMN 17 PEAK WIND IN M.P.H.

PRELIMINARY LOCAL CLIMATOLOGICAL DATA (WS FORM: F-6) , PAGE 2

                                          STATION:  GOODLAND KS
                                          MONTH:    MARCH
                                          YEAR:     2018
                                          LATITUDE:   39 22 N
                                          LONGITUDE: 101 42 W

[TEMPERATURE DATA]      [PRECIPITATION DATA]       SYMBOLS USED IN COLUMN 16

AVERAGE MONTHLY: 42.4   TOTAL FOR MONTH:   0.41    1 = FOG OR MIST
DPTR FM NORMAL:   1.9   DPTR FM NORMAL:   -0.66    2 = FOG REDUCING VISIBILITY
HIGHEST:    87 ON 23    GRTST 24HR  0.25 ON 29-29      TO 1/4 MILE OR LESS
LOWEST:     13 ON  7                               3 = THUNDER
                        SNOW, ICE PELLETS, HAIL    4 = ICE PELLETS
                        TOTAL MONTH:   0.9 INCH    5 = HAIL
                        GRTST 24HR   0.9 ON 19-19  6 = FREEZING RAIN OR DRIZZLE
                        GRTST DEPTH:   1 ON 19     7 = DUSTSTORM OR SANDSTORM:
                                                       VSBY 1/2 MILE OR LESS
                                                   8 = SMOKE OR HAZE
[NO. OF DAYS WITH]      [WEATHER - DAYS WITH]      9 = BLOWING SNOW
                                                   X = TORNADO
MAX 32 OR BELOW:   0    0.01 INCH OR MORE:   4
MAX 90 OR ABOVE:   0    0.10 INCH OR MORE:   1
MIN 32 OR BELOW:  28    0.50 INCH OR MORE:   0
MIN  0 OR BELOW:   0    1.00 INCH OR MORE:   0

[HDD (BASE 65) ]
TOTAL THIS MO.   695    CLEAR  (SCALE 0-3)  24
DPTR FM NORMAL   -63    PTCLDY (SCALE 4-7)   4
TOTAL FM JUL 1  4940    CLOUDY (SCALE 8-10)  3
DPTR FM NORMAL  -235

[CDD (BASE 65) ]
TOTAL THIS MO.     0
DPTR FM NORMAL     0    [PRESSURE DATA]
TOTAL FM JAN 1     0    HIGHEST SLP 30.45 ON 13
DPTR FM NORMAL     0    LOWEST  SLP 29.22 ON 16

[REMARKS]
#FINAL-03-18#
