000
CXUS53 KGLD 040355
CF6GLD
PRELIMINARY LOCAL CLIMATOLOGICAL DATA (WS FORM: F-6)
STATION: GOODLAND KS
MONTH: FEBRUARY
YEAR: 2021
LATITUDE: 39 22 N
LONGITUDE: 101 42 W
TEMPERATURE IN F: :PCPN: SNOW: WIND :SUNSHINE: SKY :PK WND
================================================================================
1 2 3 4 5 6A 6B 7 8 9 10 11 12 13 14 15 16 17 18
12Z AVG MX 2MIN
DY MAX MIN AVG DEP HDD CDD WTR SNW DPTH SPD SPD DIR MIN PSBL S-S WX SPD DR
================================================================================
1 57 19 38 8 27 0 0.00 0.0 T 8.1 17 220 M M 0 22 220
2 63 21 42 12 23 0 0.00 0.0 0 9.1 18 230 M M 0 24 210
3 72 32 52 22 13 0 0.00 0.0 0 13.6 43 340 M M 1 56 330
4 44 22 33 3 32 0 T T 0 14.4 38 360 M M 3 1 51 360
5 45 19 32 2 33 0 0.00 0.0 0 9.4 18 320 M M 4 27 310
6 25 13 19 -12 46 0 0.05 0.5 1 11.2 23 160 M M 10 1 28 150
7 31 5 18 -13 47 0 T T 1 16.4 25 170 M M 9 126 31 180
8 10 5 8 -23 57 0 T 0.2 T 6.9 17 120 M M 10 1 22 130
9 14 8 11 -20 54 0 T 0.1 T 8.5 15 160 M M 10 1 19 160
10 12 4 8 -23 57 0 T T T 7.4 14 150 M M 10 18 17 150
11 11 1 6 -25 59 0 T T T 10.0 17 50 M M 10 18 22 50
12 4 -2 1 -31 64 0 T T T 11.1 17 120 M M 10 18 24 120
13 6 -3 2 -30 63 0 0.13 1.2 T 8.8 17 90 M M 10 18 22 80
14 -1 -22 -11 -43 76 0 0.12 1.5 2 7.4 14 60 M M 6 18 19 70
15 1 -24 -11 -43 76 0 0.00 0.0 3 9.1 17 190 M M 1 23 180
16 11 -11 0 -32 65 0 0.00 0.0 3 17.1 29 160 M M 6 18 36 170
17 22 -7 8 -25 57 0 T T 2 7.3 15 200 M M 5 1 21 200
18 28 13 21 -12 44 0 0.00 0.0 1 4.6 15 240 M M 7 1 19 240
19 44 11 28 -5 37 0 0.00 0.0 1 11.0 18 250 M M 1 23 250
20 55 25 40 6 25 0 T 0.0 T 16.4 36 180 M M 1 46 180
21 45 23 34 0 31 0 0.00 0.0 0 17.5 31 320 M M 2 42 340
22 61 25 43 9 22 0 0.00 0.0 0 12.0 26 300 M M 0 35 340
23 69 28 49 15 16 0 0.00 0.0 0 14.8 31 10 M M 0 40 340
24 46 19 33 -2 32 0 T T 0 7.8 17 50 M M 4 26 360
25 44 22 33 -2 32 0 T T 0 10.4 22 170 M M 6 8 38 160
26 55 17 36 1 29 0 0.00 0.0 0 8.6 20 280 M M 0 28 280
27 57 16 37 1 28 0 0.00 0.0 0 12.5 30 340 M M 0 40 330
28 43 19 31 -5 34 0 0.00 0.0 0 12.0 25 340 M M 0 32 350
================================================================================
SM 974 298 1179 0 0.30 3.5 303.4 M 126
================================================================================
AV 34.8 10.6 10.8 FASTST M M 5 MAX(MPH)
MISC ----> 43 340 56 330
================================================================================
NOTES:
# LAST OF SEVERAL OCCURRENCES
COLUMN 17 PEAK WIND IN M.P.H.
PRELIMINARY LOCAL CLIMATOLOGICAL DATA (WS FORM: F-6) , PAGE 2
STATION: GOODLAND KS
MONTH: FEBRUARY
YEAR: 2021
LATITUDE: 39 22 N
LONGITUDE: 101 42 W
[TEMPERATURE DATA] [PRECIPITATION DATA] SYMBOLS USED IN COLUMN 16
AVERAGE MONTHLY: 22.7 TOTAL FOR MONTH: 0.30 1 = FOG OR MIST
DPTR FM NORMAL: -9.6 DPTR FM NORMAL: -0.19 2 = FOG REDUCING VISIBILITY
HIGHEST: 72 ON 3 GRTST 24HR 0.25 ON 13-14 TO 1/4 MILE OR LESS
LOWEST: -24 ON 15 3 = THUNDER
SNOW, ICE PELLETS, HAIL 4 = ICE PELLETS
TOTAL MONTH: 3.5 INCHES 5 = HAIL
GRTST 24HR 1.5 ON 14-14 6 = FREEZING RAIN OR DRIZZLE
GRTST DEPTH: 3 ON 16,15 7 = DUSTSTORM OR SANDSTORM:
VSBY 1/2 MILE OR LESS
8 = SMOKE OR HAZE
[NO. OF DAYS WITH] [WEATHER - DAYS WITH] 9 = BLOWING SNOW
X = TORNADO
MAX 32 OR BELOW: 13 0.01 INCH OR MORE: 3
MAX 90 OR ABOVE: 0 0.10 INCH OR MORE: 2
MIN 32 OR BELOW: 28 0.50 INCH OR MORE: 0
MIN 0 OR BELOW: 6 1.00 INCH OR MORE: 0
[HDD (BASE 65) ]
TOTAL THIS MO. 1179 CLEAR (SCALE 0-3) 12
DPTR FM NORMAL 265 PTCLDY (SCALE 4-7) 8
TOTAL FM JUL 1 4464 CLOUDY (SCALE 8-10) 8
DPTR FM NORMAL 46
[CDD (BASE 65) ]
TOTAL THIS MO. 0
DPTR FM NORMAL 0 [PRESSURE DATA]
TOTAL FM JAN 1 0 HIGHEST SLP 30.61 ON 14
DPTR FM NORMAL 0 LOWEST SLP 29.43 ON 3
[REMARKS]
#FINAL-02-21#