000
CXUS53 KGLD 130609
CF6GLD
PRELIMINARY LOCAL CLIMATOLOGICAL DATA (WS FORM: F-6)

                                          STATION:   GOODLAND KS
                                          MONTH:     JANUARY
                                          YEAR:      2018
                                          LATITUDE:   39 22 N
                                          LONGITUDE: 101 42 W

  TEMPERATURE IN F:       :PCPN:    SNOW:  WIND      :SUNSHINE: SKY     :PK WND
================================================================================
1   2   3   4   5  6A  6B    7    8   9   10  11  12  13   14  15   16   17  18
                                     12Z  AVG MX 2MIN
DY MAX MIN AVG DEP HDD CDD  WTR  SNW DPTH SPD SPD DIR MIN PSBL S-S WX    SPD DR
================================================================================

 1  19  -1   9 -21  56   0 0.00  0.0    0 14.8 26 170   M    M   3        34 180
 2  38   0  19 -11  46   0 0.00  0.0    0 10.4 21 320   M    M   0        28 320
 3  47  15  31   1  34   0 0.00  0.0    0  8.6 17 300   M    M   0        22 290
 4  53  13  33   3  32   0 0.00  0.0    0  7.8 16 350   M    M   0        21 340
 5  56  11  34   4  31   0 0.00  0.0    0  7.9 20 210   M    M   1        25 180
 6  47  14  31   1  34   0 0.00  0.0    0 11.2 21 170   M    M   1        26 170
 7  54  24  39   9  26   0 0.00  0.0    0 15.9 31 350   M    M   2        42 340
 8  57  23  40  10  25   0 0.00  0.0    0 13.4 24 200   M    M   0        31 220
 9  67  32  50  20  15   0 0.00  0.0    0  9.7 20 190   M    M   0        26 190
10  70  20  45  15  20   0 0.10  0.4    0 11.7 39 360   M    M   2 19     54 360
11  28   7  18 -12  47   0    T    T    T 13.3 33 350   M    M   1 189    44 360
12  27   7  17 -13  48   0 0.02  0.2    T 12.2 23 170   M    M   9 1      28 170
13  41  14  28  -2  37   0 0.01    T    T 10.4 23 330   M    M   8 1      32 320
14  52  26  39   9  26   0    T    T    T 10.3 20 300   M    M   5        27 280
15  31  -1  15 -15  50   0    T  0.1    T 17.1 26 360   M    M   5 1      35 350
16  24  -7   9 -21  56   0 0.00  0.0    0  9.0 16 200   M    M   0        24 200
17  50   8  29  -1  36   0 0.00  0.0    0  8.5 17 200   M    M   0        24 210
18  63  21  42  12  23   0 0.00  0.0    0 10.1 17 230   M    M   0        23 240
19  74  29  52  22  13   0 0.00  0.0    0  9.1 20 230   M    M   0        26 210
20  51  20  36   6  29   0 0.00  0.0    0  8.4 15  10   M    M   0        22  20
21  31  26  29  -1  36   0 0.52  8.2    0 21.7 40 330   M    M  10 126    53 330
22  31  15  23  -7  42   0 0.03  0.1    8 23.8 43 330   M    M   4 128    57 340
23  35  15  25  -5  40   0 0.00  0.0    8 12.2 17 300   M    M   0        22 290
24  44  13  29  -1  36   0 0.00  0.0    8 13.6 22 220   M    M   0        29 200
25  60  28  44  14  21   0 0.00  0.0    6 13.8 28 180   M    M   0        37 180
26  43  22  33   3  32   0 0.00  0.0    4 13.5 29 330   M    M   1        39 330
27  47  18  33   3  32   0 0.00  0.0    2  9.3 17 260   M    M   1        21 260
28  42  17  30   0  35   0 0.00  0.0    1  8.2 17 350   M    M   4        24 350
29  55  19  37   7  28   0 0.00  0.0    1  9.4 20 220   M    M   2        25 210
30  64  37  51  21  14   0 0.00  0.0    T 10.6 20 220   M    M   0        26 210
31  47  26  37   7  28   0 0.00  0.0    T  8.3 25  10   M    M   1        37 360
================================================================================
SM 1448  511      1028   0  0.68     9.0 364.2          M       60
================================================================================
AV 46.7 16.5                              11.7 FASTST   M    M   2    MAX(MPH)
                                 MISC ---->  # 43 330               # 57  340
================================================================================
NOTES:
# LAST OF SEVERAL OCCURRENCES

COLUMN 17 PEAK WIND IN M.P.H.

PRELIMINARY LOCAL CLIMATOLOGICAL DATA (WS FORM: F-6) , PAGE 2

                                          STATION:  GOODLAND KS
                                          MONTH:    JANUARY
                                          YEAR:     2018
                                          LATITUDE:   39 22 N
                                          LONGITUDE: 101 42 W

[TEMPERATURE DATA]      [PRECIPITATION DATA]       SYMBOLS USED IN COLUMN 16

AVERAGE MONTHLY: 31.6   TOTAL FOR MONTH:   0.68    1 = FOG OR MIST
DPTR FM NORMAL:   2.0   DPTR FM NORMAL:    0.30    2 = FOG REDUCING VISIBILITY
HIGHEST:    74 ON 19    GRTST 24HR  0.52 ON 21-21      TO 1/4 MILE OR LESS
LOWEST:     -7 ON 16                               3 = THUNDER
                        SNOW, ICE PELLETS, HAIL    4 = ICE PELLETS
                        TOTAL MONTH:   9.0 INCHES  5 = HAIL
                        GRTST 24HR   8.2 ON 21-21  6 = FREEZING RAIN OR DRIZZLE
                        GRTST DEPTH:   8 ON 24,23  7 = DUSTSTORM OR SANDSTORM:
                                                       VSBY 1/2 MILE OR LESS
                                                   8 = SMOKE OR HAZE
[NO. OF DAYS WITH]      [WEATHER - DAYS WITH]      9 = BLOWING SNOW
                                                   X = TORNADO
MAX 32 OR BELOW:   7    0.01 INCH OR MORE:   5
MAX 90 OR ABOVE:   0    0.10 INCH OR MORE:   2
MIN 32 OR BELOW:  30    0.50 INCH OR MORE:   1
MIN  0 OR BELOW:   4    1.00 INCH OR MORE:   0

[HDD (BASE 65) ]
TOTAL THIS MO.  1028    CLEAR  (SCALE 0-3)  24
DPTR FM NORMAL   -68    PTCLDY (SCALE 4-7)   4
TOTAL FM JUL 1  3253    CLOUDY (SCALE 8-10)  3
DPTR FM NORMAL  -250

[CDD (BASE 65) ]
TOTAL THIS MO.     0
DPTR FM NORMAL     0    [PRESSURE DATA]
TOTAL FM JAN 1     0    HIGHEST SLP 30.87 ON 16
DPTR FM NORMAL     0    LOWEST  SLP 29.26 ON 10

[REMARKS]
#FINAL-01-18#
