754
CXUS53 KGLD 022007
CF6GLD
PRELIMINARY LOCAL CLIMATOLOGICAL DATA (WS FORM: F-6)
STATION: GOODLAND KS
MONTH: NOVEMBER
YEAR: 2020
LATITUDE: 39 22 N
LONGITUDE: 101 42 W
TEMPERATURE IN F: :PCPN: SNOW: WIND :SUNSHINE: SKY :PK WND
================================================================================
1 2 3 4 5 6A 6B 7 8 9 10 11 12 13 14 15 16 17 18
12Z AVG MX 2MIN
DY MAX MIN AVG DEP HDD CDD WTR SNW DPTH SPD SPD DIR MIN PSBL S-S WX SPD DR
================================================================================
1 63 23 43 -3 22 0 0.00 0.0 0 10.4 24 170 M M 0 31 160
2 79 33 56 11 9 0 0.00 0.0 0 10.5 18 250 M M 0 24 230
3 82 40 61 16 4 0 0.00 0.0 0 7.2 13 250 M M 0 8 16 260
4 83 42 63 18 2 0 0.00 0.0 0 10.4 22 330 M M 0 8 28 330
5 75 37 56 12 9 0 0.00 0.0 0 9.2 15 200 M M 0 21 200
6 82 48 65 21 0 0 0.00 0.0 0 20.3 31 180 M M 0 43 200
7 82 52 67 24 0 2 0.00 0.0 0 24.8 41 180 M M 0 55 180
8 70 49 60 17 5 0 0.00 0.0 0 22.0 35 170 M M 2 47 160
9 58 27 43 1 22 0 0.00 0.0 0 16.8 25 190 M M 8 1 37 180
10 44 19 32 -10 33 0 0.01 T T 7.4 21 330 M M 3 1 28 330
11 50 17 34 -7 31 0 0.00 0.0 0 8.1 20 180 M M 0 25 170
12 44 16 30 -11 35 0 0.00 0.0 0 11.1 25 350 M M 1 35 350
13 59 24 42 2 23 0 0.00 0.0 0 16.7 31 200 M M 0 44 200
14 60 32 46 6 19 0 0.00 0.0 0 18.5 41 320 M M 2 8 55 320
15 56 23 40 1 25 0 0.00 0.0 0 12.1 23 190 M M 1 30 230
16 66 32 49 10 16 0 0.00 0.0 0 11.1 18 350 M M 2 25 350
17 73 34 54 16 11 0 0.00 0.0 0 12.8 21 180 M M 0 26 180
18 82 31 57 19 8 0 0.00 0.0 0 10.7 20 230 M M 0 29 220
19 71 33 52 15 13 0 0.00 0.0 0 10.4 20 250 M M 0 29 230
20 57 26 42 5 23 0 0.00 0.0 0 6.5 12 50 M M 1 16 20
21 48 30 39 3 26 0 0.00 0.0 0 7.4 20 160 M M 7 23 160
22 49 20 35 -1 30 0 0.00 0.0 0 9.0 18 170 M M 1 1 25 330
23 62 34 48 13 17 0 T 0.0 0 18.6 33 180 M M 1 43 180
24 44 26 35 0 30 0 T T 0 17.2 30 10 M M 8 12 40 360
25 56 20 38 3 27 0 0.00 0.0 0 11.7 20 200 M M 0 28 210
26 49 23 36 2 29 0 0.00 0.0 0 9.6 17 10 M M 0 M M
27 49 20 35 1 30 0 0.00 0.0 0 7.4 12 240 M M 0 15 230
28 61 25 43 10 22 0 0.00 0.0 0 13.8 25 210 M M 0 40 200
29 41 11 26 -7 39 0 0.00 0.0 0 15.5 28 340 M M 0 38 330
30 60 10 35 2 30 0 0.00 0.0 0 10.5 23 240 M M 0 32 240
================================================================================
SM 1855 857 590 2 0.01 T 377.7 M 37
================================================================================
AV 61.8 28.6 12.6 FASTST M M 1 MAX(MPH)
MISC ----> # 41 180 # 55 180
================================================================================
NOTES:
# LAST OF SEVERAL OCCURRENCES
COLUMN 17 PEAK WIND IN M.P.H.
PRELIMINARY LOCAL CLIMATOLOGICAL DATA (WS FORM: F-6) , PAGE 2
STATION: GOODLAND KS
MONTH: NOVEMBER
YEAR: 2020
LATITUDE: 39 22 N
LONGITUDE: 101 42 W
[TEMPERATURE DATA] [PRECIPITATION DATA] SYMBOLS USED IN COLUMN 16
AVERAGE MONTHLY: 45.2 TOTAL FOR MONTH: 0.01 1 = FOG OR MIST
DPTR FM NORMAL: 6.2 DPTR FM NORMAL: -0.70 2 = FOG REDUCING VISIBILITY
HIGHEST: 83 ON 4 GRTST 24HR 0.01 ON 10-10 TO 1/4 MILE OR LESS
LOWEST: 10 ON 30 3 = THUNDER
SNOW, ICE PELLETS, HAIL 4 = ICE PELLETS
TOTAL MONTH: T 5 = HAIL
GRTST 24HR T ON 10-10 6 = FREEZING RAIN OR DRIZZLE
GRTST DEPTH: T 7 = DUSTSTORM OR SANDSTORM:
VSBY 1/2 MILE OR LESS
8 = SMOKE OR HAZE
[NO. OF DAYS WITH] [WEATHER - DAYS WITH] 9 = BLOWING SNOW
X = TORNADO
MAX 32 OR BELOW: 0 0.01 INCH OR MORE: 1
MAX 90 OR ABOVE: 0 0.10 INCH OR MORE: 0
MIN 32 OR BELOW: 20 0.50 INCH OR MORE: 0
MIN 0 OR BELOW: 0 1.00 INCH OR MORE: 0
[HDD (BASE 65) ]
TOTAL THIS MO. 590 CLEAR (SCALE 0-3) 27
DPTR FM NORMAL -189 PTCLDY (SCALE 4-7) 3
TOTAL FM JUL 1 1244 CLOUDY (SCALE 8-10) 0
DPTR FM NORMAL -74
[CDD (BASE 65) ]
TOTAL THIS MO. 2
DPTR FM NORMAL 2 [PRESSURE DATA]
TOTAL FM JAN 1 1189 HIGHEST SLP 30.59 ON 29
DPTR FM NORMAL 248 LOWEST SLP 29.41 ON 8
[REMARKS]
#FINAL-11-20#