000
CXUS53 KGLD 010810
CF6GLD
PRELIMINARY LOCAL CLIMATOLOGICAL DATA (WS FORM: F-6)
STATION: GOODLAND KS
MONTH: SEPTEMBER
YEAR: 2020
LATITUDE: 39 22 N
LONGITUDE: 101 42 W
TEMPERATURE IN F: :PCPN: SNOW: WIND :SUNSHINE: SKY :PK WND
================================================================================
1 2 3 4 5 6A 6B 7 8 9 10 11 12 13 14 15 16 17 18
12Z AVG MX 2MIN
DY MAX MIN AVG DEP HDD CDD WTR SNW DPTH SPD SPD DIR MIN PSBL S-S WX SPD DR
================================================================================
1 83 55 69 -2 0 4 T 0.0 0 5.7 14 160 M M 2 16 160
2 91 54 73 3 0 8 0.00 0.0 0 7.4 18 220 M M 0 30 160
3 80 54 67 -3 0 2 0.00 0.0 0 11.6 26 360 M M 0 37 360
4 91 53 72 2 0 7 0.00 0.0 0 10.9 17 160 M M 0 24 200
5 97 54 76 7 0 11 0.00 0.0 0 12.7 23 170 M M 0 31 160
6 100 58 79 10 0 14 0.00 0.0 0 11.5 21 350 M M 0 8 28 10
7 86 49 68 0 0 3 0.00 0.0 0 11.0 30 70 M M 1 47 70
8 49 33 41 -27 24 0 0.27 T 0 19.7 29 20 M M 10 1 42 20
9 42 32 37 -31 28 0 0.33 0.5 T 10.6 18 10 M M 9 1 25 10
10 55 36 46 -21 19 0 0.06 0.0 0 3.1 9 160 M M 10 13 12 160
11 70 44 57 -10 8 0 0.00 0.0 0 7.9 16 320 M M 4 1 27 160
12 80 45 63 -3 2 0 0.00 0.0 0 8.6 21 350 M M 0 32 340
13 86 46 66 0 0 1 0.00 0.0 0 6.6 13 180 M M 0 16 180
14 85 50 68 2 0 3 0.00 0.0 0 10.4 18 160 M M 0 27 150
15 86 52 69 4 0 4 0.00 0.0 0 11.0 18 170 M M 0 24 180
16 78 48 63 -2 2 0 0.00 0.0 0 10.1 22 40 M M 0 18 34 40
17 84 48 66 2 0 1 0.00 0.0 0 10.7 18 190 M M 0 18 25 180
18 86 50 68 4 0 3 0.00 0.0 0 13.6 23 150 M M 0 8 31 180
19 87 55 71 8 0 6 0.00 0.0 0 20.5 33 160 M M 0 8 48 160
20 87 56 72 9 0 7 0.00 0.0 0 10.3 22 190 M M 0 8 30 190
21 89 54 72 10 0 7 0.00 0.0 0 13.6 24 160 M M 0 32 150
22 88 51 70 8 0 5 0.00 0.0 0 11.4 22 160 M M 0 32 150
23 90 49 70 9 0 5 0.00 0.0 0 5.5 14 210 M M 0 8 19 310
24 92 49 71 10 0 6 0.00 0.0 0 8.7 16 200 M M 0 8 23 200
25 91 50 71 11 0 6 0.00 0.0 0 8.7 18 330 M M 0 23 320
26 95 58 77 17 0 12 0.00 0.0 0 9.2 21 30 M M 0 8 30 50
27 61 41 51 -8 14 0 T 0.0 0 11.7 30 20 M M 4 39 360
28 66 37 52 -7 13 0 0.00 0.0 0 13.9 29 340 M M 0 50 350
29 83 37 60 1 5 0 0.00 0.0 0 10.1 21 340 M M 0 8 28 320
30 76 39 58 0 7 0 0.00 0.0 0 10.4 24 30 M M 0 37 360
================================================================================
SM 2434 1437 122 115 0.66 0.5 317.1 M 40
================================================================================
AV 81.1 47.9 10.6 FASTST M M 1 MAX(MPH)
MISC ----> 33 160 50 350
================================================================================
NOTES:
# LAST OF SEVERAL OCCURRENCES
COLUMN 17 PEAK WIND IN M.P.H.
PRELIMINARY LOCAL CLIMATOLOGICAL DATA (WS FORM: F-6) , PAGE 2
STATION: GOODLAND KS
MONTH: SEPTEMBER
YEAR: 2020
LATITUDE: 39 22 N
LONGITUDE: 101 42 W
[TEMPERATURE DATA] [PRECIPITATION DATA] SYMBOLS USED IN COLUMN 16
AVERAGE MONTHLY: 64.5 TOTAL FOR MONTH: 0.66 1 = FOG OR MIST
DPTR FM NORMAL: -0.1 DPTR FM NORMAL: -0.56 2 = FOG REDUCING VISIBILITY
HIGHEST: 100 ON 6 GRTST 24HR 0.52 ON 8- 9 TO 1/4 MILE OR LESS
LOWEST: 32 ON 9 3 = THUNDER
SNOW, ICE PELLETS, HAIL 4 = ICE PELLETS
TOTAL MONTH: 0.5 INCH 5 = HAIL
GRTST 24HR 0.5 ON 9- 9 6 = FREEZING RAIN OR DRIZZLE
GRTST DEPTH: T 7 = DUSTSTORM OR SANDSTORM:
VSBY 1/2 MILE OR LESS
8 = SMOKE OR HAZE
[NO. OF DAYS WITH] [WEATHER - DAYS WITH] 9 = BLOWING SNOW
X = TORNADO
MAX 32 OR BELOW: 0 0.01 INCH OR MORE: 3
MAX 90 OR ABOVE: 8 0.10 INCH OR MORE: 2
MIN 32 OR BELOW: 1 0.50 INCH OR MORE: 0
MIN 0 OR BELOW: 0 1.00 INCH OR MORE: 0
[HDD (BASE 65) ]
TOTAL THIS MO. 122 CLEAR (SCALE 0-3) 25
DPTR FM NORMAL 10 PTCLDY (SCALE 4-7) 2
TOTAL FM JUL 1 124 CLOUDY (SCALE 8-10) 3
DPTR FM NORMAL 0
[CDD (BASE 65) ]
TOTAL THIS MO. 115
DPTR FM NORMAL 15 [PRESSURE DATA]
TOTAL FM JAN 1 1176 HIGHEST SLP M ON M
DPTR FM NORMAL 243 LOWEST SLP 29.56 ON 26
[REMARKS]
#FINAL-09-20#