000
CXUS53 KGLD 012312
CF6GLD
PRELIMINARY LOCAL CLIMATOLOGICAL DATA (WS FORM: F-6)
STATION: GOODLAND KS
MONTH: AUGUST
YEAR: 2020
LATITUDE: 39 22 N
LONGITUDE: 101 42 W
TEMPERATURE IN F: :PCPN: SNOW: WIND :SUNSHINE: SKY :PK WND
================================================================================
1 2 3 4 5 6A 6B 7 8 9 10 11 12 13 14 15 16 17 18
12Z AVG MX 2MIN
DY MAX MIN AVG DEP HDD CDD WTR SNW DPTH SPD SPD DIR MIN PSBL S-S WX SPD DR
================================================================================
1 89 55 72 -4 0 7 0.00 0.0 0 6.1 18 30 M M 0 26 30
2 80 58 69 -6 0 4 0.04 0.0 0 7.2 15 100 M M 4 13 20 90
3 78 57 68 -7 0 3 0.63 0.0 0 10.7 21 170 M M 4 13 27 110
4 79 59 69 -6 0 4 0.00 0.0 0 16.0 29 170 M M 3 38 170
5 91 57 74 -1 0 9 0.29 0.0 0 10.1 35 310 M M 1 13 49 310
6 85 61 73 -2 0 8 0.00 0.0 0 12.5 23 150 M M 1 31 150
7 94 64 79 4 0 14 0.00 0.0 0 10.0 17 130 M M 0 23 150
8 95 59 77 2 0 12 0.53 T 0 9.0 44 260 M M 1 35 60 260
9 97 59 78 3 0 13 0.00 0.0 0 8.6 25 160 M M 0 3 37 110
10 84 63 74 -1 0 9 0.00 0.0 0 11.2 32 180 M M 0 3 45 180
11 91 61 76 1 0 11 0.49 T 0 14.7 40 340 M M 1 35 54 340
12 86 62 74 -1 0 9 0.00 0.0 0 10.5 23 130 M M 1 3 36 130
13 91 68 80 6 0 15 0.03 0.0 0 8.5 23 10 M M 1 13 38 10
14 88 66 77 3 0 12 0.00 0.0 0 10.2 20 10 M M 2 1 26 210
15 84 62 73 -1 0 8 0.00 0.0 0 9.6 18 170 M M 4 23 160
16 92 60 76 2 0 11 0.74 0.0 0 10.9 47 330 M M 1 13 62 330
17 87 57 72 -2 0 7 0.00 0.0 0 7.6 17 160 M M 0 24 150
18 93 60 77 3 0 12 0.00 0.0 0 14.3 22 160 M M 0 28 160
19 89 63 76 2 0 11 0.01 0.0 0 8.4 21 160 M M 1 26 180
20 89 58 74 1 0 9 0.00 0.0 0 8.9 17 150 M M 0 3 23 150
21 91 65 78 5 0 13 0.00 0.0 0 7.4 14 190 M M 1 3 19 180
22 93 61 77 4 0 12 0.00 0.0 0 8.5 14 150 M M 0 21 160
23 94 62 78 5 0 13 0.00 0.0 0 9.7 18 160 M M 0 24 160
24 97 64 81 8 0 16 0.00 0.0 0 15.2 26 160 M M 0 35 150
25 95 64 80 7 0 15 0.00 0.0 0 16.7 25 160 M M 0 33 160
26 97 64 81 9 0 16 0.05 0.0 0 13.2 21 180 M M 0 3 28 190
27 95 60 78 6 0 13 T 0.0 0 8.7 21 150 M M 0 26 150
28 90 61 76 4 0 11 0.00 0.0 0 13.7 26 20 M M 0 37 30
29 79 60 70 -2 0 5 0.00 0.0 0 8.8 21 160 M M 3 26 150
30 97 62 80 9 0 15 0.00 0.0 0 11.8 28 10 M M 2 1 41 10
31 78 48 63 -8 2 0 0.00 0.0 0 11.3 32 10 M M 0 45 20
================================================================================
SM 2768 1880 2 317 2.81 T 330.0 M 31
================================================================================
AV 89.3 60.6 10.6 FASTST M M 1 MAX(MPH)
MISC ----> 47 330 62 330
================================================================================
NOTES:
# LAST OF SEVERAL OCCURRENCES
COLUMN 17 PEAK WIND IN M.P.H.
PRELIMINARY LOCAL CLIMATOLOGICAL DATA (WS FORM: F-6) , PAGE 2
STATION: GOODLAND KS
MONTH: AUGUST
YEAR: 2020
LATITUDE: 39 22 N
LONGITUDE: 101 42 W
[TEMPERATURE DATA] [PRECIPITATION DATA] SYMBOLS USED IN COLUMN 16
AVERAGE MONTHLY: 75.0 TOTAL FOR MONTH: 2.81 1 = FOG OR MIST
DPTR FM NORMAL: 1.3 DPTR FM NORMAL: 0.11 2 = FOG REDUCING VISIBILITY
HIGHEST: 97 ON 30,26 GRTST 24HR 0.74 ON 16-16 TO 1/4 MILE OR LESS
LOWEST: 48 ON 31 3 = THUNDER
SNOW, ICE PELLETS, HAIL 4 = ICE PELLETS
TOTAL MONTH: T 5 = HAIL
GRTST 24HR T ON 8- 8 6 = FREEZING RAIN OR DRIZZLE
GRTST DEPTH: 0 7 = DUSTSTORM OR SANDSTORM:
VSBY 1/2 MILE OR LESS
8 = SMOKE OR HAZE
[NO. OF DAYS WITH] [WEATHER - DAYS WITH] 9 = BLOWING SNOW
X = TORNADO
MAX 32 OR BELOW: 0 0.01 INCH OR MORE: 9
MAX 90 OR ABOVE: 17 0.10 INCH OR MORE: 5
MIN 32 OR BELOW: 0 0.50 INCH OR MORE: 3
MIN 0 OR BELOW: 0 1.00 INCH OR MORE: 0
[HDD (BASE 65) ]
TOTAL THIS MO. 2 CLEAR (SCALE 0-3) 28
DPTR FM NORMAL -6 PTCLDY (SCALE 4-7) 3
TOTAL FM JUL 1 2 CLOUDY (SCALE 8-10) 0
DPTR FM NORMAL -7
[CDD (BASE 65) ]
TOTAL THIS MO. 317
DPTR FM NORMAL 38 [PRESSURE DATA]
TOTAL FM JAN 1 1061 HIGHEST SLP 30.26 ON 17
DPTR FM NORMAL 228 LOWEST SLP 29.52 ON 30
[REMARKS]
#FINAL-08-20#