000
CXUS53 KGLD 010836
CF6GLD
PRELIMINARY LOCAL CLIMATOLOGICAL DATA (WS FORM: F-6)
STATION: GOODLAND KS
MONTH: JUNE
YEAR: 2022
LATITUDE: 39 22 N
LONGITUDE: 101 42 W
TEMPERATURE IN F: :PCPN: SNOW: WIND :SUNSHINE: SKY :PK WND
================================================================================
1 2 3 4 5 6A 6B 7 8 9 10 11 12 13 14 15 16 17 18
12Z AVG MX 2MIN
DY MAX MIN AVG DEP HDD CDD WTR SNW DPTH SPD SPD DIR MIN PSBL S-S WX SPD DR
================================================================================
1 61 47 54 -12 11 0 T 0.0 0 8.6 22 10 M M 8 30 10
2 70 43 57 -9 8 0 0.00 0.0 0 8.5 17 170 M M 3 22 190
3 78 43 61 -6 4 0 0.00 0.0 0 15.4 31 160 M M 4 3 39 150
4 87 51 69 2 0 4 0.04 T 0 7.9 21 250 M M 1 35 32 240
5 84 60 72 4 0 7 0.00 0.0 0 11.0 33 20 M M 3 3 46 20
6 89 59 74 6 0 9 0.06 0.0 0 10.6 35 300 M M 4 12 47 300
7 85 56 71 3 0 6 0.79 T 0 12.0 33 190 M M 3 135 44 200
8 78 54 66 -3 0 1 0.07 0.0 0 8.9 18 350 M M 3 13 26 350
9 87 54 71 2 0 6 0.04 0.0 0 14.9 29 170 M M 2 3 35 180
10 87 58 73 4 0 8 0.00 0.0 0 8.0 18 180 M M 3 12 23 180
11 100 66 83 13 0 18 0.03 0.0 0 12.5 31 280 M M 0 3 43 280
12 97 67 82 12 0 17 0.25 0.0 0 11.8 29 160 M M 1 3 45 170
13 103 71 87 17 0 22 0.00 0.0 0 20.5 33 190 M M 0 47 220
14 87 59 73 3 0 8 0.00 0.0 0 14.3 29 330 M M 2 42 270
15 88 54 71 0 0 6 0.00 0.0 0 9.8 23 30 M M 1 31 30
16 97 58 78 7 0 13 0.00 0.0 0 8.2 23 80 M M 0 31 80
17 100 59 80 9 0 15 0.00 0.0 0 16.8 31 170 M M 0 43 180
18 98 68 83 11 0 18 0.00 0.0 0 23.8 37 180 M M 0 52 160
19 97 71 84 12 0 19 0.00 0.0 0 22.9 39 170 M M 2 54 170
20 98 66 82 10 0 17 0.00 0.0 0 18.4 33 190 M M 1 47 190
21 74 56 65 -7 0 0 0.02 0.0 0 7.1 21 30 M M 6 31 20
22 87 53 70 -3 0 5 0.00 0.0 0 10.1 25 170 M M 0 34 160
23 97 63 80 7 0 15 0.00 0.0 0 13.0 22 110 M M 0 13 32 130
24 95 65 80 7 0 15 T 0.0 0 11.4 28 290 M M 2 13 36 290
25 81 55 68 -5 0 3 T 0.0 0 14.3 31 10 M M 3 13 43 10
26 76 51 64 -10 1 0 0.00 0.0 0 7.1 16 120 M M 2 22 120
27 75 50 63 -11 2 0 0.00 0.0 0 15.0 26 190 M M 1 36 210
28 94 56 75 1 0 10 0.00 0.0 0 14.0 23 190 M M 0 32 190
29 100 65 83 9 0 18 0.00 0.0 0 18.1 26 170 M M 0 36 190
30 98 66 82 8 0 17 0.05 0.0 0 10.5 23 10 M M 1 32 10
================================================================================
SM 2648 1744 26 277 1.35 T 385.4 M 56
================================================================================
AV 88.3 58.1 12.8 FASTST M M 2 MAX(MPH)
MISC ----> 39 170 54 170
================================================================================
NOTES:
# LAST OF SEVERAL OCCURRENCES
COLUMN 17 PEAK WIND IN M.P.H.
PRELIMINARY LOCAL CLIMATOLOGICAL DATA (WS FORM: F-6) , PAGE 2
STATION: GOODLAND KS
MONTH: JUNE
YEAR: 2022
LATITUDE: 39 22 N
LONGITUDE: 101 42 W
[TEMPERATURE DATA] [PRECIPITATION DATA] SYMBOLS USED IN COLUMN 16
AVERAGE MONTHLY: 73.2 TOTAL FOR MONTH: 1.35 1 = FOG OR MIST
DPTR FM NORMAL: 2.5 DPTR FM NORMAL: -1.61 2 = FOG REDUCING VISIBILITY
HIGHEST: 103 ON 13 GRTST 24HR 0.86 ON 7- 8 TO 1/4 MILE OR LESS
LOWEST: 43 ON 3, 2 3 = THUNDER
SNOW, ICE PELLETS, HAIL 4 = ICE PELLETS
TOTAL MONTH: T 5 = HAIL
GRTST 24HR T ON 4- 4 6 = FREEZING RAIN OR DRIZZLE
GRTST DEPTH: 0 7 = DUSTSTORM OR SANDSTORM:
VSBY 1/2 MILE OR LESS
8 = SMOKE OR HAZE
[NO. OF DAYS WITH] [WEATHER - DAYS WITH] 9 = BLOWING SNOW
X = TORNADO
MAX 32 OR BELOW: 0 0.01 INCH OR MORE: 9
MAX 90 OR ABOVE: 13 0.10 INCH OR MORE: 2
MIN 32 OR BELOW: 0 0.50 INCH OR MORE: 1
MIN 0 OR BELOW: 0 1.00 INCH OR MORE: 0
[HDD (BASE 65) ]
TOTAL THIS MO. 26 CLEAR (SCALE 0-3) 26
DPTR FM NORMAL -4 PTCLDY (SCALE 4-7) 3
TOTAL FM JUL 1 5433 CLOUDY (SCALE 8-10) 1
DPTR FM NORMAL -357
[CDD (BASE 65) ]
TOTAL THIS MO. 277
DPTR FM NORMAL 77 [PRESSURE DATA]
TOTAL FM JAN 1 345 HIGHEST SLP M ON M
DPTR FM NORMAL 98 LOWEST SLP 29.30 ON 13
[REMARKS]
#FINAL-06-22#