190
CDUS43 KGLD 190808
CLIGLD

CLIMATE REPORT
NATIONAL WEATHER SERVICE GOODLAND
205 AM MDT THU APR 19 2018

...................................

...THE GOODLAND KS CLIMATE SUMMARY FOR APRIL 18 2018...

CLIMATE NORMAL PERIOD 1981 TO 2010
CLIMATE RECORD PERIOD 1895 TO 2018

WEATHER ITEM   OBSERVED TIME   RECORD YEAR NORMAL DEPARTURE LAST
                VALUE   (LST)  VALUE       VALUE  FROM      YEAR
                                                  NORMAL
..................................................................
TEMPERATURE (F)
 YESTERDAY
  MAXIMUM         60    318 PM  91    1987  64     -4       77
  MINIMUM         29   1130 PM  14    1944  35     -6       50
  AVERAGE         45                        50     -5       64

PRECIPITATION (IN)
  YESTERDAY        0.00          2.95 1942   0.05  -0.05     0.00
  MONTH TO DATE    0.44                      0.84  -0.40     0.32
  SINCE MAR 1      0.85                      1.91  -1.06     2.00
  SINCE JAN 1      2.14                      2.78  -0.64     2.93

SNOWFALL (IN)
  YESTERDAY        0.0                       0.1   -0.1      0.0
  MONTH TO DATE    3.8                       3.1    0.7      0.0
  SINCE MAR 1      4.7                       9.9   -5.2       T
  SINCE JUL 1     25.2                      33.9   -8.7      9.4
  SNOW DEPTH       0

DEGREE DAYS
 HEATING
  YESTERDAY       20                        15      5        1
  MONTH TO DATE  386                       321     65      210
  SINCE MAR 1   1081                      1079      2      805
  SINCE JUL 1   5326                      5496   -170     4690

 COOLING
  YESTERDAY        0                         0      0        0
  MONTH TO DATE    0                         0      0        7
  SINCE MAR 1      0                         0      0        7
  SINCE JAN 1      0                         0      0        7
..................................................................

WIND (MPH)
  HIGHEST WIND SPEED    38   HIGHEST WIND DIRECTION    NW (320)
  HIGHEST GUST SPEED    50   HIGHEST GUST DIRECTION     N (350)
  AVERAGE WIND SPEED    19.3


SKY COVER
  AVERAGE SKY COVER 0.1


WEATHER CONDITIONS
 THE FOLLOWING WEATHER WAS RECORDED YESTERDAY.
  NO SIGNIFICANT WEATHER WAS OBSERVED.


RELATIVE HUMIDITY (PERCENT)
 HIGHEST    75
 LOWEST     19
 AVERAGE    47

..........................................................


THE GOODLAND KS CLIMATE NORMALS FOR TODAY
                         NORMAL    RECORD    YEAR
 MAXIMUM TEMPERATURE (F)   65        87      2001
                                             1987
                                             1961
 MINIMUM TEMPERATURE (F)   36        18      1953


SUNRISE AND SUNSET
APRIL 19 2018.........SUNRISE   604 AM MDT   SUNSET   728 PM MDT
APRIL 20 2018.........SUNRISE   603 AM MDT   SUNSET   729 PM MDT


-  INDICATES NEGATIVE NUMBERS.
R  INDICATES RECORD WAS SET OR TIED.
MM INDICATES DATA IS MISSING.
T  INDICATES TRACE AMOUNT.

&&

THE AVERAGE SOIL TEMPERATURE AT THE FOUR INCH DEPTH... 46

$$
