000
CDUS43 KGLD 150739
CLIGLD

CLIMATE REPORT
NATIONAL WEATHER SERVICE GOODLAND
136 AM MDT TUE MAY 15 2018

...................................

...THE GOODLAND KS CLIMATE SUMMARY FOR MAY 14 2018...

CLIMATE NORMAL PERIOD 1981 TO 2010
CLIMATE RECORD PERIOD 1895 TO 2018

WEATHER ITEM   OBSERVED TIME   RECORD YEAR NORMAL DEPARTURE LAST
                VALUE   (LST)  VALUE       VALUE  FROM      YEAR
                                                  NORMAL
..................................................................
TEMPERATURE (F)
 YESTERDAY
  MAXIMUM         73    350 PM  95    1915  72      1       83
  MINIMUM         50   1005 PM  27    2004  45      5       53
                                      1953
  AVERAGE         62                        59      3       68

PRECIPITATION (IN)
  YESTERDAY        0.07          1.27 1928   0.09  -0.02     0.00
  MONTH TO DATE    0.19                      1.13  -0.94     2.79
  SINCE MAR 1      2.08                      3.79  -1.71     6.59
  SINCE JAN 1      3.37                      4.66  -1.29     7.52

SNOWFALL (IN)
  YESTERDAY        0.0                       0.0    0.0      0.0
  MONTH TO DATE    0.0                       0.4   -0.4       T
  SINCE MAR 1      4.8                      11.4   -6.6      4.8
  SINCE JUL 1     25.3                      35.4  -10.1     14.2
  SNOW DEPTH       0

DEGREE DAYS
 HEATING
  YESTERDAY        3                         7     -4        0
  MONTH TO DATE   67                       127    -60       98
  SINCE MAR 1   1328                      1365    -37     1109
  SINCE JUL 1   5573                      5782   -209     4994

 COOLING
  YESTERDAY        0                         1     -1        3
  MONTH TO DATE    8                        12     -4       15
  SINCE MAR 1     13                        16     -3       22
  SINCE JAN 1     13                        16     -3       22
..................................................................

WIND (MPH)
  HIGHEST WIND SPEED    24   HIGHEST WIND DIRECTION     N (350)
  HIGHEST GUST SPEED    31   HIGHEST GUST DIRECTION     N (350)
  AVERAGE WIND SPEED    11.3


SKY COVER
  AVERAGE SKY COVER 0.8


WEATHER CONDITIONS
 THE FOLLOWING WEATHER WAS RECORDED YESTERDAY.
  THUNDERSTORM
  RAIN
  LIGHT RAIN
  FOG


RELATIVE HUMIDITY (PERCENT)
 HIGHEST   100
 LOWEST     49
 AVERAGE    75

..........................................................


THE GOODLAND KS CLIMATE NORMALS FOR TODAY
                         NORMAL    RECORD    YEAR
 MAXIMUM TEMPERATURE (F)   73        94      1936
 MINIMUM TEMPERATURE (F)   46        24      1907


SUNRISE AND SUNSET
MAY 15 2018...........SUNRISE   533 AM MDT   SUNSET   754 PM MDT
MAY 16 2018...........SUNRISE   532 AM MDT   SUNSET   755 PM MDT


-  INDICATES NEGATIVE NUMBERS.
R  INDICATES RECORD WAS SET OR TIED.
MM INDICATES DATA IS MISSING.
T  INDICATES TRACE AMOUNT.

&&

THE AVERAGE SOIL TEMPERATURE AT THE FOUR INCH DEPTH... 60

$$
