000
CDUS43 KGLD 090057
CLIGLD

CLIMATE REPORT
NATIONAL WEATHER SERVICE GOODLAND
655 PM MDT SUN APR 8 2018

...................................

...THE GOODLAND KS CLIMATE SUMMARY FOR APRIL 8 2018...
VALID TODAY AS OF 0600 PM LOCAL TIME.

CLIMATE NORMAL PERIOD 1981 TO 2010
CLIMATE RECORD PERIOD 1895 TO 2018

WEATHER ITEM   OBSERVED TIME   RECORD YEAR NORMAL DEPARTURE LAST
                VALUE   (LST)  VALUE       VALUE  FROM      YEAR
                                                  NORMAL
..................................................................
TEMPERATURE (F)
 TODAY
  MAXIMUM         67    343 PM  82    2011  61      6       78
                                      1930
  MINIMUM         35    143 AM  12    1973  32      3       50
                                      1957
                                      1914
  AVERAGE         51                        47      4       64

PRECIPITATION (IN)
  TODAY            0.14          0.74 1943   0.04   0.10     0.00
  MONTH TO DATE    0.22                      0.34  -0.12     0.32
  SINCE MAR 1      0.63                      1.41  -0.78     2.00
  SINCE JAN 1      1.92                      2.28  -0.36     2.93

SNOWFALL (IN)
  TODAY            0.0                       0.2   -0.2      0.0
  MONTH TO DATE    0.6                       1.7   -1.1      0.0
  SINCE MAR 1      1.5                       8.5   -7.0       T
  SINCE JUL 1     22.0                      32.5  -10.5      9.4
  SNOW DEPTH       0

DEGREE DAYS
 HEATING
  TODAY           14                        18     -4        1
  MONTH TO DATE  207                       154     53      126
  SINCE MAR 1    902                       912    -10      721
  SINCE JUL 1   5147                      5329   -182     4606

 COOLING
  TODAY            0                         0      0        0
  MONTH TO DATE    0                         0      0        0
  SINCE MAR 1      0                         0      0        0
  SINCE JAN 1      0                         0      0        0
..................................................................

WIND (MPH)
  HIGHEST WIND SPEED    40   HIGHEST WIND DIRECTION     S (180)
  HIGHEST GUST SPEED    52   HIGHEST GUST DIRECTION     S (190)
  AVERAGE WIND SPEED    19.2


SKY COVER
  AVERAGE SKY COVER 0.5


WEATHER CONDITIONS
 THE FOLLOWING WEATHER WAS RECORDED TODAY.
  RAIN
  LIGHT RAIN
  FOG


RELATIVE HUMIDITY (PERCENT)
 HIGHEST    92           700 AM
 LOWEST     22           400 PM
 AVERAGE    57

..........................................................


THE GOODLAND KS CLIMATE NORMALS FOR TOMORROW
                         NORMAL    RECORD    YEAR
 MAXIMUM TEMPERATURE (F)   62        90      1930
 MINIMUM TEMPERATURE (F)   32         8      1989


SUNRISE AND SUNSET
APRIL  8 2018.........SUNRISE   620 AM MDT   SUNSET   718 PM MDT
APRIL  9 2018.........SUNRISE   619 AM MDT   SUNSET   719 PM MDT


-  INDICATES NEGATIVE NUMBERS.
R  INDICATES RECORD WAS SET OR TIED.
MM INDICATES DATA IS MISSING.
T  INDICATES TRACE AMOUNT.

&&

THE AVERAGE SOIL TEMPERATURE AT THE FOUR INCH DEPTH... 40

$$
