954
CDUS43 KGLD 120822
CLIGLD

CLIMATE REPORT
NATIONAL WEATHER SERVICE GOODLAND
214 AM MDT SAT MAY 12 2018

...................................

...THE GOODLAND KS CLIMATE SUMMARY FOR MAY 11 2018...

CLIMATE NORMAL PERIOD 1981 TO 2010
CLIMATE RECORD PERIOD 1895 TO 2018

WEATHER ITEM   OBSERVED TIME   RECORD YEAR NORMAL DEPARTURE LAST
                VALUE   (LST)  VALUE       VALUE  FROM      YEAR
                                                  NORMAL
..................................................................
TEMPERATURE (F)
 YESTERDAY
  MAXIMUM         67   1200 AM  99    1962  71     -4       63
  MINIMUM         52    714 AM  26    1918  44      8       44
  AVERAGE         60                        58      2       54

PRECIPITATION (IN)
  YESTERDAY        0.00          0.90 2017   0.09  -0.09     0.90
  MONTH TO DATE    0.11                      0.86  -0.75     2.79
  SINCE MAR 1      2.00                      3.52  -1.52     6.59
  SINCE JAN 1      3.29                      4.39  -1.10     7.52

SNOWFALL (IN)
  YESTERDAY        0.0                       0.1   -0.1      0.0
  MONTH TO DATE    0.0                       0.4   -0.4       T
  SINCE MAR 1      4.8                      11.4   -6.6      4.8
  SINCE JUL 1     25.3                      35.4  -10.1     14.2
  SNOW DEPTH       0

DEGREE DAYS
 HEATING
  YESTERDAY        5                         8     -3       11
  MONTH TO DATE   47                       105    -58       86
  SINCE MAR 1   1308                      1343    -35     1097
  SINCE JUL 1   5553                      5760   -207     4982

 COOLING
  YESTERDAY        0                         1     -1        0
  MONTH TO DATE    8                         9     -1       12
  SINCE MAR 1     13                        13      0       19
  SINCE JAN 1     13                        13      0       19
..................................................................

WIND (MPH)
  HIGHEST WIND SPEED    21   HIGHEST WIND DIRECTION     N (360)
  HIGHEST GUST SPEED    28   HIGHEST GUST DIRECTION     N (360)
  AVERAGE WIND SPEED    12.9


SKY COVER
  AVERAGE SKY COVER 0.7


WEATHER CONDITIONS
 THE FOLLOWING WEATHER WAS RECORDED YESTERDAY.
  FOG


RELATIVE HUMIDITY (PERCENT)
 HIGHEST   100
 LOWEST     61
 AVERAGE    81

..........................................................


THE GOODLAND KS CLIMATE NORMALS FOR TODAY
                         NORMAL    RECORD    YEAR
 MAXIMUM TEMPERATURE (F)   72        99      1962
 MINIMUM TEMPERATURE (F)   45        27      1953


SUNRISE AND SUNSET
MAY 12 2018...........SUNRISE   536 AM MDT   SUNSET   751 PM MDT
MAY 13 2018...........SUNRISE   535 AM MDT   SUNSET   752 PM MDT


-  INDICATES NEGATIVE NUMBERS.
R  INDICATES RECORD WAS SET OR TIED.
MM INDICATES DATA IS MISSING.
T  INDICATES TRACE AMOUNT.

&&

THE AVERAGE SOIL TEMPERATURE AT THE FOUR INCH DEPTH... 65

$$
