000
CDUS43 KGLD 100740
CLIGLD

CLIMATE REPORT
NATIONAL WEATHER SERVICE GOODLAND
138 AM MDT TUE APR 10 2018

...................................

...THE GOODLAND KS CLIMATE SUMMARY FOR APRIL 9 2018...

CLIMATE NORMAL PERIOD 1981 TO 2010
CLIMATE RECORD PERIOD 1895 TO 2018

WEATHER ITEM   OBSERVED TIME   RECORD YEAR NORMAL DEPARTURE LAST
                VALUE   (LST)  VALUE       VALUE  FROM      YEAR
                                                  NORMAL
..................................................................
TEMPERATURE (F)
 YESTERDAY
  MAXIMUM         58    319 PM  90    1930  62     -4       72
  MINIMUM         33    211 AM   8    1989  32      1       35
  AVERAGE         46                        47     -1       54

PRECIPITATION (IN)
  YESTERDAY        T             1.61 1994   0.05  -0.05      T
  MONTH TO DATE    0.22                      0.39  -0.17     0.32
  SINCE MAR 1      0.63                      1.46  -0.83     2.00
  SINCE JAN 1      1.92                      2.33  -0.41     2.93

SNOWFALL (IN)
  YESTERDAY        0.0                       0.2   -0.2      0.0
  MONTH TO DATE    0.6                       1.9   -1.3      0.0
  SINCE MAR 1      1.5                       8.7   -7.2       T
  SINCE JUL 1     22.0                      32.7  -10.7      9.4
  SNOW DEPTH       0

DEGREE DAYS
 HEATING
  YESTERDAY       19                        18      1       11
  MONTH TO DATE  226                       172     54      137
  SINCE MAR 1    921                       930     -9      732
  SINCE JUL 1   5166                      5347   -181     4617

 COOLING
  YESTERDAY        0                         0      0        0
  MONTH TO DATE    0                         0      0        0
  SINCE MAR 1      0                         0      0        0
  SINCE JAN 1      0                         0      0        0
..................................................................

WIND (MPH)
  HIGHEST WIND SPEED    24   HIGHEST WIND DIRECTION     N (360)
  HIGHEST GUST SPEED    32   HIGHEST GUST DIRECTION     N (20)
  AVERAGE WIND SPEED    11.0


SKY COVER
  AVERAGE SKY COVER 0.4


WEATHER CONDITIONS
 THE FOLLOWING WEATHER WAS RECORDED YESTERDAY.
  LIGHT RAIN


RELATIVE HUMIDITY (PERCENT)
 HIGHEST    92
 LOWEST     32
 AVERAGE    62

..........................................................


THE GOODLAND KS CLIMATE NORMALS FOR TODAY
                         NORMAL    RECORD    YEAR
 MAXIMUM TEMPERATURE (F)   62        90      1907
 MINIMUM TEMPERATURE (F)   33         4      1989


SUNRISE AND SUNSET
APRIL 10 2018.........SUNRISE   617 AM MDT   SUNSET   720 PM MDT
APRIL 11 2018.........SUNRISE   616 AM MDT   SUNSET   721 PM MDT


-  INDICATES NEGATIVE NUMBERS.
R  INDICATES RECORD WAS SET OR TIED.
MM INDICATES DATA IS MISSING.
T  INDICATES TRACE AMOUNT.

&&

THE AVERAGE SOIL TEMPERATURE AT THE FOUR INCH DEPTH... 45

$$
