000
CDUS43 KGLD 020041
CLIGLD

CLIMATE REPORT
NATIONAL WEATHER SERVICE GOODLAND
639 PM MDT SUN APR 1 2018

...................................

...THE GOODLAND KS CLIMATE SUMMARY FOR APRIL 1 2018...
VALID TODAY AS OF 0600 PM LOCAL TIME.

CLIMATE NORMAL PERIOD 1981 TO 2010
CLIMATE RECORD PERIOD 1895 TO 2018

WEATHER ITEM   OBSERVED TIME   RECORD YEAR NORMAL DEPARTURE LAST
                VALUE   (LST)  VALUE       VALUE  FROM      YEAR
                                                  NORMAL
..................................................................
TEMPERATURE (F)
 TODAY
  MAXIMUM         41    336 PM  89    2012  59    -18       41
  MINIMUM         23    643 AM  10    1949  30     -7       38
  AVERAGE         32                        45    -13       40

PRECIPITATION (IN)
  TODAY            0.00          0.61 1988   0.04  -0.04     0.32
  MONTH TO DATE    0.00                      0.04  -0.04     0.32
  SINCE MAR 1      0.41                      1.11  -0.70     2.00
  SINCE JAN 1      1.70                      1.98  -0.28     2.93

SNOWFALL (IN)
  TODAY            0.0                       0.2   -0.2     MM
  MONTH TO DATE    0.0                       0.2   -0.2     MM
  SINCE MAR 1      0.9                       7.0   -6.1       T
  SINCE JUL 1     21.4                      31.0   -9.6      9.4
  SNOW DEPTH       0

DEGREE DAYS
 HEATING
  TODAY           33                        20     13       25
  MONTH TO DATE   33                        20     13       25
  SINCE MAR 1    728                       778    -50      620
  SINCE JUL 1   4973                      5195   -222     4505

 COOLING
  TODAY            0                         0      0        0
  MONTH TO DATE    0                         0      0        0
  SINCE MAR 1      0                         0      0        0
  SINCE JAN 1      0                         0      0        0
..................................................................

WIND (MPH)
  HIGHEST WIND SPEED    18   HIGHEST WIND DIRECTION     S (160)
  HIGHEST GUST SPEED    26   HIGHEST GUST DIRECTION    SE (150)
  AVERAGE WIND SPEED     9.5


SKY COVER
  AVERAGE SKY COVER 0.6


WEATHER CONDITIONS
 THE FOLLOWING WEATHER WAS RECORDED TODAY.
  NO SIGNIFICANT WEATHER WAS OBSERVED.


RELATIVE HUMIDITY (PERCENT)
 HIGHEST    68          1200 AM
 LOWEST     38           300 PM
 AVERAGE    53

..........................................................


THE GOODLAND KS CLIMATE NORMALS FOR TOMORROW
                         NORMAL    RECORD    YEAR
 MAXIMUM TEMPERATURE (F)   60        86      2011
                                             1996
 MINIMUM TEMPERATURE (F)   31         0      1936


SUNRISE AND SUNSET
APRIL  1 2018.........SUNRISE   631 AM MDT   SUNSET   711 PM MDT
APRIL  2 2018.........SUNRISE   630 AM MDT   SUNSET   712 PM MDT


-  INDICATES NEGATIVE NUMBERS.
R  INDICATES RECORD WAS SET OR TIED.
MM INDICATES DATA IS MISSING.
T  INDICATES TRACE AMOUNT.

&&

THE AVERAGE SOIL TEMPERATURE AT THE FOUR INCH DEPTH... 43

$$
