145
CXUS53 KGLD 031531
CLMGLD

CLIMATE REPORT
NATIONAL WEATHER SERVICE GOODLAND
928 AM MDT THU MAY 3 2018

...................................

...THE GOODLAND KS CLIMATE SUMMARY FOR THE MONTH OF APRIL 2018...

CLIMATE NORMAL PERIOD 1981 TO 2010
CLIMATE RECORD PERIOD 1895 TO 2018

WEATHER         OBSERVED          NORMAL  DEPART  LAST YEAR`S
                 VALUE   DATE(S)  VALUE   FROM    VALUE  DATE(S)
                                          NORMAL
................................................................
TEMPERATURE (F)
RECORD
 HIGH              96   04/30/1992
                        04/22/1989
 LOW                0   04/02/1936
HIGHEST            86   04/29        86       0       88  04/14
LOWEST             12   04/06        21      -9       27  04/11
AVG. MAXIMUM     62.3              63.6    -1.3     64.3
AVG. MINIMUM     29.8              34.7    -4.9     37.8
MEAN             46.0              49.2    -3.2     51.1
DAYS MAX >= 90      0               0.2    -0.2        0
DAYS MAX <= 32      0               0.4    -0.4        0
DAYS MIN <= 32     18              11.2     6.8        8
DAYS MIN <= 0       0               0.0     0.0        0

PRECIPITATION (INCHES)
RECORD
 MAXIMUM         5.69   1944
 MINIMUM            T   1963
TOTALS           1.48              1.59   -0.11     2.12
DAILY AVG.       0.05              0.05    0.00     0.07
DAYS >= .01         7               7.7    -0.7        8
DAYS >= .10         5               3.9     1.1        6
DAYS >= .50         1               0.9     0.1        1
DAYS >= 1.00        0               0.2    -0.2        0
GREATEST
 24 HR. TOTAL    0.61   04/24 TO 04/24              0.57

SNOWFALL (INCHES)
RECORDS
 TOTAL           22.0   1984
TOTALS            3.9               4.2    -0.3      4.8
SINCE 7/1        25.3              35.0    -9.7     14.2
SNOWDEPTH AVG.      0                                  0
DAYS >= 1.0         2               1.2     0.8        2
GREATEST
 SNOW DEPTH         3   04/14                          1  04/30
 24 HR TOTAL      1.7   04/13 TO 04/13

DEGREE_DAYS
HEATING TOTAL     566               480      86      416
 SINCE 7/1       5506              5655    -149     4896
COOLING TOTAL       5                 4       1        7
 SINCE 1/1          5                 4       1        7
.................................................................

WIND (MPH)
AVERAGE WIND SPEED              15.5
HIGHEST WIND SPEED/DIRECTION    58/320    DATE  04/17
HIGHEST GUST SPEED/DIRECTION    77/310    DATE  04/17

SKY COVER
AVERAGE SKY COVER           0.30

AVERAGE RH (PERCENT)     57


-  INDICATES NEGATIVE NUMBERS.
R  INDICATES RECORD WAS SET OR TIED.
MM INDICATES DATA IS MISSING.
T  INDICATES TRACE AMOUNT.

$$
